slide1.jpg\";}}s:29:\"dark-fullsite-block-6-callout\";a:1:{i:0;a:2:{s:5:\"title\";s:7:\"Slide 1\";s:3:\"img\";s:40:\"dark-fullsite-block-6-callout/slide1.jpg\";}}s:28:\"dark-fullsite-block-7-footer\";a:1:{i:0;a:2:{s:5:\"title\";s:7:\"Slide 1\";s:3:\"img\";s:39:\"dark-fullsite-block-7-footer/slide1.jpg\";}}s:19:\"fullsite-block-menu\";a:1:{i:0;a:2:{s:5:\"title\";s:7:\"Slide 1\";s:3:\"img\";s:30:\"fullsite-block-menu/slide1.jpg\";}}s:15:\"fullsite-block1\";a:1:{i:0;a:2:{s:5:\"title\";s:7:\"Slide 1\";s:3:\"img\";s:26:\"fullsite-block1/slide1.jpg\";}}s:22:\"fullsite-block-2-about\";a:2:{i:0;a:2:{s:5:\"title\";s:7:\"Slide 1\";s:3:\"img\";s:33:\"fullsite-block-2-about/slide1.jpg\";}i:1;a:2:{s:5:\"title\";s:7:\"Slide 2\";s:3:\"img\";s:33:\"fullsite-block-2-about/slide2.jpg\";}}s:25:\"fullsite-block-3-services\";a:2:{i:0;a:2:{s:5:\"title\";s:7:\"Slide 1\";s:3:\"img\";s:36:\"fullsite-block-3-services/slide1.jpg\";}i:1;a:2:{s:5:\"title\";s:7:\"Slide 2\";s:3:\"img\";s:36:\"fullsite-block-3-services/slide2.jpg\";}}s:25:\"fullsite-block-4-products\";a:5:{i:0;a:2:{s:5:\"title\";s:7:\"Slide 1\";s:3:\"img\";s:36:\"fullsite-block-4-products/slide1.jpg\";}i:1;a:2:{s:5:\"title\";s:7:\"Slide 2\";s:3:\"img\";s:36:\"fullsite-block-4-products/slide2.jpg\";}i:2;a:2:{s:5:\"title\";s:7:\"Slide 3\";s:3:\"img\";s:36:\"fullsite-block-4-products/slide3.jpg\";}i:3;a:2:{s:5:\"title\";s:7:\"Slide 4\";s:3:\"img\";s:36:\"fullsite-block-4-products/slide4.jpg\";}i:4;a:2:{s:5:\"title\";s:7:\"Slide 5\";s:3:\"img\";s:36:\"fullsite-block-4-products/slide5.jpg\";}}s:29:\"fullsite-block-5-testimonials\";a:1:{i:0;a:2:{s:5:\"title\";s:7:\"Slide 1\";s:3:\"img\";s:40:\"fullsite-block-5-testimonials/slide1.jpg\";}}s:24:\"fullsite-block-6-callout\";a:1:{i:0;a:2:{s:5:\"title\";s:7:\"Slide 1\";s:3:\"img\";s:35:\"fullsite-block-6-callout/slide1.jpg\";}}s:23:\"fullsite-block-7-footer\";a:1:{i:0;a:2:{s:5:\"title\";s:7:\"Slide 1\";s:3:\"img\";s:34:\"fullsite-block-7-footer/slide1.jpg\";}}s:11:\"techjournal\";a:3:{i:0;a:2:{s:5:\"title\";s:7:\"Slide 1\";s:3:\"img\";s:22:\"techjournal/slide1.jpg\";}i:1;a:2:{s:5:\"title\";s:7:\"Slide 2\";s:3:\"img\";s:22:\"techjournal/slide2.jpg\";}i:2;a:2:{s:5:\"title\";s:7:\"Slide 3\";s:3:\"img\";s:22:\"techjournal/slide3.jpg\";}}s:13:\"cardealership\";a:4:{i:0;a:2:{s:5:\"title\";s:7:\"Slide 1\";s:3:\"img\";s:24:\"cardealership/slide1.jpg\";}i:1;a:2:{s:5:\"title\";s:7:\"Slide 2\";s:3:\"img\";s:24:\"cardealership/slide2.jpg\";}i:2;a:2:{s:5:\"title\";s:7:\"Slide 3\";s:3:\"img\";s:24:\"cardealership/slide3.jpg\";}i:3;a:2:{s:5:\"title\";s:7:\"Slide 4\";s:3:\"img\";s:24:\"cardealership/slide4.jpg\";}}s:14:\"fullscreenmenu\";a:5:{i:0;a:2:{s:5:\"title\";s:7:\"Slide 1\";s:3:\"img\";s:25:\"fullscreenmenu/slide1.jpg\";}i:1;a:2:{s:5:\"title\";s:7:\"Slide 2\";s:3:\"img\";s:25:\"fullscreenmenu/slide2.jpg\";}i:2;a:2:{s:5:\"title\";s:7:\"Slide 3\";s:3:\"img\";s:25:\"fullscreenmenu/slide3.jpg\";}i:3;a:2:{s:5:\"title\";s:7:\"Slide 4\";s:3:\"img\";s:25:\"fullscreenmenu/slide4.jpg\";}i:4;a:2:{s:5:\"title\";s:7:\"Slide 5\";s:3:\"img\";s:25:\"fullscreenmenu/slide5.jpg\";}}s:17:\"creativefrontpage\";a:8:{i:0;a:2:{s:5:\"title\";s:7:\"Slide 1\";s:3:\"img\";s:28:\"creativefrontpage/slide1.jpg\";}i:1;a:2:{s:5:\"title\";s:7:\"Slide 2\";s:3:\"img\";s:28:\"creativefrontpage/slide2.jpg\";}i:2;a:2:{s:5:\"title\";s:7:\"Slide 3\";s:3:\"img\";s:28:\"creativefrontpage/slide3.jpg\";}i:3;a:2:{s:5:\"title\";s:7:\"Slide 4\";s:3:\"img\";s:28:\"creativefrontpage/slide4.jpg\";}i:4;a:2:{s:5:\"title\";s:7:\"Slide 5\";s:3:\"img\";s:28:\"creativefrontpage/slide5.jpg\";}i:5;a:2:{s:5:\"title\";s:7:\"Slide 6\";s:3:\"img\";s:28:\"creativefrontpage/slide6.jpg\";}i:6;a:2:{s:5:\"title\";s:7:\"Slide 7\";s:3:\"img\";s:28:\"creativefrontpage/slide7.jpg\";}i:7;a:2:{s:5:\"title\";s:7:\"Slide 8\";s:3:\"img\";s:28:\"creativefrontpage/slide8.jpg\";}}s:19:\"websitebuilder-menu\";a:1:{i:0;a:2:{s:5:\"title\";s:7:\"Slide 1\";s:3:\"img\";s:30:\"websitebuilder-menu/slide1.jpg\";}}s:19:\"websitebuilder-hero\";a:1:{i:0;a:2:{s:5:\"title\";s:7:\"Slide 1\";s:3:\"img\";s:30:\"websitebuilder-hero/slide1.jpg\";}}s:22:\"websitebuilder-clients\";a:1:{i:0;a:2:{s:5:\"title\";s:7:\"Slide 1\";s:3:\"img\";s:33:\"websitebuilder-clients/slide1.jpg\";}}s:23:\"websitebuilder-services\";a:1:{i:0;a:2:{s:5:\"title\";s:7:\"Slide 1\";s:3:\"img\";s:34:\"websitebuilder-services/slide1.jpg\";}}s:23:\"websitebuilder-discover\";a:5:{i:0;a:2:{s:5:\"title\";s:7:\"Slide 1\";s:3:\"img\";s:34:\"websitebuilder-discover/slide1.jpg\";}i:1;a:2:{s:5:\"title\";s:7:\"Slide 2\";s:3:\"img\";s:34:\"websitebuilder-discover/slide2.jpg\";}i:2;a:2:{s:5:\"title\";s:7:\"Slide 3\";s:3:\"img\";s:34:\"websitebuilder-discover/slide3.jpg\";}i:3;a:2:{s:5:\"title\";s:7:\"Slide 4\";s:3:\"img\";s:34:\"websitebuilder-discover/slide4.jpg\";}i:4;a:2:{s:5:\"title\";s:7:\"Slide 5\";s:3:\"img\";s:34:\"websitebuilder-discover/slide5.jpg\";}}s:21:\"websitebuilder-slider\";a:2:{i:0;a:2:{s:5:\"title\";s:7:\"Slide 1\";s:3:\"img\";s:32:\"websitebuilder-slider/slide1.jpg\";}i:1;a:2:{s:5:\"title\";s:7:\"Slide 2\";s:3:\"img\";s:32:\"websitebuilder-slider/slide2.jpg\";}}s:27:\"websitebuilder-calltoaction\";a:1:{i:0;a:2:{s:5:\"title\";s:7:\"Slide 1\";s:3:\"img\";s:38:\"websitebuilder-calltoaction/slide1.jpg\";}}s:21:\"websitebuilder-footer\";a:1:{i:0;a:2:{s:5:\"title\";s:7:\"Slide 1\";s:3:\"img\";s:32:\"websitebuilder-footer/slide1.jpg\";}}s:13:\"focusparallax\";a:3:{i:0;a:2:{s:5:\"title\";s:7:\"Slide 1\";s:3:\"img\";s:24:\"focusparallax/slide1.jpg\";}i:1;a:2:{s:5:\"title\";s:7:\"Slide 2\";s:3:\"img\";s:24:\"focusparallax/slide2.jpg\";}i:2;a:2:{s:5:\"title\";s:7:\"Slide 3\";s:3:\"img\";s:24:\"focusparallax/slide3.jpg\";}}s:7:\"duotone\";a:6:{i:0;a:2:{s:5:\"title\";s:7:\"Slide 1\";s:3:\"img\";s:18:\"duotone/slide1.jpg\";}i:1;a:2:{s:5:\"title\";s:7:\"Slide 2\";s:3:\"img\";s:18:\"duotone/slide2.jpg\";}i:2;a:2:{s:5:\"title\";s:7:\"Slide 3\";s:3:\"img\";s:18:\"duotone/slide3.jpg\";}i:3;a:2:{s:5:\"title\";s:7:\"Slide 4\";s:3:\"img\";s:18:\"duotone/slide4.jpg\";}i:4;a:2:{s:5:\"title\";s:7:\"Slide 5\";s:3:\"img\";s:18:\"duotone/slide5.jpg\";}i:5;a:2:{s:5:\"title\";s:7:\"Slide 6\";s:3:\"img\";s:18:\"duotone/slide6.jpg\";}}s:6:\"r_menu\";a:1:{i:0;a:2:{s:5:\"title\";s:7:\"Slide 1\";s:3:\"img\";s:17:\"r_menu/slide1.jpg\";}}s:5:\"rhero\";a:1:{i:0;a:2:{s:5:\"title\";s:7:\"Slide 1\";s:3:\"img\";s:17:\"r_hero/slide1.jpg\";}}s:7:\"r_about\";a:1:{i:0;a:2:{s:5:\"title\";s:7:\"Slide 1\";s:3:\"img\";s:18:\"r_about/slide1.jpg\";}}s:10:\"r_products\";a:3:{i:0;a:2:{s:5:\"title\";s:7:\"Slide 1\";s:3:\"img\";s:21:\"r_products/slide1.jpg\";}i:1;a:2:{s:5:\"title\";s:7:\"Slide 2\";s:3:\"img\";s:21:\"r_products/slide2.jpg\";}i:2;a:2:{s:5:\"title\";s:7:\"Slide 3\";s:3:\"img\";s:21:\"r_products/slide3.jpg\";}}s:6:\"r_info\";a:1:{i:0;a:2:{s:5:\"title\";s:7:\"Slide 1\";s:3:\"img\";s:17:\"r_info/slide1.jpg\";}}s:17:\"inspirationheader\";a:1:{i:0;a:2:{s:5:\"title\";s:7:\"Slide 1\";s:3:\"img\";s:28:\"inspirationheader/slide1.jpg\";}}s:13:\"magazineposts\";a:4:{i:0;a:2:{s:5:\"title\";s:7:\"Slide 1\";s:3:\"img\";s:24:\"magazineposts/slide1.jpg\";}i:1;a:2:{s:5:\"title\";s:7:\"Slide 2\";s:3:\"img\";s:24:\"magazineposts/slide2.jpg\";}i:2;a:2:{s:5:\"title\";s:7:\"Slide 3\";s:3:\"img\";s:24:\"magazineposts/slide3.jpg\";}i:3;a:2:{s:5:\"title\";s:7:\"Slide 4\";s:3:\"img\";s:24:\"magazineposts/slide4.jpg\";}}s:17:\"explorationheader\";a:4:{i:0;a:2:{s:5:\"title\";s:7:\"Slide 1\";s:3:\"img\";s:28:\"explorationheader/slide1.jpg\";}i:1;a:2:{s:5:\"title\";s:7:\"Slide 2\";s:3:\"img\";s:28:\"explorationheader/slide2.jpg\";}i:2;a:2:{s:5:\"title\";s:7:\"Slide 3\";s:3:\"img\";s:28:\"explorationheader/slide3.jpg\";}i:3;a:2:{s:5:\"title\";s:7:\"Slide 4\";s:3:\"img\";s:28:\"explorationheader/slide4.jpg\";}}s:16:\"typewritereffect\";a:3:{i:0;a:2:{s:5:\"title\";s:7:\"Slide 1\";s:3:\"img\";s:27:\"typewritereffect/slide1.jpg\";}i:1;a:2:{s:5:\"title\";s:7:\"Slide 2\";s:3:\"img\";s:27:\"typewritereffect/slide2.jpg\";}i:2;a:2:{s:5:\"title\";s:7:\"Slide 3\";s:3:\"img\";s:27:\"typewritereffect/slide3.jpg\";}}s:15:\"blendmodeheader\";a:1:{i:0;a:2:{s:5:\"title\";s:7:\"Slide 1\";s:3:\"img\";s:26:\"blendmodeheader/slide1.jpg\";}}s:17:\"themeplicity_menu\";a:1:{i:0;a:2:{s:5:\"title\";s:7:\"Slide 1\";s:3:\"img\";s:28:\"themeplicity_menu/slide1.jpg\";}}s:19:\"themeplicity_header\";a:1:{i:0;a:2:{s:5:\"title\";s:7:\"Slide 1\";s:3:\"img\";s:30:\"themeplicity_header/slide1.jpg\";}}s:18:\"themeplicity_offer\";a:1:{i:0;a:2:{s:5:\"title\";s:7:\"Slide 1\";s:3:\"img\";s:29:\"themeplicity_offer/slide1.jpg\";}}s:21:\"themeplicity_whatwedo\";a:1:{i:0;a:2:{s:5:\"title\";s:7:\"Slide 1\";s:3:\"img\";s:32:\"themeplicity_whatwedo/slide1.jpg\";}}s:21:\"themeplicity_projects\";a:5:{i:0;a:2:{s:5:\"title\";s:7:\"Slide 1\";s:3:\"img\";s:32:\"themeplicity_projects/slide1.jpg\";}i:1;a:2:{s:5:\"title\";s:7:\"Slide 2\";s:3:\"img\";s:32:\"themeplicity_projects/slide2.jpg\";}i:2;a:2:{s:5:\"title\";s:7:\"Slide 3\";s:3:\"img\";s:32:\"themeplicity_projects/slide3.jpg\";}i:3;a:2:{s:5:\"title\";s:7:\"Slide 4\";s:3:\"img\";s:32:\"themeplicity_projects/slide4.jpg\";}i:4;a:2:{s:5:\"title\";s:32:\"themeplicity_projects/slide5.jpg\";s:3:\"img\";s:7:\"Slide 5\";}}s:23:\"themeplicity_whatsgreat\";a:1:{i:0;a:2:{s:5:\"title\";s:7:\"Slide 1\";s:3:\"img\";s:34:\"themeplicity_whatsgreat/slide1.jpg\";}}s:19:\"themeplicity_tables\";a:1:{i:0;a:2:{s:5:\"title\";s:7:\"Slide 1\";s:3:\"img\";s:30:\"themeplicity_tables/slide1.jpg\";}}s:24:\"themeplicity_contactform\";a:1:{i:0;a:2:{s:5:\"title\";s:7:\"Slide 1\";s:3:\"img\";s:35:\"themeplicity_contactform/slide1.jpg\";}}s:19:\"themeplicity_footer\";a:1:{i:0;a:2:{s:5:\"title\";s:7:\"Slide 1\";s:3:\"img\";s:30:\"themeplicity_footer/slide1.jpg\";}}s:17:\"NiceAndClean_Menu\";a:1:{i:0;a:2:{s:5:\"title\";s:7:\"Slide 1\";s:3:\"img\";s:28:\"NiceAndClean_Menu/slide1.jpg\";}}s:19:\"NiceAndClean_Header\";a:1:{i:0;a:2:{s:5:\"title\";s:7:\"Slide 1\";s:3:\"img\";s:30:\"NiceAndClean_Header/slide1.jpg\";}}s:21:\"NiceAndClean_Services\";a:1:{i:0;a:2:{s:5:\"title\";s:7:\"Slide 1\";s:3:\"img\";s:32:\"NiceAndClean_Services/slide1.jpg\";}}s:18:\"NiceAndClean_About\";a:1:{i:0;a:2:{s:5:\"title\";s:7:\"Slide 1\";s:3:\"img\";s:29:\"NiceAndClean_About/slide1.jpg\";}}s:18:\"niceandclean_video\";a:1:{i:0;a:2:{s:5:\"title\";s:7:\"Slide 1\";s:3:\"img\";s:29:\"niceandclean_video/slide1.jpg\";}}s:23:\"niceandclean_highlights\";a:1:{i:0;a:2:{s:5:\"title\";s:7:\"Slide 1\";s:3:\"img\";s:34:\"niceandclean_highlights/slide1.jpg\";}}s:21:\"NiceAndClean_Projects\";a:5:{i:0;a:2:{s:5:\"title\";s:7:\"Slide 1\";s:3:\"img\";s:32:\"NiceAndClean_Projects/slide1.jpg\";}i:1;a:2:{s:5:\"title\";s:7:\"Slide 2\";s:3:\"img\";s:32:\"NiceAndClean_Projects/slide2.jpg\";}i:2;a:2:{s:5:\"title\";s:7:\"Slide 3\";s:3:\"img\";s:32:\"NiceAndClean_Projects/slide3.jpg\";}i:3;a:2:{s:5:\"title\";s:7:\"Slide 4\";s:3:\"img\";s:32:\"NiceAndClean_Projects/slide4.jpg\";}i:4;a:2:{s:5:\"title\";s:7:\"Slide 5\";s:3:\"img\";s:32:\"NiceAndClean_Projects/slide5.jpg\";}}s:23:\"niceandclean_textblocks\";a:1:{i:0;a:2:{s:5:\"title\";s:7:\"Slide 1\";s:3:\"img\";s:34:\"niceandclean_textblocks/slide1.jpg\";}}s:20:\"niceandclean_callout\";a:1:{i:0;a:2:{s:5:\"title\";s:7:\"Slide 1\";s:3:\"img\";s:31:\"niceandclean_callout/slide1.jpg\";}}s:19:\"niceandclean_footer\";a:1:{i:0;a:2:{s:5:\"title\";s:7:\"Slide 1\";s:3:\"img\";s:30:\"niceandclean_footer/slide1.jpg\";}}s:3:\"80s\";a:1:{i:0;a:2:{s:5:\"title\";s:7:\"Slide 1\";s:3:\"img\";s:14:\"80s/slide1.jpg\";}}s:10:\"blurslider\";a:3:{i:0;a:2:{s:5:\"title\";s:7:\"Slide 1\";s:3:\"img\";s:21:\"blurslider/slide1.jpg\";}i:1;a:2:{s:5:\"title\";s:7:\"Slide 2\";s:3:\"img\";s:21:\"blurslider/slide2.jpg\";}i:2;a:2:{s:5:\"title\";s:7:\"Slide 3\";s:3:\"img\";s:21:\"blurslider/slide3.jpg\";}}s:15:\"ComingSoonAddon\";a:1:{i:0;a:2:{s:5:\"title\";s:7:\"Slide 1\";s:3:\"img\";s:26:\"ComingSoonAddon/slide1.jpg\";}}s:9:\"snowaddon\";a:3:{i:0;a:2:{s:5:\"title\";s:7:\"Slide 1\";s:3:\"img\";s:20:\"snowaddon/slide1.jpg\";}i:1;a:2:{s:5:\"title\";s:7:\"Slide 2\";s:3:\"img\";s:20:\"snowaddon/slide2.jpg\";}i:2;a:2:{s:5:\"title\";s:7:\"Slide 3\";s:3:\"img\";s:20:\"snowaddon/slide3.jpg\";}}s:19:\"particle-effect-one\";a:3:{i:0;a:2:{s:5:\"title\";s:7:\"Slide 1\";s:3:\"img\";s:30:\"particle-effect-one/slide1.jpg\";}i:1;a:2:{s:5:\"title\";s:7:\"Slide 2\";s:3:\"img\";s:30:\"particle-effect-one/slide2.jpg\";}i:2;a:2:{s:5:\"title\";s:7:\"Slide 3\";s:3:\"img\";s:30:\"particle-effect-one/slide3.jpg\";}}s:19:\"particle-effect-two\";a:1:{i:0;a:2:{s:5:\"title\";s:7:\"Slide 1\";s:3:\"img\";s:30:\"particle-effect-two/slide1.jpg\";}}s:21:\"particle-effect-three\";a:1:{i:0;a:2:{s:5:\"title\";s:7:\"Slide 1\";s:3:\"img\";s:32:\"particle-effect-three/slide1.jpg\";}}s:15:\"portfolioviewer\";a:6:{i:0;a:2:{s:5:\"title\";s:7:\"Slide 1\";s:3:\"img\";s:26:\"portfolioviewer/slide1.jpg\";}i:1;a:2:{s:5:\"title\";s:7:\"Slide 2\";s:3:\"img\";s:26:\"portfolioviewer/slide2.jpg\";}i:2;a:2:{s:5:\"title\";s:7:\"Slide 3\";s:3:\"img\";s:26:\"portfolioviewer/slide3.jpg\";}i:3;a:2:{s:5:\"title\";s:7:\"Slide 4\";s:3:\"img\";s:26:\"portfolioviewer/slide4.jpg\";}i:4;a:2:{s:5:\"title\";s:7:\"Slide 5\";s:3:\"img\";s:26:\"portfolioviewer/slide5.jpg\";}i:5;a:2:{s:5:\"title\";s:7:\"Slide 6\";s:3:\"img\";s:26:\"portfolioviewer/slide6.jpg\";}}s:11:\"appshowcase\";a:1:{i:0;a:2:{s:5:\"title\";s:7:\"Slide 1\";s:3:\"img\";s:22:\"appshowcase/slide1.jpg\";}}s:13:\"gravitydesign\";a:1:{i:0;a:2:{s:5:\"title\";s:7:\"Slide 1\";s:3:\"img\";s:24:\"gravitydesign/slide1.jpg\";}}s:12:\"404errorpage\";a:1:{i:0;a:2:{s:5:\"title\";s:7:\"Slide 1\";s:3:\"img\";s:23:\"404errorpage/slide1.jpg\";}}s:15:\"carouselgallery\";a:6:{i:0;a:2:{s:5:\"title\";s:7:\"Slide 1\";s:3:\"img\";s:26:\"carouselgallery/slide1.jpg\";}i:1;a:2:{s:5:\"title\";s:7:\"Slide 2\";s:3:\"img\";s:26:\"carouselgallery/slide2.jpg\";}i:2;a:2:{s:5:\"title\";s:7:\"Slide 3\";s:3:\"img\";s:26:\"carouselgallery/slide3.jpg\";}i:3;a:2:{s:5:\"title\";s:7:\"Slide 4\";s:3:\"img\";s:26:\"carouselgallery/slide4.jpg\";}i:4;a:2:{s:5:\"title\";s:7:\"Slide 5\";s:3:\"img\";s:26:\"carouselgallery/slide5.jpg\";}i:5;a:2:{s:5:\"title\";s:7:\"Slide 6\";s:3:\"img\";s:26:\"carouselgallery/slide6.jpg\";}}s:9:\"filmstrip\";a:3:{i:0;a:2:{s:5:\"title\";s:7:\"Slide 1\";s:3:\"img\";s:20:\"filmstrip/slide1.jpg\";}i:1;a:2:{s:5:\"title\";s:7:\"Slide 2\";s:3:\"img\";s:20:\"filmstrip/slide2.jpg\";}i:2;a:2:{s:5:\"title\";s:7:\"Slide 3\";s:3:\"img\";s:20:\"filmstrip/slide3.jpg\";}}s:10:\"spaceopera\";a:5:{i:0;a:2:{s:5:\"title\";s:7:\"Slide 1\";s:3:\"img\";s:21:\"spaceopera/slide1.jpg\";}i:1;a:2:{s:5:\"title\";s:7:\"Slide 2\";s:3:\"img\";s:21:\"spaceopera/slide2.jpg\";}i:2;a:2:{s:5:\"title\";s:7:\"Slide 3\";s:3:\"img\";s:21:\"spaceopera/slide3.jpg\";}i:3;a:2:{s:5:\"title\";s:7:\"Slide 4\";s:3:\"img\";s:21:\"spaceopera/slide4.jpg\";}i:4;a:2:{s:5:\"title\";s:7:\"Slide 5\";s:3:\"img\";s:21:\"spaceopera/slide5.jpg\";}}s:12:\"websiteintro\";a:3:{i:0;a:2:{s:5:\"title\";s:7:\"Slide 1\";s:3:\"img\";s:23:\"websiteintro/slide1.jpg\";}i:1;a:2:{s:5:\"title\";s:7:\"Slide 2\";s:3:\"img\";s:23:\"websiteintro/slide2.jpg\";}i:2;a:2:{s:5:\"title\";s:7:\"Slide 3\";s:3:\"img\";s:23:\"websiteintro/slide3.jpg\";}}s:12:\"maskshowcase\";a:4:{i:0;a:2:{s:5:\"title\";s:7:\"Slide 1\";s:3:\"img\";s:23:\"maskshowcase/slide1.jpg\";}i:1;a:2:{s:5:\"title\";s:7:\"Slide 2\";s:3:\"img\";s:23:\"maskshowcase/slide2.jpg\";}i:2;a:2:{s:5:\"title\";s:7:\"Slide 3\";s:3:\"img\";s:23:\"maskshowcase/slide3.jpg\";}i:3;a:2:{s:5:\"title\";s:7:\"Slide 4\";s:3:\"img\";s:23:\"maskshowcase/slide4.jpg\";}}s:18:\"parallaxzoomslices\";a:5:{i:0;a:2:{s:5:\"title\";s:7:\"Slide 1\";s:3:\"img\";s:29:\"parallaxzoomslices/slide1.jpg\";}i:1;a:2:{s:5:\"title\";s:7:\"Slide 2\";s:3:\"img\";s:29:\"parallaxzoomslices/slide2.jpg\";}i:2;a:2:{s:5:\"title\";s:7:\"Slide 3\";s:3:\"img\";s:29:\"parallaxzoomslices/slide3.jpg\";}i:3;a:2:{s:5:\"title\";s:7:\"Slide 4\";s:3:\"img\";s:29:\"parallaxzoomslices/slide4.jpg\";}i:4;a:2:{s:5:\"title\";s:7:\"Slide 5\";s:3:\"img\";s:29:\"parallaxzoomslices/slide5.jpg\";}}s:20:\"doubleexposureeffect\";a:3:{i:0;a:2:{s:5:\"title\";s:7:\"Slide 1\";s:3:\"img\";s:31:\"doubleexposureeffect/slide1.jpg\";}i:1;a:2:{s:5:\"title\";s:7:\"Slide 2\";s:3:\"img\";s:31:\"doubleexposureeffect/slide2.jpg\";}i:2;a:2:{s:5:\"title\";s:7:\"Slide 3\";s:3:\"img\";s:31:\"doubleexposureeffect/slide3.jpg\";}}s:22:\"mountainparallaxheader\";a:1:{i:0;a:2:{s:5:\"title\";s:7:\"Slide 1\";s:3:\"img\";s:33:\"mountainparallaxheader/slide1.jpg\";}}s:12:\"goodnewsmenu\";a:1:{i:0;a:2:{s:5:\"title\";s:7:\"Slide 1\";s:3:\"img\";s:23:\"goodnewsmenu/slide1.jpg\";}}s:14:\"goodnewsheader\";a:3:{i:0;a:2:{s:5:\"title\";s:7:\"Slide 1\";s:3:\"img\";s:25:\"goodnewsheader/slide1.jpg\";}i:1;a:2:{s:5:\"title\";s:7:\"Slide 2\";s:3:\"img\";s:25:\"goodnewsheader/slide2.jpg\";}i:2;a:2:{s:5:\"title\";s:7:\"Slide 3\";s:3:\"img\";s:25:\"goodnewsheader/slide3.jpg\";}}s:16:\"goodnewswhatshot\";a:1:{i:0;a:2:{s:5:\"title\";s:7:\"Slide 1\";s:3:\"img\";s:27:\"goodnewswhatshot/slide1.jpg\";}}s:16:\"goodnewsfeatured\";a:1:{i:0;a:2:{s:5:\"title\";s:7:\"Slide 1\";s:3:\"img\";s:27:\"goodnewsfeatured/slide1.jpg\";}}s:17:\"goodnewsspotlight\";a:3:{i:0;a:2:{s:5:\"title\";s:7:\"Slide 1\";s:3:\"img\";s:28:\"goodnewsspotlight/slide1.jpg\";}i:1;a:2:{s:5:\"title\";s:7:\"Slide 2\";s:3:\"img\";s:28:\"goodnewsspotlight/slide2.jpg\";}i:2;a:2:{s:5:\"title\";s:7:\"Slide 3\";s:3:\"img\";s:28:\"goodnewsspotlight/slide3.jpg\";}}s:16:\"goodnewscarousel\";a:2:{i:0;a:2:{s:5:\"title\";s:7:\"Slide 1\";s:3:\"img\";s:27:\"goodnewscarousel/slide1.jpg\";}i:1;a:2:{s:5:\"title\";s:7:\"Slide 2\";s:3:\"img\";s:27:\"goodnewscarousel/slide2.jpg\";}}s:15:\"goodnewscallout\";a:1:{i:0;a:2:{s:5:\"title\";s:7:\"Slide 1\";s:3:\"img\";s:26:\"goodnewscallout/slide1.jpg\";}}s:14:\"goodnewsfooter\";a:1:{i:0;a:2:{s:5:\"title\";s:7:\"Slide 1\";s:3:\"img\";s:25:\"goodnewsfooter/slide1.jpg\";}}s:16:\"goodnewsmenuback\";a:1:{i:0;a:2:{s:5:\"title\";s:7:\"Slide 1\";s:3:\"img\";s:27:\"goodnewsmenuback/slide1.jpg\";}}s:18:\"goodnewsblogheader\";a:1:{i:0;a:2:{s:5:\"title\";s:7:\"Slide 1\";s:3:\"img\";s:29:\"goodnewsblogheader/slide1.jpg\";}}s:19:\"goodnewsblogcontent\";a:1:{i:0;a:2:{s:5:\"title\";s:7:\"Slide 1\";s:3:\"img\";s:30:\"goodnewsblogcontent/slide1.jpg\";}}s:20:\"goodnewstestimonials\";a:2:{i:0;a:2:{s:5:\"title\";s:7:\"Slide 1\";s:3:\"img\";s:31:\"goodnewstestimonials/slide1.jpg\";}i:1;a:2:{s:5:\"title\";s:7:\"Slide 2\";s:3:\"img\";s:31:\"goodnewstestimonials/slide2.jpg\";}}s:18:\"goodnewsblogfooter\";a:1:{i:0;a:2:{s:5:\"title\";s:7:\"Slide 1\";s:3:\"img\";s:29:\"goodnewsblogfooter/slide1.jpg\";}}s:17:\"beforeafterslider\";a:3:{i:0;a:2:{s:5:\"title\";s:7:\"Slide 1\";s:3:\"img\";s:28:\"beforeafterslider/slide1.jpg\";}i:1;a:2:{s:5:\"title\";s:7:\"Slide 2\";s:3:\"img\";s:28:\"beforeafterslider/slide2.jpg\";}i:2;a:2:{s:5:\"title\";s:7:\"Slide 3\";s:3:\"img\";s:28:\"beforeafterslider/slide3.jpg\";}}s:15:\"productshowcase\";a:3:{i:0;a:2:{s:5:\"title\";s:7:\"Slide 1\";s:3:\"img\";s:26:\"productshowcase/slide1.jpg\";}i:1;a:2:{s:5:\"title\";s:7:\"Slide 2\";s:3:\"img\";s:26:\"productshowcase/slide2.jpg\";}i:2;a:2:{s:5:\"title\";s:7:\"Slide 3\";s:3:\"img\";s:26:\"productshowcase/slide3.jpg\";}}s:22:\"overexposuretransition\";a:3:{i:0;a:2:{s:5:\"title\";s:7:\"Slide 1\";s:3:\"img\";s:33:\"overexposuretransition/slide1.jpg\";}i:1;a:2:{s:5:\"title\";s:7:\"Slide 2\";s:3:\"img\";s:33:\"overexposuretransition/slide2.jpg\";}i:2;a:2:{s:5:\"title\";s:7:\"Slide 3\";s:3:\"img\";s:33:\"overexposuretransition/slide3.jpg\";}}s:14:\"parallaxscroll\";a:1:{i:0;a:2:{s:5:\"title\";s:7:\"Slide 1\";s:3:\"img\";s:25:\"parallaxscroll/slide1.jpg\";}}s:11:\"techco-menu\";a:1:{i:0;a:2:{s:5:\"title\";s:7:\"Slide 1\";s:3:\"img\";s:22:\"techco-menu/slide1.jpg\";}}s:13:\"techco-header\";a:1:{i:0;a:2:{s:5:\"title\";s:7:\"Slide 1\";s:3:\"img\";s:24:\"techco-header/slide1.jpg\";}}s:12:\"techco-about\";a:1:{i:0;a:2:{s:5:\"title\";s:7:\"Slide 1\";s:3:\"img\";s:23:\"techco-about/slide1.jpg\";}}s:15:\"techco-services\";a:1:{i:0;a:2:{s:5:\"title\";s:7:\"Slide 1\";s:3:\"img\";s:26:\"techco-services/slide1.jpg\";}}s:12:\"techco-video\";a:1:{i:0;a:2:{s:5:\"title\";s:7:\"Slide 1\";s:3:\"img\";s:23:\"techco-video/slide1.jpg\";}}s:13:\"techco-prices\";a:1:{i:0;a:2:{s:5:\"title\";s:7:\"Slide 1\";s:3:\"img\";s:24:\"techco-prices/slide1.jpg\";}}s:19:\"techco-testimonials\";a:3:{i:0;a:2:{s:5:\"title\";s:7:\"Slide 1\";s:3:\"img\";s:30:\"techco-testimonials/slide1.jpg\";}i:1;a:2:{s:5:\"title\";s:7:\"Slide 2\";s:3:\"img\";s:30:\"techco-testimonials/slide2.jpg\";}i:2;a:2:{s:5:\"title\";s:7:\"Slide 3\";s:3:\"img\";s:30:\"techco-testimonials/slide3.jpg\";}}s:13:\"techco-footer\";a:1:{i:0;a:2:{s:5:\"title\";s:7:\"Slide 1\";s:3:\"img\";s:24:\"techco-footer/slide1.jpg\";}}s:7:\"weather\";a:4:{i:0;a:2:{s:5:\"title\";s:7:\"Slide 1\";s:3:\"img\";s:18:\"weather/slide1.jpg\";}i:1;a:2:{s:5:\"title\";s:7:\"Slide 2\";s:3:\"img\";s:18:\"weather/slide2.jpg\";}i:2;a:2:{s:5:\"title\";s:7:\"Slide 3\";s:3:\"img\";s:18:\"weather/slide3.jpg\";}i:3;a:2:{s:5:\"title\";s:7:\"Slide 4\";s:3:\"img\";s:18:\"weather/slide4.jpg\";}}s:11:\"360panorama\";a:3:{i:0;a:2:{s:5:\"title\";s:7:\"Slide 1\";s:3:\"img\";s:22:\"360panorama/slide1.jpg\";}i:1;a:2:{s:5:\"title\";s:7:\"Slide 2\";s:3:\"img\";s:22:\"360panorama/slide2.jpg\";}i:2;a:2:{s:5:\"title\";s:7:\"Slide 3\";s:3:\"img\";s:22:\"360panorama/slide3.jpg\";}}s:14:\"duotone-add-on\";a:3:{i:0;a:2:{s:5:\"title\";s:7:\"Slide 1\";s:3:\"img\";s:25:\"duotone-add-on/slide1.jpg\";}i:1;a:2:{s:5:\"title\";s:7:\"Slide 2\";s:3:\"img\";s:25:\"duotone-add-on/slide2.jpg\";}i:2;a:2:{s:5:\"title\";s:7:\"Slide 3\";s:3:\"img\";s:25:\"duotone-add-on/slide3.jpg\";}}s:13:\"reveal-add-on\";a:3:{i:0;a:2:{s:5:\"title\";s:7:\"Slide 1\";s:3:\"img\";s:24:\"reveal-add-on/slide1.jpg\";}i:1;a:2:{s:5:\"title\";s:7:\"Slide 2\";s:3:\"img\";s:24:\"reveal-add-on/slide2.jpg\";}i:2;a:2:{s:5:\"title\";s:7:\"Slide 3\";s:3:\"img\";s:24:\"reveal-add-on/slide3.jpg\";}}s:16:\"band-tour-poster\";a:1:{i:0;a:2:{s:5:\"title\";s:7:\"Slide 1\";s:3:\"img\";s:40:\"smartcontent/band-tour-poster/slide1.png\";}}s:14:\"brewery-slider\";a:3:{i:0;a:2:{s:5:\"title\";s:7:\"Slide 1\";s:3:\"img\";s:38:\"smartcontent/brewery-slider/slide1.png\";}i:1;a:2:{s:5:\"title\";s:7:\"Slide 2\";s:3:\"img\";s:38:\"smartcontent/brewery-slider/slide2.png\";}i:2;a:2:{s:5:\"title\";s:7:\"Slide 3\";s:3:\"img\";s:38:\"smartcontent/brewery-slider/slide3.png\";}}s:9:\"burgerbar\";a:3:{i:0;a:2:{s:5:\"title\";s:7:\"Slide 1\";s:3:\"img\";s:33:\"smartcontent/burgerbar/slide1.png\";}i:1;a:2:{s:5:\"title\";s:7:\"Slide 2\";s:3:\"img\";s:33:\"smartcontent/burgerbar/slide2.png\";}i:2;a:2:{s:5:\"title\";s:7:\"Slide 3\";s:3:\"img\";s:33:\"smartcontent/burgerbar/slide3.png\";}}s:19:\"burger-bar-portrait\";a:3:{i:0;a:2:{s:5:\"title\";s:7:\"Slide 1\";s:3:\"img\";s:43:\"smartcontent/burger-bar-portrait/slide1.png\";}i:1;a:2:{s:5:\"title\";s:7:\"Slide 2\";s:3:\"img\";s:43:\"smartcontent/burger-bar-portrait/slide2.png\";}i:2;a:2:{s:5:\"title\";s:7:\"Slide 3\";s:3:\"img\";s:43:\"smartcontent/burger-bar-portrait/slide3.png\";}}s:8:\"car-rent\";a:1:{i:0;a:2:{s:5:\"title\";s:7:\"Slide 1\";s:3:\"img\";s:32:\"smartcontent/car-rent/slide1.png\";}}s:6:\"coffee\";a:3:{i:0;a:2:{s:5:\"title\";s:7:\"Slide 1\";s:3:\"img\";s:30:\"smartcontent/coffee/slide1.png\";}i:1;a:2:{s:5:\"title\";s:7:\"Slide 2\";s:3:\"img\";s:30:\"smartcontent/coffee/slide2.png\";}i:2;a:2:{s:5:\"title\";s:7:\"Slide 3\";s:3:\"img\";s:30:\"smartcontent/coffee/slide3.png\";}}s:14:\"holiday-advert\";a:1:{i:0;a:2:{s:5:\"title\";s:7:\"Slide 1\";s:3:\"img\";s:38:\"smartcontent/holiday-advert/slide1.png\";}}s:18:\"iphone-cases-light\";a:1:{i:0;a:2:{s:5:\"title\";s:7:\"Slide 1\";s:3:\"img\";s:42:\"smartcontent/iphone-cases-light/slide1.png\";}}s:7:\"medical\";a:2:{i:0;a:2:{s:5:\"title\";s:7:\"Slide 1\";s:3:\"img\";s:31:\"smartcontent/medical/slide1.png\";}i:1;a:2:{s:5:\"title\";s:7:\"Slide 2\";s:3:\"img\";s:31:\"smartcontent/medical/slide2.png\";}}s:13:\"mexican-grill\";a:3:{i:0;a:2:{s:5:\"title\";s:7:\"Slide 1\";s:3:\"img\";s:37:\"smartcontent/mexican-grill/slide1.png\";}i:1;a:2:{s:5:\"title\";s:7:\"Slide 2\";s:3:\"img\";s:37:\"smartcontent/mexican-grill/slide2.png\";}i:2;a:2:{s:5:\"title\";s:7:\"Slide 3\";s:3:\"img\";s:37:\"smartcontent/mexican-grill/slide3.png\";}}s:20:\"mobile-retail-slider\";a:3:{i:0;a:2:{s:5:\"title\";s:7:\"Slide 1\";s:3:\"img\";s:44:\"smartcontent/mobile-retail-slider/slide1.png\";}i:1;a:2:{s:5:\"title\";s:7:\"Slide 2\";s:3:\"img\";s:44:\"smartcontent/mobile-retail-slider/slide2.png\";}i:2;a:2:{s:5:\"title\";s:7:\"Slide 3\";s:3:\"img\";s:44:\"smartcontent/mobile-retail-slider/slide3.png\";}}s:14:\"money-exchange\";a:3:{i:0;a:2:{s:5:\"title\";s:7:\"Slide 1\";s:3:\"img\";s:38:\"smartcontent/money-exchange/slide1.png\";}i:1;a:2:{s:5:\"title\";s:7:\"Slide 2\";s:3:\"img\";s:38:\"smartcontent/money-exchange/slide2.png\";}i:2;a:2:{s:5:\"title\";s:7:\"Slide 3\";s:3:\"img\";s:38:\"smartcontent/money-exchange/slide3.png\";}}s:28:\"restaurant-menu-first-screen\";a:1:{i:0;a:2:{s:5:\"title\";s:7:\"Slide 1\";s:3:\"img\";s:52:\"smartcontent/restaurant-menu-first-screen/slide1.png\";}}s:29:\"restaurant-menu-second-screen\";a:1:{i:0;a:2:{s:5:\"title\";s:7:\"Slide 1\";s:3:\"img\";s:53:\"smartcontent/restaurant-menu-second-screen/slide1.png\";}}s:28:\"restaurant-menu-third-screen\";a:1:{i:0;a:2:{s:5:\"title\";s:7:\"Slide 1\";s:3:\"img\";s:52:\"smartcontent/restaurant-menu-third-screen/slide1.png\";}}s:11:\"shoes-store\";a:3:{i:0;a:2:{s:5:\"title\";s:7:\"Slide 1\";s:3:\"img\";s:35:\"smartcontent/shoes-store/slide1.png\";}i:1;a:2:{s:5:\"title\";s:7:\"Slide 2\";s:3:\"img\";s:35:\"smartcontent/shoes-store/slide2.png\";}i:2;a:2:{s:5:\"title\";s:7:\"Slide 3\";s:3:\"img\";s:35:\"smartcontent/shoes-store/slide3.png\";}}s:20:\"supermarket-products\";a:5:{i:0;a:2:{s:5:\"title\";s:7:\"Slide 1\";s:3:\"img\";s:44:\"smartcontent/supermarket-products/slide1.png\";}i:1;a:2:{s:5:\"title\";s:7:\"Slide 2\";s:3:\"img\";s:44:\"smartcontent/supermarket-products/slide2.png\";}i:2;a:2:{s:5:\"title\";s:7:\"Slide 3\";s:3:\"img\";s:44:\"smartcontent/supermarket-products/slide3.png\";}i:3;a:2:{s:5:\"title\";s:7:\"Slide 4\";s:3:\"img\";s:44:\"smartcontent/supermarket-products/slide4.png\";}i:4;a:2:{s:5:\"title\";s:7:\"Slide 5\";s:3:\"img\";s:44:\"smartcontent/supermarket-products/slide5.png\";}}s:16:\"travel-insurance\";a:1:{i:0;a:2:{s:5:\"title\";s:7:\"Slide 1\";s:3:\"img\";s:40:\"smartcontent/travel-insurance/slide1.png\";}}s:12:\"cryptoslider\";a:4:{i:0;a:2:{s:5:\"title\";s:7:\"Slide 1\";s:3:\"img\";s:23:\"cryptoslider/slide1.jpg\";}i:1;a:2:{s:5:\"title\";s:7:\"Slide 2\";s:3:\"img\";s:23:\"cryptoslider/slide2.jpg\";}i:2;a:2:{s:5:\"title\";s:7:\"Slide 3\";s:3:\"img\";s:23:\"cryptoslider/slide3.jpg\";}i:3;a:2:{s:5:\"title\";s:7:\"Slide 4\";s:3:\"img\";s:23:\"cryptoslider/slide4.jpg\";}}s:16:\"immersion_header\";a:1:{i:0;a:2:{s:5:\"title\";s:7:\"Slide 1\";s:3:\"img\";s:27:\"immersion_header/slide1.jpg\";}}s:19:\"immersion-mountains\";a:1:{i:0;a:2:{s:5:\"title\";s:7:\"Slide 1\";s:3:\"img\";s:30:\"immersion-mountains/slide1.jpg\";}}s:17:\"immersion-product\";a:1:{i:0;a:2:{s:5:\"title\";s:7:\"Slide 1\";s:3:\"img\";s:28:\"immersion-product/slide1.jpg\";}}s:16:\"immersion-design\";a:1:{i:0;a:2:{s:5:\"title\";s:7:\"Slide 1\";s:3:\"img\";s:27:\"immersion-design/slide1.jpg\";}}s:21:\"immersion-photography\";a:1:{i:0;a:2:{s:5:\"title\";s:7:\"Slide 1\";s:3:\"img\";s:32:\"immersion-photography/slide1.jpg\";}}s:14:\"immersion-grid\";a:1:{i:0;a:2:{s:5:\"title\";s:7:\"Slide 1\";s:3:\"img\";s:25:\"immersion-grid/slide1.jpg\";}}s:11:\"funkyslider\";a:3:{i:0;a:2:{s:5:\"title\";s:7:\"Slide 1\";s:3:\"img\";s:22:\"funkyslider/slide1.jpg\";}i:1;a:2:{s:5:\"title\";s:7:\"Slide 2\";s:3:\"img\";s:22:\"funkyslider/slide2.jpg\";}i:2;a:2:{s:5:\"title\";s:7:\"Slide 3\";s:3:\"img\";s:22:\"funkyslider/slide3.jpg\";}}s:14:\"clearview_menu\";a:1:{i:0;a:2:{s:5:\"title\";s:7:\"Slide 1\";s:3:\"img\";s:25:\"clearview_menu/slide1.jpg\";}}s:16:\"clearview_header\";a:1:{i:0;a:2:{s:5:\"title\";s:7:\"Slide 1\";s:3:\"img\";s:27:\"clearview_header/slide1.jpg\";}}s:17:\"clearview_mission\";a:1:{i:0;a:2:{s:5:\"title\";s:7:\"Slide 1\";s:3:\"img\";s:28:\"clearview_mission/slide1.jpg\";}}s:17:\"clear-view-slider\";a:3:{i:0;a:2:{s:5:\"title\";s:7:\"Slide 1\";s:3:\"img\";s:28:\"clear-view-slider/slide1.jpg\";}i:1;a:2:{s:5:\"title\";s:7:\"Slide 2\";s:3:\"img\";s:28:\"clear-view-slider/slide2.jpg\";}i:2;a:2:{s:5:\"title\";s:7:\"Slide 3\";s:3:\"img\";s:28:\"clear-view-slider/slide3.jpg\";}}s:15:\"clear-view-news\";a:1:{i:0;a:2:{s:5:\"title\";s:7:\"Slide 1\";s:3:\"img\";s:26:\"clear-view-news/slide1.jpg\";}}s:18:\"clear-view-clients\";a:1:{i:0;a:2:{s:5:\"title\";s:7:\"Slide 1\";s:3:\"img\";s:29:\"clear-view-clients/slide1.jpg\";}}s:18:\"clear-view-contact\";a:1:{i:0;a:2:{s:5:\"title\";s:7:\"Slide 1\";s:3:\"img\";s:29:\"clear-view-contact/slide1.jpg\";}}s:22:\"clear-view-single-menu\";a:1:{i:0;a:2:{s:5:\"title\";s:7:\"Slide 1\";s:3:\"img\";s:33:\"clear-view-single-menu/slide1.jpg\";}}s:24:\"clear-view-single-header\";a:1:{i:0;a:2:{s:5:\"title\";s:7:\"Slide 1\";s:3:\"img\";s:35:\"clear-view-single-header/slide1.jpg\";}}s:23:\"clear-view-single-media\";a:1:{i:0;a:2:{s:5:\"title\";s:7:\"Slide 1\";s:3:\"img\";s:34:\"clear-view-single-media/slide1.jpg\";}}s:22:\"clear-view-single-more\";a:1:{i:0;a:2:{s:5:\"title\";s:7:\"Slide 1\";s:3:\"img\";s:33:\"clear-view-single-more/slide1.jpg\";}}s:25:\"clear-view-single-contact\";a:1:{i:0;a:2:{s:5:\"title\";s:7:\"Slide 1\";s:3:\"img\";s:36:\"clear-view-single-contact/slide1.jpg\";}}s:16:\"cleanlandingpage\";a:1:{i:0;a:2:{s:5:\"title\";s:7:\"Slide 1\";s:3:\"img\";s:27:\"cleanlandingpage/slide1.jpg\";}}s:8:\"clearcut\";a:10:{i:0;a:2:{s:5:\"title\";s:7:\"Slide 1\";s:3:\"img\";s:19:\"clearcut/slide1.jpg\";}i:1;a:2:{s:5:\"title\";s:7:\"Slide 2\";s:3:\"img\";s:19:\"clearcut/slide2.jpg\";}i:2;a:2:{s:5:\"title\";s:7:\"Slide 3\";s:3:\"img\";s:19:\"clearcut/slide3.jpg\";}i:3;a:2:{s:5:\"title\";s:7:\"Slide 4\";s:3:\"img\";s:19:\"clearcut/slide4.jpg\";}i:4;a:2:{s:5:\"title\";s:7:\"Slide 5\";s:3:\"img\";s:19:\"clearcut/slide5.jpg\";}i:5;a:2:{s:5:\"title\";s:7:\"Slide 6\";s:3:\"img\";s:19:\"clearcut/slide6.jpg\";}i:6;a:2:{s:5:\"title\";s:7:\"Slide 7\";s:3:\"img\";s:19:\"clearcut/slide7.jpg\";}i:7;a:2:{s:5:\"title\";s:7:\"Slide 8\";s:3:\"img\";s:19:\"clearcut/slide8.jpg\";}i:8;a:2:{s:5:\"title\";s:7:\"Slide 9\";s:3:\"img\";s:19:\"clearcut/slide9.jpg\";}i:9;a:2:{s:5:\"title\";s:8:\"Slide 10\";s:3:\"img\";s:20:\"clearcut/slide10.jpg\";}}s:17:\"wonderstruck_menu\";a:1:{i:0;a:2:{s:5:\"title\";s:7:\"Slide 1\";s:3:\"img\";s:28:\"wonderstruck_menu/slide1.jpg\";}}s:19:\"wonderstruck_header\";a:1:{i:0;a:2:{s:5:\"title\";s:7:\"Slide 1\";s:3:\"img\";s:30:\"wonderstruck_header/slide1.jpg\";}}s:18:\"wonderstruck_about\";a:4:{i:0;a:2:{s:5:\"title\";s:7:\"Slide 1\";s:3:\"img\";s:29:\"wonderstruck_about/slide1.jpg\";}i:1;a:2:{s:5:\"title\";s:7:\"Slide 2\";s:3:\"img\";s:29:\"wonderstruck_about/slide2.jpg\";}i:2;a:2:{s:5:\"title\";s:7:\"Slide 3\";s:3:\"img\";s:29:\"wonderstruck_about/slide3.jpg\";}i:3;a:2:{s:5:\"title\";s:7:\"Slide 4\";s:3:\"img\";s:29:\"wonderstruck_about/slide4.jpg\";}}s:18:\"wonderstruck-works\";a:1:{i:0;a:2:{s:5:\"title\";s:7:\"Slide 1\";s:3:\"img\";s:29:\"wonderstruck-works/slide1.jpg\";}}s:20:\"wonderstruck-contact\";a:1:{i:0;a:2:{s:5:\"title\";s:7:\"Slide 1\";s:3:\"img\";s:31:\"wonderstruck-contact/slide1.jpg\";}}s:11:\"bubblemorph\";a:3:{i:0;a:2:{s:5:\"title\";s:7:\"Slide 1\";s:3:\"img\";s:22:\"bubblemorph/slide1.jpg\";}i:1;a:2:{s:5:\"title\";s:7:\"Slide 2\";s:3:\"img\";s:22:\"bubblemorph/slide2.jpg\";}i:2;a:2:{s:5:\"title\";s:7:\"Slide 3\";s:3:\"img\";s:22:\"bubblemorph/slide3.jpg\";}}s:15:\"distortionaddon\";a:6:{i:0;a:2:{s:5:\"title\";s:7:\"Slide 1\";s:3:\"img\";s:26:\"distortionaddon/slide1.jpg\";}i:1;a:2:{s:5:\"title\";s:7:\"Slide 2\";s:3:\"img\";s:26:\"distortionaddon/slide2.jpg\";}i:2;a:2:{s:5:\"title\";s:7:\"Slide 3\";s:3:\"img\";s:26:\"distortionaddon/slide3.jpg\";}i:3;a:2:{s:5:\"title\";s:7:\"Slide 4\";s:3:\"img\";s:26:\"distortionaddon/slide4.jpg\";}i:4;a:2:{s:5:\"title\";s:7:\"Slide 5\";s:3:\"img\";s:26:\"distortionaddon/slide5.jpg\";}i:5;a:2:{s:5:\"title\";s:7:\"Slide 6\";s:3:\"img\";s:26:\"distortionaddon/slide6.jpg\";}}s:9:\"clubflyer\";a:1:{i:0;a:2:{s:5:\"title\";s:7:\"Slide 1\";s:3:\"img\";s:20:\"clubflyer/slide1.jpg\";}}s:15:\"paintbrushaddon\";a:3:{i:0;a:2:{s:5:\"title\";s:7:\"Slide 1\";s:3:\"img\";s:26:\"paintbrushaddon/slide1.jpg\";}i:1;a:2:{s:5:\"title\";s:7:\"Slide 2\";s:3:\"img\";s:26:\"paintbrushaddon/slide2.jpg\";}i:2;a:2:{s:5:\"title\";s:7:\"Slide 3\";s:3:\"img\";s:26:\"paintbrushaddon/slide3.jpg\";}}s:15:\"parallax_header\";a:1:{i:0;a:2:{s:5:\"title\";s:7:\"Slide 1\";s:3:\"img\";s:26:\"parallax_header/slide1.jpg\";}}s:16:\"parallax_content\";a:1:{i:0;a:2:{s:5:\"title\";s:7:\"Slide 1\";s:3:\"img\";s:27:\"parallax_content/slide1.jpg\";}}s:15:\"parallax_footer\";a:1:{i:0;a:2:{s:5:\"title\";s:7:\"Slide 1\";s:3:\"img\";s:26:\"parallax_footer/slide1.jpg\";}}s:12:\"le-chef-menu\";a:1:{i:0;a:2:{s:5:\"title\";s:7:\"Slide 1\";s:3:\"img\";s:23:\"le-chef-menu/slide1.jpg\";}}s:14:\"le-chef-header\";a:3:{i:0;a:2:{s:5:\"title\";s:7:\"Slide 1\";s:3:\"img\";s:25:\"le-chef-header/slide1.jpg\";}i:1;a:2:{s:5:\"title\";s:7:\"Slide 2\";s:3:\"img\";s:25:\"le-chef-header/slide2.jpg\";}i:2;a:2:{s:5:\"title\";s:7:\"Slide 3\";s:3:\"img\";s:25:\"le-chef-header/slide3.jpg\";}}s:18:\"le-chef-philosophy\";a:1:{i:0;a:2:{s:5:\"title\";s:7:\"Slide 1\";s:3:\"img\";s:29:\"le-chef-philosophy/slide1.jpg\";}}s:12:\"le-chef-food\";a:1:{i:0;a:2:{s:5:\"title\";s:7:\"Slide 1\";s:3:\"img\";s:23:\"le-chef-food/slide1.jpg\";}}s:16:\"le-chef-la-carte\";a:1:{i:0;a:2:{s:5:\"title\";s:7:\"Slide 1\";s:3:\"img\";s:27:\"le-chef-la-carte/slide1.jpg\";}}s:14:\"le-chef-footer\";a:1:{i:0;a:2:{s:5:\"title\";s:7:\"Slide 1\";s:3:\"img\";s:25:\"le-chef-footer/slide1.jpg\";}}s:20:\"news-magazine-slider\";a:4:{i:0;a:2:{s:5:\"title\";s:7:\"Slide 1\";s:3:\"img\";s:31:\"news-magazine-slider/slide1.jpg\";}i:1;a:2:{s:5:\"title\";s:7:\"Slide 2\";s:3:\"img\";s:31:\"news-magazine-slider/slide2.jpg\";}i:2;a:2:{s:5:\"title\";s:7:\"Slide 3\";s:3:\"img\";s:31:\"news-magazine-slider/slide3.jpg\";}i:3;a:2:{s:5:\"title\";s:7:\"Slide 4\";s:3:\"img\";s:31:\"news-magazine-slider/slide4.jpg\";}}s:18:\"real-estate-slider\";a:3:{i:0;a:2:{s:5:\"title\";s:7:\"Slide 1\";s:3:\"img\";s:29:\"real-estate-slider/slide1.jpg\";}i:1;a:2:{s:5:\"title\";s:7:\"Slide 2\";s:3:\"img\";s:29:\"real-estate-slider/slide2.jpg\";}i:2;a:2:{s:5:\"title\";s:7:\"Slide 3\";s:3:\"img\";s:29:\"real-estate-slider/slide3.jpg\";}}s:14:\"fashion-header\";a:3:{i:0;a:2:{s:5:\"title\";s:7:\"Slide 1\";s:3:\"img\";s:25:\"fashion-header/slide1.jpg\";}i:1;a:2:{s:5:\"title\";s:7:\"Slide 2\";s:3:\"img\";s:25:\"fashion-header/slide2.jpg\";}i:2;a:2:{s:5:\"title\";s:7:\"Slide 3\";s:3:\"img\";s:25:\"fashion-header/slide3.jpg\";}}s:13:\"seasonaloffer\";a:1:{i:0;a:2:{s:5:\"title\";s:7:\"Slide 1\";s:3:\"img\";s:24:\"seasonaloffer/slide1.jpg\";}}s:18:\"barber-shop-header\";a:1:{i:0;a:2:{s:5:\"title\";s:7:\"Slide 1\";s:3:\"img\";s:29:\"barber-shop-header/slide1.jpg\";}}s:23:\"barber-shop-mobile-menu\";a:1:{i:0;a:2:{s:5:\"title\";s:7:\"Slide 1\";s:3:\"img\";s:34:\"barber-shop-mobile-menu/slide1.jpg\";}}s:24:\"barber-shop-first-screen\";a:1:{i:0;a:2:{s:5:\"title\";s:7:\"Slide 1\";s:3:\"img\";s:35:\"barber-shop-first-screen/slide1.jpg\";}}s:17:\"barber-shop-about\";a:1:{i:0;a:2:{s:5:\"title\";s:7:\"Slide 1\";s:3:\"img\";s:28:\"barber-shop-about/slide1.jpg\";}}s:20:\"barber-shop-services\";a:1:{i:0;a:2:{s:5:\"title\";s:7:\"Slide 1\";s:3:\"img\";s:31:\"barber-shop-services/slide1.jpg\";}}s:19:\"barber-shop-barbers\";a:1:{i:0;a:2:{s:5:\"title\";s:7:\"Slide 1\";s:3:\"img\";s:30:\"barber-shop-barbers/slide1.jpg\";}}s:20:\"barber-shop-contacts\";a:1:{i:0;a:2:{s:5:\"title\";s:7:\"Slide 1\";s:3:\"img\";s:31:\"barber-shop-contacts/slide1.jpg\";}}s:18:\"barber-shop-footer\";a:1:{i:0;a:2:{s:5:\"title\";s:7:\"Slide 1\";s:3:\"img\";s:29:\"barber-shop-footer/slide1.jpg\";}}s:21:\"fitness-club-template\";a:4:{i:0;a:2:{s:5:\"title\";s:7:\"Slide 1\";s:3:\"img\";s:32:\"fitness-club-template/slide1.jpg\";}i:1;a:2:{s:5:\"title\";s:7:\"Slide 2\";s:3:\"img\";s:32:\"fitness-club-template/slide2.jpg\";}i:2;a:2:{s:5:\"title\";s:7:\"Slide 3\";s:3:\"img\";s:32:\"fitness-club-template/slide3.jpg\";}i:3;a:2:{s:5:\"title\";s:7:\"Slide 4\";s:3:\"img\";s:32:\"fitness-club-template/slide4.jpg\";}}s:13:\"soccer-school\";a:3:{i:0;a:2:{s:5:\"title\";s:7:\"Slide 1\";s:3:\"img\";s:24:\"soccer-school/slide1.jpg\";}i:1;a:2:{s:5:\"title\";s:7:\"Slide 2\";s:3:\"img\";s:24:\"soccer-school/slide2.jpg\";}i:2;a:2:{s:5:\"title\";s:7:\"Slide 3\";s:3:\"img\";s:24:\"soccer-school/slide3.jpg\";}}s:19:\"music-band-template\";a:5:{i:0;a:2:{s:5:\"title\";s:7:\"Slide 1\";s:3:\"img\";s:30:\"music-band-template/slide1.jpg\";}i:1;a:2:{s:5:\"title\";s:7:\"Slide 2\";s:3:\"img\";s:30:\"music-band-template/slide2.jpg\";}i:2;a:2:{s:5:\"title\";s:7:\"Slide 3\";s:3:\"img\";s:30:\"music-band-template/slide3.jpg\";}i:3;a:2:{s:5:\"title\";s:7:\"Slide 4\";s:3:\"img\";s:30:\"music-band-template/slide4.jpg\";}i:4;a:2:{s:5:\"title\";s:7:\"Slide 5\";s:3:\"img\";s:30:\"music-band-template/slide5.jpg\";}}s:15:\"restaurant-menu\";a:3:{i:0;a:2:{s:5:\"title\";s:7:\"Slide 1\";s:3:\"img\";s:26:\"restaurant-menu/slide1.jpg\";}i:1;a:2:{s:5:\"title\";s:7:\"Slide 2\";s:3:\"img\";s:26:\"restaurant-menu/slide2.jpg\";}i:2;a:2:{s:5:\"title\";s:7:\"Slide 3\";s:3:\"img\";s:26:\"restaurant-menu/slide3.jpg\";}}s:16:\"cinematic-slider\";a:3:{i:0;a:2:{s:5:\"title\";s:7:\"Slide 1\";s:3:\"img\";s:27:\"cinematic-slider/slide1.jpg\";}i:1;a:2:{s:5:\"title\";s:7:\"Slide 2\";s:3:\"img\";s:27:\"cinematic-slider/slide2.jpg\";}i:2;a:2:{s:5:\"title\";s:7:\"Slide 3\";s:3:\"img\";s:27:\"cinematic-slider/slide3.jpg\";}}s:17:\"3d-parallax-cubes\";a:3:{i:0;a:2:{s:5:\"title\";s:7:\"Slide 1\";s:3:\"img\";s:28:\"3d-parallax-cubes/slide1.jpg\";}i:1;a:2:{s:5:\"title\";s:7:\"Slide 2\";s:3:\"img\";s:28:\"3d-parallax-cubes/slide2.jpg\";}i:2;a:2:{s:5:\"title\";s:7:\"Slide 3\";s:3:\"img\";s:28:\"3d-parallax-cubes/slide3.jpg\";}}s:13:\"medicare-menu\";a:1:{i:0;a:2:{s:5:\"title\";s:7:\"Slide 1\";s:3:\"img\";s:24:\"medicare-menu/slide1.jpg\";}}s:15:\"medicare-header\";a:1:{i:0;a:2:{s:5:\"title\";s:7:\"Slide 1\";s:3:\"img\";s:26:\"medicare-header/slide1.jpg\";}}s:14:\"medicare-about\";a:1:{i:0;a:2:{s:5:\"title\";s:7:\"Slide 1\";s:3:\"img\";s:25:\"medicare-about/slide1.jpg\";}}s:18:\"medicare-highlight\";a:1:{i:0;a:2:{s:5:\"title\";s:7:\"Slide 1\";s:3:\"img\";s:29:\"medicare-highlight/slide1.jpg\";}}s:17:\"medicare-services\";a:1:{i:0;a:2:{s:5:\"title\";s:7:\"Slide 1\";s:3:\"img\";s:28:\"medicare-services/slide1.jpg\";}}s:16:\"medicare-doctors\";a:1:{i:0;a:2:{s:5:\"title\";s:7:\"Slide 1\";s:3:\"img\";s:27:\"medicare-doctors/slide1.jpg\";}}s:17:\"medicare-research\";a:4:{i:0;a:2:{s:5:\"title\";s:7:\"Slide 1\";s:3:\"img\";s:28:\"medicare-research/slide1.jpg\";}i:1;a:2:{s:5:\"title\";s:7:\"Slide 2\";s:3:\"img\";s:28:\"medicare-research/slide2.jpg\";}i:2;a:2:{s:5:\"title\";s:7:\"Slide 3\";s:3:\"img\";s:28:\"medicare-research/slide3.jpg\";}i:3;a:2:{s:5:\"title\";s:7:\"Slide 4\";s:3:\"img\";s:28:\"medicare-research/slide4.jpg\";}}s:18:\"medicare-whychoose\";a:1:{i:0;a:2:{s:5:\"title\";s:7:\"Slide 1\";s:3:\"img\";s:29:\"medicare-whychoose/slide1.jpg\";}}s:16:\"medicare-contact\";a:1:{i:0;a:2:{s:5:\"title\";s:7:\"Slide 1\";s:3:\"img\";s:27:\"medicare-contact/slide1.jpg\";}}s:15:\"medicare-footer\";a:1:{i:0;a:2:{s:5:\"title\";s:7:\"Slide 1\";s:3:\"img\";s:26:\"medicare-footer/slide1.jpg\";}}s:11:\"coffee-menu\";a:1:{i:0;a:2:{s:5:\"title\";s:7:\"Slide 1\";s:3:\"img\";s:22:\"coffee-menu/slide1.jpg\";}}s:13:\"coffee-header\";a:1:{i:0;a:2:{s:5:\"title\";s:7:\"Slide 1\";s:3:\"img\";s:24:\"coffee-header/slide1.jpg\";}}s:17:\"coffee-philosophy\";a:1:{i:0;a:2:{s:5:\"title\";s:7:\"Slide 1\";s:3:\"img\";s:28:\"coffee-philosophy/slide1.jpg\";}}s:12:\"coffee-carte\";a:1:{i:0;a:2:{s:5:\"title\";s:7:\"Slide 1\";s:3:\"img\";s:23:\"coffee-carte/slide1.jpg\";}}s:13:\"coffee-teaser\";a:1:{i:0;a:2:{s:5:\"title\";s:7:\"Slide 1\";s:3:\"img\";s:24:\"coffee-teaser/slide1.jpg\";}}s:13:\"coffee-findus\";a:1:{i:0;a:2:{s:5:\"title\";s:7:\"Slide 1\";s:3:\"img\";s:24:\"coffee-findus/slide1.jpg\";}}s:13:\"coffee-footer\";a:1:{i:0;a:2:{s:5:\"title\";s:7:\"Slide 1\";s:3:\"img\";s:24:\"coffee-footer/slide1.jpg\";}}s:17:\"minimal-portfolio\";a:4:{i:0;a:2:{s:5:\"title\";s:7:\"Slide 1\";s:3:\"img\";s:28:\"minimal-portfolio/slide1.jpg\";}i:1;a:2:{s:5:\"title\";s:7:\"Slide 2\";s:3:\"img\";s:28:\"minimal-portfolio/slide2.jpg\";}i:2;a:2:{s:5:\"title\";s:7:\"Slide 3\";s:3:\"img\";s:28:\"minimal-portfolio/slide3.jpg\";}i:3;a:2:{s:5:\"title\";s:7:\"Slide 4\";s:3:\"img\";s:28:\"minimal-portfolio/slide4.jpg\";}}s:23:\"minimal-portfolio-modal\";a:7:{i:0;a:2:{s:5:\"title\";s:7:\"Slide 1\";s:3:\"img\";s:34:\"minimal-portfolio-modal/slide1.jpg\";}i:1;a:2:{s:5:\"title\";s:7:\"Slide 2\";s:3:\"img\";s:34:\"minimal-portfolio-modal/slide2.jpg\";}i:2;a:2:{s:5:\"title\";s:7:\"Slide 3\";s:3:\"img\";s:34:\"minimal-portfolio-modal/slide3.jpg\";}i:3;a:2:{s:5:\"title\";s:7:\"Slide 4\";s:3:\"img\";s:34:\"minimal-portfolio-modal/slide4.jpg\";}i:4;a:2:{s:5:\"title\";s:7:\"Slide 5\";s:3:\"img\";s:34:\"minimal-portfolio-modal/slide5.jpg\";}i:5;a:2:{s:5:\"title\";s:7:\"Slide 6\";s:3:\"img\";s:34:\"minimal-portfolio-modal/slide6.jpg\";}i:6;a:2:{s:5:\"title\";s:7:\"Slide 7\";s:3:\"img\";s:34:\"minimal-portfolio-modal/slide7.jpg\";}}s:11:\"angled-menu\";a:1:{i:0;a:2:{s:5:\"title\";s:7:\"Slide 1\";s:3:\"img\";s:22:\"angled-menu/slide1.jpg\";}}s:13:\"angled-header\";a:1:{i:0;a:2:{s:5:\"title\";s:7:\"Slide 1\";s:3:\"img\";s:24:\"angled-header/slide1.jpg\";}}s:11:\"angled-news\";a:1:{i:0;a:2:{s:5:\"title\";s:7:\"Slide 1\";s:3:\"img\";s:22:\"angled-news/slide1.jpg\";}}s:15:\"angled-services\";a:1:{i:0;a:2:{s:5:\"title\";s:7:\"Slide 1\";s:3:\"img\";s:26:\"angled-services/slide1.jpg\";}}s:14:\"angled-success\";a:1:{i:0;a:2:{s:5:\"title\";s:7:\"Slide 1\";s:3:\"img\";s:25:\"angled-success/slide1.jpg\";}}s:13:\"angled-footer\";a:1:{i:0;a:2:{s:5:\"title\";s:7:\"Slide 1\";s:3:\"img\";s:24:\"angled-footer/slide1.jpg\";}}s:20:\"angled-content-modal\";a:6:{i:0;a:2:{s:5:\"title\";s:7:\"Slide 1\";s:3:\"img\";s:31:\"angled-content-modal/slide1.jpg\";}i:1;a:2:{s:5:\"title\";s:7:\"Slide 2\";s:3:\"img\";s:31:\"angled-content-modal/slide2.jpg\";}i:2;a:2:{s:5:\"title\";s:7:\"Slide 3\";s:3:\"img\";s:31:\"angled-content-modal/slide3.jpg\";}i:3;a:2:{s:5:\"title\";s:7:\"Slide 4\";s:3:\"img\";s:31:\"angled-content-modal/slide4.jpg\";}i:4;a:2:{s:5:\"title\";s:7:\"Slide 5\";s:3:\"img\";s:31:\"angled-content-modal/slide5.jpg\";}i:5;a:2:{s:5:\"title\";s:7:\"Slide 6\";s:3:\"img\";s:31:\"angled-content-modal/slide6.jpg\";}}s:13:\"big-bold-menu\";a:1:{i:0;a:2:{s:5:\"title\";s:7:\"Slide 1\";s:3:\"img\";s:24:\"big-bold-menu/slide1.jpg\";}}s:15:\"big-bold-header\";a:1:{i:0;a:2:{s:5:\"title\";s:7:\"Slide 1\";s:3:\"img\";s:26:\"big-bold-header/slide1.jpg\";}}s:16:\"big-bold-content\";a:1:{i:0;a:2:{s:5:\"title\";s:7:\"Slide 1\";s:3:\"img\";s:27:\"big-bold-content/slide1.jpg\";}}s:13:\"big-bold-blog\";a:1:{i:0;a:2:{s:5:\"title\";s:7:\"Slide 1\";s:3:\"img\";s:24:\"big-bold-blog/slide1.jpg\";}}s:18:\"big-bold-highlight\";a:1:{i:0;a:2:{s:5:\"title\";s:7:\"Slide 1\";s:3:\"img\";s:29:\"big-bold-highlight/slide1.jpg\";}}s:15:\"big-bold-footer\";a:1:{i:0;a:2:{s:5:\"title\";s:7:\"Slide 1\";s:3:\"img\";s:26:\"big-bold-footer/slide1.jpg\";}}s:7:\"Retouch\";a:3:{i:0;a:2:{s:5:\"title\";s:7:\"Slide 1\";s:3:\"img\";s:18:\"Retouch/slide1.jpg\";}i:1;a:2:{s:5:\"title\";s:7:\"Slide 2\";s:3:\"img\";s:18:\"Retouch/slide2.jpg\";}i:2;a:2:{s:5:\"title\";s:7:\"Slide 3\";s:3:\"img\";s:18:\"Retouch/slide3.jpg\";}}s:11:\"tech-slider\";a:3:{i:0;a:2:{s:5:\"title\";s:7:\"Slide 1\";s:3:\"img\";s:22:\"tech-slider/slide1.jpg\";}i:1;a:2:{s:5:\"title\";s:7:\"Slide 2\";s:3:\"img\";s:22:\"tech-slider/slide2.jpg\";}i:2;a:2:{s:5:\"title\";s:7:\"Slide 3\";s:3:\"img\";s:22:\"tech-slider/slide3.jpg\";}}s:11:\"peak-header\";a:1:{i:0;a:2:{s:5:\"title\";s:7:\"Slide 1\";s:3:\"img\";s:22:\"peak-header/slide1.jpg\";}}s:10:\"peak-about\";a:1:{i:0;a:2:{s:5:\"title\";s:7:\"Slide 1\";s:3:\"img\";s:21:\"peak-about/slide1.jpg\";}}s:14:\"peak-portfolio\";a:1:{i:0;a:2:{s:5:\"title\";s:7:\"Slide 1\";s:3:\"img\";s:25:\"peak-portfolio/slide1.jpg\";}}s:11:\"peak-footer\";a:1:{i:0;a:2:{s:5:\"title\";s:7:\"Slide 1\";s:3:\"img\";s:22:\"peak-footer/slide1.jpg\";}}s:17:\"portfolio-welcome\";a:1:{i:0;a:2:{s:5:\"title\";s:7:\"Slide 1\";s:3:\"img\";s:28:\"portfolio-welcome/slide1.jpg\";}}s:15:\"portfolio-about\";a:1:{i:0;a:2:{s:5:\"title\";s:7:\"Slide 1\";s:3:\"img\";s:26:\"portfolio-about/slide1.jpg\";}}s:21:\"portfolio-works-title\";a:1:{i:0;a:2:{s:5:\"title\";s:7:\"Slide 1\";s:3:\"img\";s:32:\"portfolio-works-title/slide1.jpg\";}}s:23:\"portfolio-works-content\";a:1:{i:0;a:2:{s:5:\"title\";s:7:\"Slide 1\";s:3:\"img\";s:34:\"portfolio-works-content/slide1.jpg\";}}s:18:\"portfolio-contacts\";a:1:{i:0;a:2:{s:5:\"title\";s:7:\"Slide 1\";s:3:\"img\";s:29:\"portfolio-contacts/slide1.jpg\";}}s:18:\"App-Studio-Welcome\";a:1:{i:0;a:2:{s:5:\"title\";s:7:\"Slide 1\";s:3:\"img\";s:29:\"App-Studio-Welcome/slide1.jpg\";}}s:19:\"App-Studio-Services\";a:1:{i:0;a:2:{s:5:\"title\";s:7:\"Slide 1\";s:3:\"img\";s:30:\"App-Studio-Services/slide1.jpg\";}}s:16:\"App-Studio-About\";a:1:{i:0;a:2:{s:5:\"title\";s:7:\"Slide 1\";s:3:\"img\";s:27:\"App-Studio-About/slide1.jpg\";}}s:19:\"App-Studio-Contacts\";a:1:{i:0;a:2:{s:5:\"title\";s:7:\"Slide 1\";s:3:\"img\";s:30:\"App-Studio-Contacts/slide1.jpg\";}}s:14:\"cube-animation\";a:3:{i:0;a:2:{s:5:\"title\";s:7:\"Slide 1\";s:3:\"img\";s:25:\"cube-animation/slide1.jpg\";}i:1;a:2:{s:5:\"title\";s:7:\"Slide 2\";s:3:\"img\";s:25:\"cube-animation/slide2.jpg\";}i:2;a:2:{s:5:\"title\";s:7:\"Slide 3\";s:3:\"img\";s:25:\"cube-animation/slide3.jpg\";}}s:10:\"basic-menu\";a:1:{i:0;a:2:{s:5:\"title\";s:7:\"Slide 1\";s:3:\"img\";s:21:\"basic-menu/slide1.jpg\";}}s:12:\"basic-header\";a:1:{i:0;a:2:{s:5:\"title\";s:7:\"Slide 1\";s:3:\"img\";s:23:\"basic-header/slide1.jpg\";}}s:13:\"basic-content\";a:1:{i:0;a:2:{s:5:\"title\";s:7:\"Slide 1\";s:3:\"img\";s:24:\"basic-content/slide1.jpg\";}}s:14:\"basic-carousel\";a:5:{i:0;a:2:{s:5:\"title\";s:7:\"Slide 1\";s:3:\"img\";s:25:\"basic-carousel/slide1.jpg\";}i:1;a:2:{s:5:\"title\";s:7:\"Slide 2\";s:3:\"img\";s:25:\"basic-carousel/slide2.jpg\";}i:2;a:2:{s:5:\"title\";s:7:\"Slide 3\";s:3:\"img\";s:25:\"basic-carousel/slide3.jpg\";}i:3;a:2:{s:5:\"title\";s:7:\"Slide 4\";s:3:\"img\";s:25:\"basic-carousel/slide4.jpg\";}i:4;a:2:{s:5:\"title\";s:7:\"Slide 5\";s:3:\"img\";s:25:\"basic-carousel/slide5.jpg\";}}s:13:\"basic-callout\";a:1:{i:0;a:2:{s:5:\"title\";s:7:\"Slide 1\";s:3:\"img\";s:24:\"basic-callout/slide1.jpg\";}}s:10:\"basic-grid\";a:1:{i:0;a:2:{s:5:\"title\";s:7:\"Slide 1\";s:3:\"img\";s:21:\"basic-grid/slide1.jpg\";}}s:17:\"basic-video-block\";a:1:{i:0;a:2:{s:5:\"title\";s:7:\"Slide 1\";s:3:\"img\";s:28:\"basic-video-block/slide1.jpg\";}}s:12:\"basic-footer\";a:1:{i:0;a:2:{s:5:\"title\";s:7:\"Slide 1\";s:3:\"img\";s:23:\"basic-footer/slide1.jpg\";}}s:14:\"basic-lightbox\";a:6:{i:0;a:2:{s:5:\"title\";s:7:\"Slide 1\";s:3:\"img\";s:25:\"basic-lightbox/slide1.jpg\";}i:1;a:2:{s:5:\"title\";s:7:\"Slide 2\";s:3:\"img\";s:25:\"basic-lightbox/slide2.jpg\";}i:2;a:2:{s:5:\"title\";s:7:\"Slide 3\";s:3:\"img\";s:25:\"basic-lightbox/slide3.jpg\";}i:3;a:2:{s:5:\"title\";s:7:\"Slide 4\";s:3:\"img\";s:25:\"basic-lightbox/slide4.jpg\";}i:4;a:2:{s:5:\"title\";s:7:\"Slide 5\";s:3:\"img\";s:25:\"basic-lightbox/slide5.jpg\";}i:5;a:2:{s:5:\"title\";s:7:\"Slide 6\";s:3:\"img\";s:25:\"basic-lightbox/slide6.jpg\";}}s:13:\"nature-slider\";a:3:{i:0;a:2:{s:5:\"title\";s:7:\"Slide 1\";s:3:\"img\";s:24:\"nature-slider/slide1.jpg\";}i:1;a:2:{s:5:\"title\";s:7:\"Slide 2\";s:3:\"img\";s:24:\"nature-slider/slide2.jpg\";}i:2;a:2:{s:5:\"title\";s:7:\"Slide 3\";s:3:\"img\";s:24:\"nature-slider/slide3.jpg\";}}s:11:\"art-gallery\";a:4:{i:0;a:2:{s:5:\"title\";s:7:\"Slide 1\";s:3:\"img\";s:22:\"art-gallery/slide1.jpg\";}i:1;a:2:{s:5:\"title\";s:7:\"Slide 2\";s:3:\"img\";s:22:\"art-gallery/slide2.jpg\";}i:2;a:2:{s:5:\"title\";s:7:\"Slide 3\";s:3:\"img\";s:22:\"art-gallery/slide3.jpg\";}i:3;a:2:{s:5:\"title\";s:7:\"Slide 4\";s:3:\"img\";s:22:\"art-gallery/slide4.jpg\";}}s:19:\"Construction-Header\";a:1:{i:0;a:2:{s:5:\"title\";s:7:\"Slide 1\";s:3:\"img\";s:30:\"Construction-Header/slide1.jpg\";}}s:17:\"Construction-Home\";a:3:{i:0;a:2:{s:5:\"title\";s:7:\"Slide 1\";s:3:\"img\";s:28:\"Construction-Home/slide1.jpg\";}i:1;a:2:{s:5:\"title\";s:7:\"Slide 2\";s:3:\"img\";s:28:\"Construction-Home/slide2.jpg\";}i:2;a:2:{s:5:\"title\";s:7:\"Slide 3\";s:3:\"img\";s:28:\"Construction-Home/slide3.jpg\";}}s:21:\"Construction-Projects\";a:1:{i:0;a:2:{s:5:\"title\";s:7:\"Slide 1\";s:3:\"img\";s:32:\"Construction-Projects/slide1.jpg\";}}s:20:\"Construction-History\";a:1:{i:0;a:2:{s:5:\"title\";s:7:\"Slide 1\";s:3:\"img\";s:31:\"Construction-History/slide1.jpg\";}}s:21:\"Construction-Services\";a:1:{i:0;a:2:{s:5:\"title\";s:7:\"Slide 1\";s:3:\"img\";s:32:\"Construction-Services/slide1.jpg\";}}s:21:\"Construction-Contacts\";a:1:{i:0;a:2:{s:5:\"title\";s:7:\"Slide 1\";s:3:\"img\";s:32:\"Construction-Contacts/slide1.jpg\";}}s:21:\"404-Error-Space-Theme\";a:1:{i:0;a:2:{s:5:\"title\";s:7:\"Slide 1\";s:3:\"img\";s:32:\"404-Error-Space-Theme/slide1.jpg\";}}s:17:\"landing-page-hero\";a:1:{i:0;a:2:{s:5:\"title\";s:7:\"Slide 1\";s:3:\"img\";s:28:\"landing-page-hero/slide1.jpg\";}}s:21:\"landing-page-features\";a:1:{i:0;a:2:{s:5:\"title\";s:7:\"Slide 1\";s:3:\"img\";s:32:\"landing-page-features/slide1.jpg\";}}s:20:\"landing-page-callout\";a:1:{i:0;a:2:{s:5:\"title\";s:7:\"Slide 1\";s:3:\"img\";s:31:\"landing-page-callout/slide1.jpg\";}}s:20:\"landing-page-content\";a:1:{i:0;a:2:{s:5:\"title\";s:7:\"Slide 1\";s:3:\"img\";s:31:\"landing-page-content/slide1.jpg\";}}s:25:\"landing-page-testimonials\";a:1:{i:0;a:2:{s:5:\"title\";s:7:\"Slide 1\";s:3:\"img\";s:36:\"landing-page-testimonials/slide1.jpg\";}}s:27:\"landing-page-call-to-action\";a:1:{i:0;a:2:{s:5:\"title\";s:7:\"Slide 1\";s:3:\"img\";s:38:\"landing-page-call-to-action/slide1.jpg\";}}s:17:\"landing-page-help\";a:1:{i:0;a:2:{s:5:\"title\";s:7:\"Slide 1\";s:3:\"img\";s:28:\"landing-page-help/slide1.jpg\";}}s:19:\"landing-page-footer\";a:1:{i:0;a:2:{s:5:\"title\";s:7:\"Slide 1\";s:3:\"img\";s:30:\"landing-page-footer/slide1.jpg\";}}s:24:\"landing-page-price-modal\";a:1:{i:0;a:2:{s:5:\"title\";s:7:\"Slide 1\";s:3:\"img\";s:35:\"landing-page-price-modal/slide1.jpg\";}}s:18:\"energy-drinks-hero\";a:1:{i:0;a:2:{s:5:\"title\";s:7:\"Slide 1\";s:3:\"img\";s:29:\"energy-drinks-hero/slide1.jpg\";}}s:19:\"energy-drinks-about\";a:1:{i:0;a:2:{s:5:\"title\";s:7:\"Slide 1\";s:3:\"img\";s:30:\"energy-drinks-about/slide1.jpg\";}}s:21:\"energy-drinks-product\";a:1:{i:0;a:2:{s:5:\"title\";s:7:\"Slide 1\";s:3:\"img\";s:32:\"energy-drinks-product/slide1.jpg\";}}s:23:\"energy-drinks-product-2\";a:1:{i:0;a:2:{s:5:\"title\";s:7:\"Slide 1\";s:3:\"img\";s:34:\"energy-drinks-product-2/slide1.jpg\";}}s:23:\"energy-drinks-product-3\";a:1:{i:0;a:2:{s:5:\"title\";s:7:\"Slide 1\";s:3:\"img\";s:34:\"energy-drinks-product-3/slide1.jpg\";}}s:19:\"energy-drinks-order\";a:1:{i:0;a:2:{s:5:\"title\";s:7:\"Slide 1\";s:3:\"img\";s:30:\"energy-drinks-order/slide1.jpg\";}}s:20:\"energy-drinks-footer\";a:1:{i:0;a:2:{s:5:\"title\";s:7:\"Slide 1\";s:3:\"img\";s:31:\"energy-drinks-footer/slide1.jpg\";}}s:19:\"energy-drinks-modal\";a:1:{i:0;a:2:{s:5:\"title\";s:7:\"Slide 1\";s:3:\"img\";s:30:\"energy-drinks-modal/slide1.jpg\";}}s:16:\"Corporate-Header\";a:1:{i:0;a:2:{s:5:\"title\";s:7:\"Slide 1\";s:3:\"img\";s:27:\"Corporate-Header/slide1.jpg\";}}s:24:\"Corporate-Welcome-Screen\";a:1:{i:0;a:2:{s:5:\"title\";s:7:\"Slide 1\";s:3:\"img\";s:35:\"Corporate-Welcome-Screen/slide1.jpg\";}}s:15:\"Corporate-About\";a:1:{i:0;a:2:{s:5:\"title\";s:7:\"Slide 1\";s:3:\"img\";s:26:\"Corporate-About/slide1.jpg\";}}s:19:\"Corporate-Portfolio\";a:1:{i:0;a:2:{s:5:\"title\";s:7:\"Slide 1\";s:3:\"img\";s:30:\"Corporate-Portfolio/slide1.jpg\";}}s:15:\"Corporate-Chart\";a:1:{i:0;a:2:{s:5:\"title\";s:7:\"Slide 1\";s:3:\"img\";s:26:\"Corporate-Chart/slide1.jpg\";}}s:14:\"Corporate-News\";a:1:{i:0;a:2:{s:5:\"title\";s:7:\"Slide 1\";s:3:\"img\";s:25:\"Corporate-News/slide1.jpg\";}}s:16:\"Corporate-Hiring\";a:1:{i:0;a:2:{s:5:\"title\";s:7:\"Slide 1\";s:3:\"img\";s:25:\"Corporate-News/slide1.jpg\";}}s:22:\"Corporate-Testimonials\";a:3:{i:0;a:2:{s:5:\"title\";s:7:\"Slide 1\";s:3:\"img\";s:33:\"Corporate-Testimonials/slide1.jpg\";}i:1;a:2:{s:5:\"title\";s:7:\"Slide 2\";s:3:\"img\";s:33:\"Corporate-Testimonials/slide2.jpg\";}i:2;a:2:{s:5:\"title\";s:7:\"Slide 3\";s:3:\"img\";s:33:\"Corporate-Testimonials/slide3.jpg\";}}s:15:\"Corporate-Store\";a:1:{i:0;a:2:{s:5:\"title\";s:7:\"Slide 1\";s:3:\"img\";s:26:\"Corporate-Store/slide1.jpg\";}}s:17:\"Corporate-Support\";a:1:{i:0;a:2:{s:5:\"title\";s:7:\"Slide 1\";s:3:\"img\";s:28:\"Corporate-Support/slide1.jpg\";}}s:14:\"Corporate-Team\";a:1:{i:0;a:2:{s:5:\"title\";s:7:\"Slide 1\";s:3:\"img\";s:25:\"Corporate-Team/slide1.jpg\";}}s:33:\"Corporate-Selected-Projects-Title\";a:1:{i:0;a:2:{s:5:\"title\";s:7:\"Slide 1\";s:3:\"img\";s:44:\"Corporate-Selected-Projects-Title/slide1.jpg\";}}s:27:\"Corporate-Selected-Projects\";a:7:{i:0;a:2:{s:5:\"title\";s:7:\"Slide 1\";s:3:\"img\";s:38:\"Corporate-Selected-Projects/slide1.jpg\";}i:1;a:2:{s:5:\"title\";s:7:\"Slide 2\";s:3:\"img\";s:38:\"Corporate-Selected-Projects/slide2.jpg\";}i:2;a:2:{s:5:\"title\";s:7:\"Slide 3\";s:3:\"img\";s:38:\"Corporate-Selected-Projects/slide3.jpg\";}i:3;a:2:{s:5:\"title\";s:7:\"Slide 4\";s:3:\"img\";s:38:\"Corporate-Selected-Projects/slide4.jpg\";}i:4;a:2:{s:5:\"title\";s:7:\"Slide 5\";s:3:\"img\";s:38:\"Corporate-Selected-Projects/slide5.jpg\";}i:5;a:2:{s:5:\"title\";s:7:\"Slide 6\";s:3:\"img\";s:38:\"Corporate-Selected-Projects/slide6.jpg\";}i:6;a:2:{s:5:\"title\";s:7:\"Slide 7\";s:3:\"img\";s:38:\"Corporate-Selected-Projects/slide7.jpg\";}}s:17:\"Corporate-Clients\";a:1:{i:0;a:2:{s:5:\"title\";s:7:\"Slide 1\";s:3:\"img\";s:28:\"Corporate-Clients/slide1.jpg\";}}s:20:\"Corporate-Text-Block\";a:1:{i:0;a:2:{s:5:\"title\";s:7:\"Slide 1\";s:3:\"img\";s:31:\"Corporate-Text-Block/slide1.jpg\";}}s:20:\"Corporate-Mobile-App\";a:1:{i:0;a:2:{s:5:\"title\";s:7:\"Slide 1\";s:3:\"img\";s:31:\"Corporate-Mobile-App/slide1.jpg\";}}s:18:\"Corporate-Contacts\";a:1:{i:0;a:2:{s:5:\"title\";s:7:\"Slide 1\";s:3:\"img\";s:29:\"Corporate-Contacts/slide1.jpg\";}}s:16:\"Corporate-Footer\";a:1:{i:0;a:2:{s:5:\"title\";s:7:\"Slide 1\";s:3:\"img\";s:27:\"Corporate-Footer/slide1.jpg\";}}s:23:\"Corporate-Scroll-To-Top\";a:1:{i:0;a:2:{s:5:\"title\";s:7:\"Slide 1\";s:3:\"img\";s:34:\"Corporate-Scroll-To-Top/slide1.jpg\";}}s:14:\"geometric-menu\";a:1:{i:0;a:2:{s:5:\"title\";s:7:\"Slide 1\";s:3:\"img\";s:25:\"geometric-menu/slide1.jpg\";}}s:14:\"geometric-hero\";a:1:{i:0;a:2:{s:5:\"title\";s:7:\"Slide 1\";s:3:\"img\";s:25:\"geometric-hero/slide1.jpg\";}}s:14:\"geometric-grid\";a:1:{i:0;a:2:{s:5:\"title\";s:7:\"Slide 1\";s:3:\"img\";s:25:\"geometric-grid/slide1.jpg\";}}s:15:\"geometric-about\";a:1:{i:0;a:2:{s:5:\"title\";s:7:\"Slide 1\";s:3:\"img\";s:26:\"geometric-about/slide1.jpg\";}}s:15:\"geometric-texts\";a:1:{i:0;a:2:{s:5:\"title\";s:7:\"Slide 1\";s:3:\"img\";s:26:\"geometric-texts/slide1.jpg\";}}s:18:\"geometric-services\";a:1:{i:0;a:2:{s:5:\"title\";s:7:\"Slide 1\";s:3:\"img\";s:29:\"geometric-services/slide1.jpg\";}}s:17:\"geometric-texts-2\";a:1:{i:0;a:2:{s:5:\"title\";s:7:\"Slide 1\";s:3:\"img\";s:28:\"geometric-texts-2/slide1.jpg\";}}s:22:\"geometric-testimonials\";a:1:{i:0;a:2:{s:5:\"title\";s:7:\"Slide 1\";s:3:\"img\";s:33:\"geometric-testimonials/slide1.jpg\";}}s:16:\"geometric-footer\";a:1:{i:0;a:2:{s:5:\"title\";s:7:\"Slide 1\";s:3:\"img\";s:27:\"geometric-footer/slide1.jpg\";}}s:18:\"geometric-lightbox\";a:6:{i:0;a:2:{s:5:\"title\";s:7:\"Slide 1\";s:3:\"img\";s:29:\"geometric-lightbox/slide1.jpg\";}i:1;a:2:{s:5:\"title\";s:7:\"Slide 2\";s:3:\"img\";s:29:\"geometric-lightbox/slide2.jpg\";}i:2;a:2:{s:5:\"title\";s:7:\"Slide 3\";s:3:\"img\";s:29:\"geometric-lightbox/slide3.jpg\";}i:3;a:2:{s:5:\"title\";s:7:\"Slide 4\";s:3:\"img\";s:29:\"geometric-lightbox/slide4.jpg\";}i:4;a:2:{s:5:\"title\";s:7:\"Slide 5\";s:3:\"img\";s:29:\"geometric-lightbox/slide5.jpg\";}i:5;a:2:{s:5:\"title\";s:7:\"Slide 6\";s:3:\"img\";s:29:\"geometric-lightbox/slide6.jpg\";}}s:11:\"brutal-menu\";a:1:{i:0;a:2:{s:5:\"title\";s:7:\"Slide 1\";s:3:\"img\";s:22:\"brutal-menu/slide1.jpg\";}}s:11:\"brutal-hero\";a:1:{i:0;a:2:{s:5:\"title\";s:7:\"Slide 1\";s:3:\"img\";s:22:\"brutal-hero/slide1.jpg\";}}s:12:\"brutal-about\";a:1:{i:0;a:2:{s:5:\"title\";s:7:\"Slide 1\";s:3:\"img\";s:23:\"brutal-about/slide1.jpg\";}}s:16:\"brutal-highlight\";a:1:{i:0;a:2:{s:5:\"title\";s:7:\"Slide 1\";s:3:\"img\";s:27:\"brutal-highlight/slide1.jpg\";}}s:15:\"brutal-projects\";a:4:{i:0;a:2:{s:5:\"title\";s:7:\"Slide 1\";s:3:\"img\";s:26:\"brutal-projects/slide1.jpg\";}i:1;a:2:{s:5:\"title\";s:7:\"Slide 2\";s:3:\"img\";s:26:\"brutal-projects/slide2.jpg\";}i:2;a:2:{s:5:\"title\";s:7:\"Slide 3\";s:3:\"img\";s:26:\"brutal-projects/slide3.jpg\";}i:3;a:2:{s:5:\"title\";s:7:\"Slide 4\";s:3:\"img\";s:26:\"brutal-projects/slide4.jpg\";}}s:15:\"brutal-services\";a:4:{i:0;a:2:{s:5:\"title\";s:7:\"Slide 1\";s:3:\"img\";s:26:\"brutal-services/slide1.jpg\";}i:1;a:2:{s:5:\"title\";s:7:\"Slide 2\";s:3:\"img\";s:26:\"brutal-services/slide2.jpg\";}i:2;a:2:{s:5:\"title\";s:7:\"Slide 3\";s:3:\"img\";s:26:\"brutal-services/slide3.jpg\";}i:3;a:2:{s:5:\"title\";s:7:\"Slide 4\";s:3:\"img\";s:26:\"brutal-services/slide4.jpg\";}}s:14:\"brutal-callout\";a:1:{i:0;a:2:{s:5:\"title\";s:7:\"Slide 1\";s:3:\"img\";s:25:\"brutal-callout/slide1.jpg\";}}s:13:\"brutal-footer\";a:1:{i:0;a:2:{s:5:\"title\";s:7:\"Slide 1\";s:3:\"img\";s:24:\"brutal-footer/slide1.jpg\";}}s:13:\"Church-Header\";a:1:{i:0;a:2:{s:5:\"title\";s:7:\"Slide 1\";s:3:\"img\";s:24:\"Church-Header/slide1.jpg\";}}s:22:\"Church-Upcoming-Events\";a:3:{i:0;a:2:{s:5:\"title\";s:7:\"Slide 1\";s:3:\"img\";s:33:\"Church-Upcoming-Events/slide1.jpg\";}i:1;a:2:{s:5:\"title\";s:7:\"Slide 2\";s:3:\"img\";s:33:\"Church-Upcoming-Events/slide2.jpg\";}i:2;a:2:{s:5:\"title\";s:7:\"Slide 3\";s:3:\"img\";s:33:\"Church-Upcoming-Events/slide3.jpg\";}}s:12:\"Church-About\";a:1:{i:0;a:2:{s:5:\"title\";s:7:\"Slide 1\";s:3:\"img\";s:23:\"Church-About/slide1.jpg\";}}s:14:\"Church-Pastors\";a:1:{i:0;a:2:{s:5:\"title\";s:7:\"Slide 1\";s:3:\"img\";s:25:\"Church-Pastors/slide1.jpg\";}}s:20:\"Church-Photo-Gallery\";a:1:{i:0;a:2:{s:5:\"title\";s:7:\"Slide 1\";s:3:\"img\";s:31:\"Church-Photo-Gallery/slide1.jpg\";}}s:16:\"Church-Community\";a:1:{i:0;a:2:{s:5:\"title\";s:7:\"Slide 1\";s:3:\"img\";s:27:\"Church-Community/slide1.jpg\";}}s:13:\"Church-Sermon\";a:1:{i:0;a:2:{s:5:\"title\";s:7:\"Slide 1\";s:3:\"img\";s:24:\"Church-Sermon/slide1.jpg\";}}s:15:\"Church-Contacts\";a:1:{i:0;a:2:{s:5:\"title\";s:7:\"Slide 1\";s:3:\"img\";s:26:\"Church-Contacts/slide1.jpg\";}}s:13:\"Church-Footer\";a:1:{i:0;a:2:{s:5:\"title\";s:7:\"Slide 1\";s:3:\"img\";s:24:\"Church-Footer/slide1.jpg\";}}s:19:\"Church-Light-Header\";a:1:{i:0;a:2:{s:5:\"title\";s:7:\"Slide 1\";s:3:\"img\";s:30:\"Church-Light-Header/slide1.jpg\";}}s:28:\"Church-Light-Upcoming-Events\";a:3:{i:0;a:2:{s:5:\"title\";s:7:\"Slide 1\";s:3:\"img\";s:39:\"Church-Light-Upcoming-Events/slide1.jpg\";}i:1;a:2:{s:5:\"title\";s:7:\"Slide 2\";s:3:\"img\";s:39:\"Church-Light-Upcoming-Events/slide2.jpg\";}i:2;a:2:{s:5:\"title\";s:7:\"Slide 3\";s:3:\"img\";s:39:\"Church-Light-Upcoming-Events/slide3.jpg\";}}s:18:\"Church-Light-About\";a:1:{i:0;a:2:{s:5:\"title\";s:7:\"Slide 1\";s:3:\"img\";s:29:\"Church-Light-About/slide1.jpg\";}}s:20:\"Church-Light-Pastors\";a:1:{i:0;a:2:{s:5:\"title\";s:7:\"Slide 1\";s:3:\"img\";s:31:\"Church-Light-Pastors/slide1.jpg\";}}s:26:\"Church-Light-Photo-Gallery\";a:1:{i:0;a:2:{s:5:\"title\";s:7:\"Slide 1\";s:3:\"img\";s:37:\"Church-Light-Photo-Gallery/slide1.jpg\";}}s:22:\"Church-Light-Community\";a:1:{i:0;a:2:{s:5:\"title\";s:7:\"Slide 1\";s:3:\"img\";s:33:\"Church-Light-Community/slide1.jpg\";}}s:19:\"Church-Light-Sermon\";a:1:{i:0;a:2:{s:5:\"title\";s:7:\"Slide 1\";s:3:\"img\";s:30:\"Church-Light-Sermon/slide1.jpg\";}}s:21:\"Church-Light-Contacts\";a:1:{i:0;a:2:{s:5:\"title\";s:7:\"Slide 1\";s:3:\"img\";s:32:\"Church-Light-Contacts/slide1.jpg\";}}s:19:\"Church-Light-Footer\";a:1:{i:0;a:2:{s:5:\"title\";s:7:\"Slide 1\";s:3:\"img\";s:30:\"Church-Light-Footer/slide1.jpg\";}}s:13:\"rockable-menu\";a:1:{i:0;a:2:{s:5:\"title\";s:7:\"Slide 1\";s:3:\"img\";s:24:\"rockable-menu/slide1.jpg\";}}s:13:\"rockable-hero\";a:5:{i:0;a:2:{s:5:\"title\";s:7:\"Slide 1\";s:3:\"img\";s:24:\"rockable-hero/slide1.jpg\";}i:1;a:2:{s:5:\"title\";s:7:\"Slide 2\";s:3:\"img\";s:24:\"rockable-hero/slide2.jpg\";}i:2;a:2:{s:5:\"title\";s:7:\"Slide 3\";s:3:\"img\";s:24:\"rockable-hero/slide3.jpg\";}i:3;a:2:{s:5:\"title\";s:7:\"Slide 4\";s:3:\"img\";s:24:\"rockable-hero/slide4.jpg\";}i:4;a:2:{s:5:\"title\";s:7:\"Slide 5\";s:3:\"img\";s:24:\"rockable-hero/slide5.jpg\";}}s:15:\"rockable-lineup\";a:1:{i:0;a:2:{s:5:\"title\";s:7:\"Slide 1\";s:3:\"img\";s:26:\"rockable-lineup/slide1.jpg\";}}s:17:\"rockable-lineup-2\";a:1:{i:0;a:2:{s:5:\"title\";s:7:\"Slide 1\";s:3:\"img\";s:28:\"rockable-lineup-2/slide1.jpg\";}}s:22:\"rockable-gallery-title\";a:1:{i:0;a:2:{s:5:\"title\";s:7:\"Slide 1\";s:3:\"img\";s:33:\"rockable-gallery-title/slide1.jpg\";}}s:16:\"rockable-gallery\";a:7:{i:0;a:2:{s:5:\"title\";s:7:\"Slide 1\";s:3:\"img\";s:27:\"rockable-gallery/slide1.jpg\";}i:1;a:2:{s:5:\"title\";s:7:\"Slide 2\";s:3:\"img\";s:27:\"rockable-gallery/slide2.jpg\";}i:2;a:2:{s:5:\"title\";s:7:\"Slide 3\";s:3:\"img\";s:27:\"rockable-gallery/slide3.jpg\";}i:3;a:2:{s:5:\"title\";s:7:\"Slide 4\";s:3:\"img\";s:27:\"rockable-gallery/slide4.jpg\";}i:4;a:2:{s:5:\"title\";s:7:\"Slide 5\";s:3:\"img\";s:27:\"rockable-gallery/slide5.jpg\";}i:5;a:2:{s:5:\"title\";s:7:\"Slide 6\";s:3:\"img\";s:27:\"rockable-gallery/slide6.jpg\";}i:6;a:2:{s:5:\"title\";s:7:\"Slide 7\";s:3:\"img\";s:27:\"rockable-gallery/slide7.jpg\";}}s:17:\"rockable-sponsors\";a:1:{i:0;a:2:{s:5:\"title\";s:7:\"Slide 1\";s:3:\"img\";s:28:\"rockable-sponsors/slide1.jpg\";}}s:15:\"rockable-footer\";a:1:{i:0;a:2:{s:5:\"title\";s:7:\"Slide 1\";s:3:\"img\";s:26:\"rockable-footer/slide1.jpg\";}}s:21:\"rockable-detail-modal\";a:18:{i:0;a:2:{s:5:\"title\";s:7:\"Slide 1\";s:3:\"img\";s:32:\"rockable-detail-modal/slide1.jpg\";}i:1;a:2:{s:5:\"title\";s:7:\"Slide 2\";s:3:\"img\";s:32:\"rockable-detail-modal/slide1.jpg\";}i:2;a:2:{s:5:\"title\";s:7:\"Slide 3\";s:3:\"img\";s:32:\"rockable-detail-modal/slide1.jpg\";}i:3;a:2:{s:5:\"title\";s:7:\"Slide 4\";s:3:\"img\";s:32:\"rockable-detail-modal/slide1.jpg\";}i:4;a:2:{s:5:\"title\";s:7:\"Slide 5\";s:3:\"img\";s:32:\"rockable-detail-modal/slide1.jpg\";}i:5;a:2:{s:5:\"title\";s:7:\"Slide 6\";s:3:\"img\";s:32:\"rockable-detail-modal/slide1.jpg\";}i:6;a:2:{s:5:\"title\";s:7:\"Slide 7\";s:3:\"img\";s:32:\"rockable-detail-modal/slide1.jpg\";}i:7;a:2:{s:5:\"title\";s:7:\"Slide 8\";s:3:\"img\";s:32:\"rockable-detail-modal/slide1.jpg\";}i:8;a:2:{s:5:\"title\";s:7:\"Slide 9\";s:3:\"img\";s:32:\"rockable-detail-modal/slide1.jpg\";}i:9;a:2:{s:5:\"title\";s:8:\"Slide 10\";s:3:\"img\";s:32:\"rockable-detail-modal/slide1.jpg\";}i:10;a:2:{s:5:\"title\";s:8:\"Slide 11\";s:3:\"img\";s:32:\"rockable-detail-modal/slide1.jpg\";}i:11;a:2:{s:5:\"title\";s:8:\"Slide 12\";s:3:\"img\";s:32:\"rockable-detail-modal/slide1.jpg\";}i:12;a:2:{s:5:\"title\";s:8:\"Slide 13\";s:3:\"img\";s:32:\"rockable-detail-modal/slide1.jpg\";}i:13;a:2:{s:5:\"title\";s:8:\"Slide 14\";s:3:\"img\";s:32:\"rockable-detail-modal/slide1.jpg\";}i:14;a:2:{s:5:\"title\";s:8:\"Slide 15\";s:3:\"img\";s:32:\"rockable-detail-modal/slide1.jpg\";}i:15;a:2:{s:5:\"title\";s:8:\"Slide 16\";s:3:\"img\";s:32:\"rockable-detail-modal/slide1.jpg\";}i:16;a:2:{s:5:\"title\";s:8:\"Slide 17\";s:3:\"img\";s:32:\"rockable-detail-modal/slide1.jpg\";}i:17;a:2:{s:5:\"title\";s:8:\"Slide 18\";s:3:\"img\";s:32:\"rockable-detail-modal/slide1.jpg\";}}s:23:\"rockable-detail-modal-2\";a:18:{i:0;a:2:{s:5:\"title\";s:7:\"Slide 1\";s:3:\"img\";s:34:\"rockable-detail-modal-2/slide1.jpg\";}i:1;a:2:{s:5:\"title\";s:7:\"Slide 2\";s:3:\"img\";s:34:\"rockable-detail-modal-2/slide1.jpg\";}i:2;a:2:{s:5:\"title\";s:7:\"Slide 3\";s:3:\"img\";s:34:\"rockable-detail-modal-2/slide1.jpg\";}i:3;a:2:{s:5:\"title\";s:7:\"Slide 4\";s:3:\"img\";s:34:\"rockable-detail-modal-2/slide1.jpg\";}i:4;a:2:{s:5:\"title\";s:7:\"Slide 5\";s:3:\"img\";s:34:\"rockable-detail-modal-2/slide1.jpg\";}i:5;a:2:{s:5:\"title\";s:7:\"Slide 6\";s:3:\"img\";s:34:\"rockable-detail-modal-2/slide1.jpg\";}i:6;a:2:{s:5:\"title\";s:7:\"Slide 7\";s:3:\"img\";s:34:\"rockable-detail-modal-2/slide1.jpg\";}i:7;a:2:{s:5:\"title\";s:7:\"Slide 8\";s:3:\"img\";s:34:\"rockable-detail-modal-2/slide1.jpg\";}i:8;a:2:{s:5:\"title\";s:7:\"Slide 9\";s:3:\"img\";s:34:\"rockable-detail-modal-2/slide1.jpg\";}i:9;a:2:{s:5:\"title\";s:8:\"Slide 10\";s:3:\"img\";s:34:\"rockable-detail-modal-2/slide1.jpg\";}i:10;a:2:{s:5:\"title\";s:8:\"Slide 11\";s:3:\"img\";s:34:\"rockable-detail-modal-2/slide1.jpg\";}i:11;a:2:{s:5:\"title\";s:8:\"Slide 12\";s:3:\"img\";s:34:\"rockable-detail-modal-2/slide1.jpg\";}i:12;a:2:{s:5:\"title\";s:8:\"Slide 13\";s:3:\"img\";s:34:\"rockable-detail-modal-2/slide1.jpg\";}i:13;a:2:{s:5:\"title\";s:8:\"Slide 14\";s:3:\"img\";s:34:\"rockable-detail-modal-2/slide1.jpg\";}i:14;a:2:{s:5:\"title\";s:8:\"Slide 15\";s:3:\"img\";s:34:\"rockable-detail-modal-2/slide1.jpg\";}i:15;a:2:{s:5:\"title\";s:8:\"Slide 16\";s:3:\"img\";s:34:\"rockable-detail-modal-2/slide1.jpg\";}i:16;a:2:{s:5:\"title\";s:8:\"Slide 17\";s:3:\"img\";s:34:\"rockable-detail-modal-2/slide1.jpg\";}i:17;a:2:{s:5:\"title\";s:8:\"Slide 18\";s:3:\"img\";s:34:\"rockable-detail-modal-2/slide1.jpg\";}}s:27:\"real-estate-showcase-slider\";a:3:{i:0;a:2:{s:5:\"title\";s:7:\"Slide 1\";s:3:\"img\";s:38:\"Real-Estate-Showcase-Slider/slide1.jpg\";}i:1;a:2:{s:5:\"title\";s:7:\"Slide 2\";s:3:\"img\";s:38:\"Real-Estate-Showcase-Slider/slide2.jpg\";}i:2;a:2:{s:5:\"title\";s:7:\"Slide 3\";s:3:\"img\";s:38:\"Real-Estate-Showcase-Slider/slide3.jpg\";}}s:16:\"isometric-slider\";a:3:{i:0;a:2:{s:5:\"title\";s:7:\"Slide 1\";s:3:\"img\";s:27:\"isometric-slider/slide1.jpg\";}i:1;a:2:{s:5:\"title\";s:7:\"Slide 2\";s:3:\"img\";s:27:\"isometric-slider/slide2.jpg\";}i:2;a:2:{s:5:\"title\";s:7:\"Slide 3\";s:3:\"img\";s:27:\"isometric-slider/slide3.jpg\";}}s:17:\"E-Commerce-Slider\";a:3:{i:0;a:2:{s:5:\"title\";s:7:\"Slide 1\";s:3:\"img\";s:29:\"Shoes-Store-Slider/slide1.jpg\";}i:1;a:2:{s:5:\"title\";s:7:\"Slide 2\";s:3:\"img\";s:29:\"Shoes-Store-Slider/slide2.jpg\";}i:2;a:2:{s:5:\"title\";s:7:\"Slide 3\";s:3:\"img\";s:29:\"Shoes-Store-Slider/slide3.jpg\";}}s:23:\"E-Commerce-Slider-Modal\";a:3:{i:0;a:2:{s:5:\"title\";s:7:\"Slide 1\";s:3:\"img\";s:35:\"Shoes-Store-Slider-Modal/slide1.jpg\";}i:1;a:2:{s:5:\"title\";s:7:\"Slide 2\";s:3:\"img\";s:35:\"Shoes-Store-Slider-Modal/slide2.jpg\";}i:2;a:2:{s:5:\"title\";s:7:\"Slide 3\";s:3:\"img\";s:35:\"Shoes-Store-Slider-Modal/slide3.jpg\";}}s:27:\"Woo-Commerce-Slider-Dynamic\";a:3:{i:0;a:2:{s:5:\"title\";s:7:\"Slide 1\";s:3:\"img\";s:37:\"Shoes-Store-Slider-Dynamic/slide1.jpg\";}i:1;a:2:{s:5:\"title\";s:7:\"Slide 2\";s:3:\"img\";s:37:\"Shoes-Store-Slider-Dynamic/slide2.jpg\";}i:2;a:2:{s:5:\"title\";s:7:\"Slide 3\";s:3:\"img\";s:37:\"Shoes-Store-Slider-Dynamic/slide3.jpg\";}}s:15:\"blooming-header\";a:1:{i:0;a:2:{s:5:\"title\";s:7:\"Slide 1\";s:3:\"img\";s:26:\"blooming-header/slide1.jpg\";}}s:14:\"blooming-about\";a:1:{i:0;a:2:{s:5:\"title\";s:7:\"Slide 1\";s:3:\"img\";s:25:\"blooming-about/slide1.jpg\";}}s:18:\"blooming-portfolio\";a:1:{i:0;a:2:{s:5:\"title\";s:7:\"Slide 1\";s:3:\"img\";s:29:\"blooming-portfolio/slide1.jpg\";}}s:22:\"blooming-wedding-title\";a:1:{i:0;a:2:{s:5:\"title\";s:7:\"Slide 1\";s:3:\"img\";s:33:\"blooming-wedding-title/slide1.jpg\";}}s:25:\"blooming-wedding-carousel\";a:6:{i:0;a:2:{s:5:\"title\";s:7:\"Slide 1\";s:3:\"img\";s:36:\"blooming-wedding-carousel/slide1.jpg\";}i:1;a:2:{s:5:\"title\";s:7:\"Slide 2\";s:3:\"img\";s:36:\"blooming-wedding-carousel/slide2.jpg\";}i:2;a:2:{s:5:\"title\";s:7:\"Slide 3\";s:3:\"img\";s:36:\"blooming-wedding-carousel/slide3.jpg\";}i:3;a:2:{s:5:\"title\";s:7:\"Slide 4\";s:3:\"img\";s:36:\"blooming-wedding-carousel/slide4.jpg\";}i:4;a:2:{s:5:\"title\";s:7:\"Slide 5\";s:3:\"img\";s:36:\"blooming-wedding-carousel/slide5.jpg\";}i:5;a:2:{s:5:\"title\";s:7:\"Slide 6\";s:3:\"img\";s:36:\"blooming-wedding-carousel/slide6.jpg\";}}s:21:\"blooming-wedding-text\";a:1:{i:0;a:2:{s:5:\"title\";s:7:\"Slide 1\";s:3:\"img\";s:32:\"blooming-wedding-text/slide1.jpg\";}}s:22:\"blooming-parties-title\";a:1:{i:0;a:2:{s:5:\"title\";s:7:\"Slide 1\";s:3:\"img\";s:33:\"blooming-parties-title/slide1.jpg\";}}s:25:\"blooming-parties-carousel\";a:6:{i:0;a:2:{s:5:\"title\";s:7:\"Slide 1\";s:3:\"img\";s:36:\"blooming-parties-carousel/slide1.jpg\";}i:1;a:2:{s:5:\"title\";s:7:\"Slide 2\";s:3:\"img\";s:36:\"blooming-parties-carousel/slide2.jpg\";}i:2;a:2:{s:5:\"title\";s:7:\"Slide 3\";s:3:\"img\";s:36:\"blooming-parties-carousel/slide3.jpg\";}i:3;a:2:{s:5:\"title\";s:7:\"Slide 4\";s:3:\"img\";s:36:\"blooming-parties-carousel/slide4.jpg\";}i:4;a:2:{s:5:\"title\";s:7:\"Slide 5\";s:3:\"img\";s:36:\"blooming-parties-carousel/slide5.jpg\";}i:5;a:2:{s:5:\"title\";s:7:\"Slide 6\";s:3:\"img\";s:36:\"blooming-parties-carousel/slide6.jpg\";}}s:21:\"blooming-parties-text\";a:1:{i:0;a:2:{s:5:\"title\";s:7:\"Slide 1\";s:3:\"img\";s:32:\"blooming-parties-text/slide1.jpg\";}}s:22:\"blooming-funeral-title\";a:1:{i:0;a:2:{s:5:\"title\";s:7:\"Slide 1\";s:3:\"img\";s:33:\"blooming-funeral-title/slide1.jpg\";}}s:23:\"blooming-funeral-slider\";a:6:{i:0;a:2:{s:5:\"title\";s:7:\"Slide 1\";s:3:\"img\";s:34:\"blooming-funeral-slider/slide1.jpg\";}i:1;a:2:{s:5:\"title\";s:7:\"Slide 2\";s:3:\"img\";s:34:\"blooming-funeral-slider/slide2.jpg\";}i:2;a:2:{s:5:\"title\";s:7:\"Slide 3\";s:3:\"img\";s:34:\"blooming-funeral-slider/slide3.jpg\";}i:3;a:2:{s:5:\"title\";s:7:\"Slide 4\";s:3:\"img\";s:34:\"blooming-funeral-slider/slide4.jpg\";}i:4;a:2:{s:5:\"title\";s:7:\"Slide 5\";s:3:\"img\";s:34:\"blooming-funeral-slider/slide5.jpg\";}i:5;a:2:{s:5:\"title\";s:7:\"Slide 6\";s:3:\"img\";s:34:\"blooming-funeral-slider/slide6.jpg\";}}s:21:\"blooming-funeral-text\";a:1:{i:0;a:2:{s:5:\"title\";s:7:\"Slide 1\";s:3:\"img\";s:32:\"blooming-funeral-text/slide1.jpg\";}}s:16:\"blooming-contact\";a:1:{i:0;a:2:{s:5:\"title\";s:7:\"Slide 1\";s:3:\"img\";s:27:\"blooming-contact/slide1.jpg\";}}s:13:\"particle-hero\";a:1:{i:0;a:2:{s:5:\"title\";s:7:\"Slide 1\";s:3:\"img\";s:24:\"particle-hero/slide1.jpg\";}}s:17:\"bubble-morph-hero\";a:1:{i:0;a:2:{s:5:\"title\";s:7:\"Slide 1\";s:3:\"img\";s:28:\"bubble-morph-hero/slide1.jpg\";}}s:13:\"parallax-hero\";a:1:{i:0;a:2:{s:5:\"title\";s:7:\"Slide 1\";s:3:\"img\";s:24:\"parallax-hero/slide1.jpg\";}}s:10:\"video-hero\";a:1:{i:0;a:2:{s:5:\"title\";s:7:\"Slide 1\";s:3:\"img\";s:21:\"video-hero/slide1.jpg\";}}s:14:\"ken-burns-hero\";a:1:{i:0;a:2:{s:5:\"title\";s:7:\"Slide 1\";s:3:\"img\";s:25:\"ken-burns-hero/slide1.jpg\";}}s:21:\"basic-hero-collection\";a:6:{i:0;a:2:{s:5:\"title\";s:7:\"Slide 1\";s:3:\"img\";s:32:\"basic-hero-collection/slide1.jpg\";}i:1;a:2:{s:5:\"title\";s:7:\"Slide 2\";s:3:\"img\";s:32:\"basic-hero-collection/slide2.jpg\";}i:2;a:2:{s:5:\"title\";s:7:\"Slide 3\";s:3:\"img\";s:32:\"basic-hero-collection/slide3.jpg\";}i:3;a:2:{s:5:\"title\";s:7:\"Slide 4\";s:3:\"img\";s:32:\"basic-hero-collection/slide4.jpg\";}i:4;a:2:{s:5:\"title\";s:7:\"Slide 5\";s:3:\"img\";s:32:\"basic-hero-collection/slide5.jpg\";}i:5;a:2:{s:5:\"title\";s:7:\"Slide 6\";s:3:\"img\";s:32:\"basic-hero-collection/slide6.jpg\";}}s:19:\"launching-very-soon\";a:1:{i:0;a:2:{s:5:\"title\";s:7:\"Slide 1\";s:3:\"img\";s:30:\"launching-very-soon/slide1.jpg\";}}s:18:\"Under-Construction\";a:1:{i:0;a:2:{s:5:\"title\";s:7:\"Slide 1\";s:3:\"img\";s:29:\"Under-Construction/slide1.jpg\";}}s:15:\"Particle-Effect\";a:1:{i:0;a:2:{s:5:\"title\";s:7:\"Slide 1\";s:3:\"img\";s:26:\"Particle-Effect/slide1.jpg\";}}s:17:\"Particle-Effect-2\";a:1:{i:0;a:2:{s:5:\"title\";s:7:\"Slide 1\";s:3:\"img\";s:28:\"Particle-Effect-2/slide1.jpg\";}}s:10:\"stark-menu\";a:1:{i:0;a:2:{s:5:\"title\";s:7:\"Slide 1\";s:3:\"img\";s:21:\"stark-menu/slide1.jpg\";}}s:12:\"stark-header\";a:1:{i:0;a:2:{s:5:\"title\";s:7:\"Slide 1\";s:3:\"img\";s:23:\"stark-header/slide1.jpg\";}}s:13:\"stark-content\";a:1:{i:0;a:2:{s:5:\"title\";s:7:\"Slide 1\";s:3:\"img\";s:24:\"stark-content/slide1.jpg\";}}s:14:\"stark-carousel\";a:3:{i:0;a:2:{s:5:\"title\";s:7:\"Slide 1\";s:3:\"img\";s:25:\"stark-carousel/slide1.jpg\";}i:1;a:2:{s:5:\"title\";s:7:\"Slide 2\";s:3:\"img\";s:25:\"stark-carousel/slide2.jpg\";}i:2;a:2:{s:5:\"title\";s:7:\"Slide 3\";s:3:\"img\";s:25:\"stark-carousel/slide3.jpg\";}}s:15:\"stark-portfolio\";a:1:{i:0;a:2:{s:5:\"title\";s:7:\"Slide 1\";s:3:\"img\";s:26:\"stark-portfolio/slide1.jpg\";}}s:22:\"stark-portfolio-detail\";a:6:{i:0;a:2:{s:5:\"title\";s:7:\"Slide 1\";s:3:\"img\";s:33:\"stark-portfolio-detail/slide1.jpg\";}i:1;a:2:{s:5:\"title\";s:7:\"Slide 2\";s:3:\"img\";s:33:\"stark-portfolio-detail/slide2.jpg\";}i:2;a:2:{s:5:\"title\";s:7:\"Slide 3\";s:3:\"img\";s:33:\"stark-portfolio-detail/slide3.jpg\";}i:3;a:2:{s:5:\"title\";s:7:\"Slide 4\";s:3:\"img\";s:33:\"stark-portfolio-detail/slide4.jpg\";}i:4;a:2:{s:5:\"title\";s:7:\"Slide 5\";s:3:\"img\";s:33:\"stark-portfolio-detail/slide5.jpg\";}i:5;a:2:{s:5:\"title\";s:7:\"Slide 6\";s:3:\"img\";s:33:\"stark-portfolio-detail/slide6.jpg\";}}s:13:\"stark-contact\";a:1:{i:0;a:2:{s:5:\"title\";s:7:\"Slide 1\";s:3:\"img\";s:24:\"stark-contact/slide1.jpg\";}}s:12:\"stark-footer\";a:1:{i:0;a:2:{s:5:\"title\";s:7:\"Slide 1\";s:3:\"img\";s:23:\"stark-footer/slide1.jpg\";}}s:16:\"stark-newsletter\";a:1:{i:0;a:2:{s:5:\"title\";s:7:\"Slide 1\";s:3:\"img\";s:27:\"stark-newsletter/slide1.jpg\";}}s:15:\"big-summer-sale\";a:3:{i:0;a:2:{s:5:\"title\";s:7:\"Slide 1\";s:3:\"img\";s:26:\"big-summer-sale/slide1.jpg\";}i:1;a:2:{s:5:\"title\";s:7:\"Slide 2\";s:3:\"img\";s:26:\"big-summer-sale/slide2.jpg\";}i:2;a:2:{s:5:\"title\";s:7:\"Slide 3\";s:3:\"img\";s:26:\"big-summer-sale/slide3.jpg\";}}s:18:\"traveller-carousel\";a:6:{i:0;a:2:{s:5:\"title\";s:7:\"Slide 1\";s:3:\"img\";s:29:\"traveller-carousel/slide1.jpg\";}i:1;a:2:{s:5:\"title\";s:7:\"Slide 2\";s:3:\"img\";s:29:\"traveller-carousel/slide2.jpg\";}i:2;a:2:{s:5:\"title\";s:7:\"Slide 3\";s:3:\"img\";s:29:\"traveller-carousel/slide3.jpg\";}i:3;a:2:{s:5:\"title\";s:7:\"Slide 4\";s:3:\"img\";s:29:\"traveller-carousel/slide4.jpg\";}i:4;a:2:{s:5:\"title\";s:7:\"Slide 5\";s:3:\"img\";s:29:\"traveller-carousel/slide5.jpg\";}i:5;a:2:{s:5:\"title\";s:7:\"Slide 6\";s:3:\"img\";s:29:\"traveller-carousel/slide6.jpg\";}}s:16:\"project-carousel\";a:7:{i:0;a:2:{s:5:\"title\";s:7:\"Slide 1\";s:3:\"img\";s:27:\"project-carousel/slide1.jpg\";}i:1;a:2:{s:5:\"title\";s:7:\"Slide 2\";s:3:\"img\";s:27:\"project-carousel/slide2.jpg\";}i:2;a:2:{s:5:\"title\";s:7:\"Slide 3\";s:3:\"img\";s:27:\"project-carousel/slide3.jpg\";}i:3;a:2:{s:5:\"title\";s:7:\"Slide 4\";s:3:\"img\";s:27:\"project-carousel/slide4.jpg\";}i:4;a:2:{s:5:\"title\";s:7:\"Slide 5\";s:3:\"img\";s:27:\"project-carousel/slide5.jpg\";}i:5;a:2:{s:5:\"title\";s:7:\"Slide 6\";s:3:\"img\";s:27:\"project-carousel/slide6.jpg\";}i:6;a:2:{s:5:\"title\";s:7:\"Slide 7\";s:3:\"img\";s:27:\"project-carousel/slide7.jpg\";}}s:13:\"news-carousel\";a:8:{i:0;a:2:{s:5:\"title\";s:7:\"Slide 1\";s:3:\"img\";s:24:\"news-carousel/slide1.jpg\";}i:1;a:2:{s:5:\"title\";s:7:\"Slide 2\";s:3:\"img\";s:24:\"news-carousel/slide2.jpg\";}i:2;a:2:{s:5:\"title\";s:7:\"Slide 3\";s:3:\"img\";s:24:\"news-carousel/slide3.jpg\";}i:3;a:2:{s:5:\"title\";s:7:\"Slide 4\";s:3:\"img\";s:24:\"news-carousel/slide4.jpg\";}i:4;a:2:{s:5:\"title\";s:7:\"Slide 5\";s:3:\"img\";s:24:\"news-carousel/slide5.jpg\";}i:5;a:2:{s:5:\"title\";s:7:\"Slide 6\";s:3:\"img\";s:24:\"news-carousel/slide6.jpg\";}i:6;a:2:{s:5:\"title\";s:7:\"Slide 7\";s:3:\"img\";s:24:\"news-carousel/slide7.jpg\";}i:7;a:2:{s:5:\"title\";s:7:\"Slide 8\";s:3:\"img\";s:24:\"news-carousel/slide8.jpg\";}}s:10:\"story-menu\";a:1:{i:0;a:2:{s:5:\"title\";s:7:\"Slide 1\";s:3:\"img\";s:21:\"story-menu/slide1.jpg\";}}s:12:\"story-header\";a:1:{i:0;a:2:{s:5:\"title\";s:7:\"Slide 1\";s:3:\"img\";s:23:\"story-header/slide1.jpg\";}}s:13:\"story-block-1\";a:1:{i:0;a:2:{s:5:\"title\";s:7:\"Slide 1\";s:3:\"img\";s:24:\"story-block-1/slide1.jpg\";}}s:15:\"story-content-1\";a:1:{i:0;a:2:{s:5:\"title\";s:7:\"Slide 1\";s:3:\"img\";s:26:\"story-content-1/slide1.jpg\";}}s:13:\"story-block-2\";a:1:{i:0;a:2:{s:5:\"title\";s:7:\"Slide 1\";s:3:\"img\";s:24:\"story-block-2/slide1.jpg\";}}s:13:\"story-block-3\";a:1:{i:0;a:2:{s:5:\"title\";s:7:\"Slide 1\";s:3:\"img\";s:24:\"story-block-3/slide1.jpg\";}}s:15:\"story-content-2\";a:1:{i:0;a:2:{s:5:\"title\";s:7:\"Slide 1\";s:3:\"img\";s:26:\"story-content-2/slide1.jpg\";}}s:13:\"story-block-4\";a:1:{i:0;a:2:{s:5:\"title\";s:7:\"Slide 1\";s:3:\"img\";s:24:\"story-block-4/slide1.jpg\";}}s:15:\"story-content-3\";a:1:{i:0;a:2:{s:5:\"title\";s:7:\"Slide 1\";s:3:\"img\";s:26:\"story-content-3/slide1.jpg\";}}s:12:\"mini-website\";a:4:{i:0;a:2:{s:5:\"title\";s:7:\"Slide 1\";s:3:\"img\";s:23:\"mini-website/slide1.jpg\";}i:1;a:2:{s:5:\"title\";s:7:\"Slide 2\";s:3:\"img\";s:23:\"mini-website/slide2.jpg\";}i:2;a:2:{s:5:\"title\";s:7:\"Slide 3\";s:3:\"img\";s:23:\"mini-website/slide3.jpg\";}i:3;a:2:{s:5:\"title\";s:7:\"Slide 4\";s:3:\"img\";s:23:\"mini-website/slide4.jpg\";}}s:13:\"food-delivery\";a:1:{i:0;a:2:{s:5:\"title\";s:7:\"Slide 1\";s:3:\"img\";s:24:\"food-delivery/slide1.jpg\";}}s:25:\"slider-with-illustrations\";a:4:{i:0;a:2:{s:5:\"title\";s:7:\"Slide 1\";s:3:\"img\";s:36:\"slider-with-illustrations/slide1.jpg\";}i:1;a:2:{s:5:\"title\";s:7:\"Slide 2\";s:3:\"img\";s:36:\"slider-with-illustrations/slide2.jpg\";}i:2;a:2:{s:5:\"title\";s:7:\"Slide 3\";s:3:\"img\";s:36:\"slider-with-illustrations/slide3.jpg\";}i:3;a:2:{s:5:\"title\";s:7:\"Slide 4\";s:3:\"img\";s:36:\"slider-with-illustrations/slide4.jpg\";}}s:8:\"zen-menu\";a:1:{i:0;a:2:{s:5:\"title\";s:7:\"Slide 1\";s:3:\"img\";s:19:\"zen-menu/slide1.jpg\";}}s:10:\"zen-header\";a:1:{i:0;a:2:{s:5:\"title\";s:7:\"Slide 1\";s:3:\"img\";s:21:\"zen-header/slide1.jpg\";}}s:9:\"zen-about\";a:1:{i:0;a:2:{s:5:\"title\";s:7:\"Slide 1\";s:3:\"img\";s:20:\"zen-about/slide1.jpg\";}}s:12:\"zen-features\";a:1:{i:0;a:2:{s:5:\"title\";s:7:\"Slide 1\";s:3:\"img\";s:23:\"zen-features/slide1.jpg\";}}s:9:\"zen-video\";a:1:{i:0;a:2:{s:5:\"title\";s:7:\"Slide 1\";s:3:\"img\";s:20:\"zen-video/slide1.jpg\";}}s:11:\"zen-pricing\";a:1:{i:0;a:2:{s:5:\"title\";s:7:\"Slide 1\";s:3:\"img\";s:22:\"zen-pricing/slide1.jpg\";}}s:22:\"zen-testimonials-title\";a:1:{i:0;a:2:{s:5:\"title\";s:7:\"Slide 1\";s:3:\"img\";s:33:\"zen-testimonials-title/slide1.jpg\";}}s:16:\"zen-testimonials\";a:4:{i:0;a:2:{s:5:\"title\";s:7:\"Slide 1\";s:3:\"img\";s:27:\"zen-testimonials/slide1.jpg\";}i:1;a:2:{s:5:\"title\";s:7:\"Slide 2\";s:3:\"img\";s:27:\"zen-testimonials/slide2.jpg\";}i:2;a:2:{s:5:\"title\";s:7:\"Slide 3\";s:3:\"img\";s:27:\"zen-testimonials/slide3.jpg\";}i:3;a:2:{s:5:\"title\";s:7:\"Slide 4\";s:3:\"img\";s:27:\"zen-testimonials/slide4.jpg\";}}s:10:\"zen-footer\";a:1:{i:0;a:2:{s:5:\"title\";s:7:\"Slide 1\";s:3:\"img\";s:21:\"zen-footer/slide1.jpg\";}}s:17:\"Paintbrush-Effect\";a:3:{i:0;a:2:{s:5:\"title\";s:7:\"Slide 1\";s:3:\"img\";s:28:\"Paintbrush-Effect/slide1.jpg\";}i:1;a:2:{s:5:\"title\";s:7:\"Slide 2\";s:3:\"img\";s:28:\"Paintbrush-Effect/slide2.jpg\";}i:2;a:2:{s:5:\"title\";s:7:\"Slide 3\";s:3:\"img\";s:28:\"Paintbrush-Effect/slide3.jpg\";}}s:25:\"black-friday-scroll-video\";a:1:{i:0;a:2:{s:5:\"title\";s:7:\"Slide 1\";s:3:\"img\";s:36:\"black-friday-scroll-video/slide1.jpg\";}}s:12:\"charity-menu\";a:1:{i:0;a:2:{s:5:\"title\";s:7:\"Slide 1\";s:3:\"img\";s:23:\"charity-menu/slide1.jpg\";}}s:14:\"charity-header\";a:3:{i:0;a:2:{s:5:\"title\";s:7:\"Slide 1\";s:3:\"img\";s:25:\"charity-header/slide1.jpg\";}i:1;a:2:{s:5:\"title\";s:7:\"Slide 2\";s:3:\"img\";s:25:\"charity-header/slide2.jpg\";}i:2;a:2:{s:5:\"title\";s:7:\"Slide 3\";s:3:\"img\";s:25:\"charity-header/slide3.jpg\";}}s:15:\"charity-mission\";a:1:{i:0;a:2:{s:5:\"title\";s:7:\"Slide 1\";s:3:\"img\";s:26:\"charity-mission/slide1.jpg\";}}s:13:\"charity-funds\";a:1:{i:0;a:2:{s:5:\"title\";s:7:\"Slide 1\";s:3:\"img\";s:24:\"charity-funds/slide1.jpg\";}}s:15:\"charity-success\";a:1:{i:0;a:2:{s:5:\"title\";s:7:\"Slide 1\";s:3:\"img\";s:26:\"charity-success/slide1.jpg\";}}s:15:\"charity-stories\";a:1:{i:0;a:2:{s:5:\"title\";s:7:\"Slide 1\";s:3:\"img\";s:26:\"charity-stories/slide1.jpg\";}}s:16:\"charity-worldmap\";a:1:{i:0;a:2:{s:5:\"title\";s:7:\"Slide 1\";s:3:\"img\";s:27:\"charity-worldmap/slide1.jpg\";}}s:19:\"charity-large-image\";a:1:{i:0;a:2:{s:5:\"title\";s:7:\"Slide 1\";s:3:\"img\";s:30:\"charity-large-image/slide1.jpg\";}}s:16:\"charity-sponsors\";a:1:{i:0;a:2:{s:5:\"title\";s:7:\"Slide 1\";s:3:\"img\";s:27:\"charity-sponsors/slide1.jpg\";}}s:12:\"charity-help\";a:1:{i:0;a:2:{s:5:\"title\";s:7:\"Slide 1\";s:3:\"img\";s:23:\"charity-help/slide1.jpg\";}}s:14:\"charity-footer\";a:1:{i:0;a:2:{s:5:\"title\";s:7:\"Slide 1\";s:3:\"img\";s:25:\"charity-footer/slide1.jpg\";}}s:21:\"cinematic-hero-titles\";a:3:{i:0;a:2:{s:5:\"title\";s:7:\"Slide 1\";s:3:\"img\";s:32:\"cinematic-hero-titles/slide1.jpg\";}i:1;a:2:{s:5:\"title\";s:7:\"Slide 2\";s:3:\"img\";s:32:\"cinematic-hero-titles/slide2.jpg\";}i:2;a:2:{s:5:\"title\";s:7:\"Slide 3\";s:3:\"img\";s:32:\"cinematic-hero-titles/slide3.jpg\";}}s:23:\"design-dna-scroll-video\";a:1:{i:0;a:2:{s:5:\"title\";s:7:\"Slide 1\";s:3:\"img\";s:34:\"design-dna-scroll-video/slide1.jpg\";}}s:27:\"food-delivery-lottie-scroll\";a:1:{i:0;a:2:{s:5:\"title\";s:7:\"Slide 1\";s:3:\"img\";s:38:\"food-delivery-lottie-scroll/slide1.jpg\";}}s:20:\"food-recipe-carousel\";a:6:{i:0;a:2:{s:5:\"title\";s:7:\"Slide 1\";s:3:\"img\";s:31:\"food-recipe-carousel/slide1.jpg\";}i:1;a:2:{s:5:\"title\";s:7:\"Slide 2\";s:3:\"img\";s:31:\"food-recipe-carousel/slide2.jpg\";}i:2;a:2:{s:5:\"title\";s:7:\"Slide 3\";s:3:\"img\";s:31:\"food-recipe-carousel/slide3.jpg\";}i:3;a:2:{s:5:\"title\";s:7:\"Slide 4\";s:3:\"img\";s:31:\"food-recipe-carousel/slide4.jpg\";}i:4;a:2:{s:5:\"title\";s:7:\"Slide 5\";s:3:\"img\";s:31:\"food-recipe-carousel/slide5.jpg\";}i:5;a:2:{s:5:\"title\";s:7:\"Slide 6\";s:3:\"img\";s:31:\"food-recipe-carousel/slide6.jpg\";}}s:17:\"food-recipe-modal\";a:6:{i:0;a:2:{s:5:\"title\";s:7:\"Slide 1\";s:3:\"img\";s:28:\"food-recipe-modal/slide1.jpg\";}i:1;a:2:{s:5:\"title\";s:7:\"Slide 2\";s:3:\"img\";s:28:\"food-recipe-modal/slide2.jpg\";}i:2;a:2:{s:5:\"title\";s:7:\"Slide 3\";s:3:\"img\";s:28:\"food-recipe-modal/slide3.jpg\";}i:3;a:2:{s:5:\"title\";s:7:\"Slide 4\";s:3:\"img\";s:28:\"food-recipe-modal/slide4.jpg\";}i:4;a:2:{s:5:\"title\";s:7:\"Slide 5\";s:3:\"img\";s:28:\"food-recipe-modal/slide5.jpg\";}i:5;a:2:{s:5:\"title\";s:7:\"Slide 6\";s:3:\"img\";s:28:\"food-recipe-modal/slide6.jpg\";}}s:27:\"corporate-carousel-template\";a:1:{i:0;a:2:{s:5:\"title\";s:7:\"Slide 1\";s:3:\"img\";s:38:\"packages/corporate_carousel_bundle.jpg\";}}s:18:\"corporate-carousel\";a:5:{i:0;a:2:{s:5:\"title\";s:7:\"Slide 1\";s:3:\"img\";s:29:\"corporate-carousel/slide1.jpg\";}i:1;a:2:{s:5:\"title\";s:7:\"Slide 2\";s:3:\"img\";s:29:\"corporate-carousel/slide2.jpg\";}i:2;a:2:{s:5:\"title\";s:7:\"Slide 3\";s:3:\"img\";s:29:\"corporate-carousel/slide3.jpg\";}i:3;a:2:{s:5:\"title\";s:7:\"Slide 4\";s:3:\"img\";s:29:\"corporate-carousel/slide4.jpg\";}i:4;a:2:{s:5:\"title\";s:7:\"Slide 5\";s:3:\"img\";s:29:\"corporate-carousel/slide5.jpg\";}}s:18:\"corporate-lightbox\";a:5:{i:0;a:2:{s:5:\"title\";s:7:\"Slide 1\";s:3:\"img\";s:29:\"corporate-lightbox/slide1.jpg\";}i:1;a:2:{s:5:\"title\";s:7:\"Slide 2\";s:3:\"img\";s:29:\"corporate-lightbox/slide2.jpg\";}i:2;a:2:{s:5:\"title\";s:7:\"Slide 3\";s:3:\"img\";s:29:\"corporate-lightbox/slide3.jpg\";}i:3;a:2:{s:5:\"title\";s:7:\"Slide 4\";s:3:\"img\";s:29:\"corporate-lightbox/slide4.jpg\";}i:4;a:2:{s:5:\"title\";s:7:\"Slide 5\";s:3:\"img\";s:29:\"corporate-lightbox/slide5.jpg\";}}s:23:\"cyber-carousel-template\";a:1:{i:0;a:2:{s:5:\"title\";s:7:\"Slide 1\";s:3:\"img\";s:33:\"packages/cybercarousel_bundle.jpg\";}}s:14:\"cyber-carousel\";a:4:{i:0;a:2:{s:5:\"title\";s:7:\"Slide 1\";s:3:\"img\";s:25:\"cyber-carousel/slide1.jpg\";}i:1;a:2:{s:5:\"title\";s:7:\"Slide 2\";s:3:\"img\";s:25:\"cyber-carousel/slide2.jpg\";}i:2;a:2:{s:5:\"title\";s:7:\"Slide 3\";s:3:\"img\";s:25:\"cyber-carousel/slide3.jpg\";}i:3;a:2:{s:5:\"title\";s:7:\"Slide 4\";s:3:\"img\";s:25:\"cyber-carousel/slide4.jpg\";}}s:23:\"cyber-carousel-lightbox\";a:4:{i:0;a:2:{s:5:\"title\";s:7:\"Slide 1\";s:3:\"img\";s:34:\"cyber-carousel-lightbox/slide1.jpg\";}i:1;a:2:{s:5:\"title\";s:7:\"Slide 2\";s:3:\"img\";s:34:\"cyber-carousel-lightbox/slide2.jpg\";}i:2;a:2:{s:5:\"title\";s:7:\"Slide 3\";s:3:\"img\";s:34:\"cyber-carousel-lightbox/slide3.jpg\";}i:3;a:2:{s:5:\"title\";s:7:\"Slide 4\";s:3:\"img\";s:34:\"cyber-carousel-lightbox/slide4.jpg\";}}s:24:\"woocommerce-carousel-one\";a:1:{i:0;a:2:{s:5:\"title\";s:7:\"Slide 1\";s:3:\"img\";s:35:\"woocommerce-carousel-one/slide1.jpg\";}}s:31:\"woocommerce-carousel-one-static\";a:6:{i:0;a:2:{s:5:\"title\";s:7:\"Slide 1\";s:3:\"img\";s:42:\"woocommerce-carousel-one-static/slide1.jpg\";}i:1;a:2:{s:5:\"title\";s:7:\"Slide 2\";s:3:\"img\";s:42:\"woocommerce-carousel-one-static/slide2.jpg\";}i:2;a:2:{s:5:\"title\";s:7:\"Slide 3\";s:3:\"img\";s:42:\"woocommerce-carousel-one-static/slide3.jpg\";}i:3;a:2:{s:5:\"title\";s:7:\"Slide 4\";s:3:\"img\";s:42:\"woocommerce-carousel-one-static/slide4.jpg\";}i:4;a:2:{s:5:\"title\";s:7:\"Slide 5\";s:3:\"img\";s:42:\"woocommerce-carousel-one-static/slide5.jpg\";}i:5;a:2:{s:5:\"title\";s:7:\"Slide 6\";s:3:\"img\";s:42:\"woocommerce-carousel-one-static/slide6.jpg\";}}s:24:\"woocommerce-carousel-two\";a:1:{i:0;a:2:{s:5:\"title\";s:7:\"Slide 1\";s:3:\"img\";s:35:\"woocommerce-carousel-two/slide1.jpg\";}}s:31:\"woocommerce-carousel-two-static\";a:6:{i:0;a:2:{s:5:\"title\";s:7:\"Slide 1\";s:3:\"img\";s:42:\"woocommerce-carousel-two-static/slide1.jpg\";}i:1;a:2:{s:5:\"title\";s:7:\"Slide 2\";s:3:\"img\";s:42:\"woocommerce-carousel-two-static/slide2.jpg\";}i:2;a:2:{s:5:\"title\";s:7:\"Slide 3\";s:3:\"img\";s:42:\"woocommerce-carousel-two-static/slide3.jpg\";}i:3;a:2:{s:5:\"title\";s:7:\"Slide 4\";s:3:\"img\";s:42:\"woocommerce-carousel-two-static/slide4.jpg\";}i:4;a:2:{s:5:\"title\";s:7:\"Slide 5\";s:3:\"img\";s:42:\"woocommerce-carousel-two-static/slide5.jpg\";}i:5;a:2:{s:5:\"title\";s:7:\"Slide 6\";s:3:\"img\";s:42:\"woocommerce-carousel-two-static/slide6.jpg\";}}s:26:\"woocommerce-feature-slider\";a:1:{i:0;a:2:{s:5:\"title\";s:7:\"Slide 1\";s:3:\"img\";s:37:\"woocommerce-feature-slider/slide1.jpg\";}}s:33:\"woocommerce-feature-slider-static\";a:6:{i:0;a:2:{s:5:\"title\";s:7:\"Slide 1\";s:3:\"img\";s:44:\"woocommerce-feature-slider-static/slide1.jpg\";}i:1;a:2:{s:5:\"title\";s:7:\"Slide 2\";s:3:\"img\";s:44:\"woocommerce-feature-slider-static/slide2.jpg\";}i:2;a:2:{s:5:\"title\";s:7:\"Slide 3\";s:3:\"img\";s:44:\"woocommerce-feature-slider-static/slide3.jpg\";}i:3;a:2:{s:5:\"title\";s:7:\"Slide 4\";s:3:\"img\";s:44:\"woocommerce-feature-slider-static/slide4.jpg\";}i:4;a:2:{s:5:\"title\";s:7:\"Slide 5\";s:3:\"img\";s:44:\"woocommerce-feature-slider-static/slide5.jpg\";}i:5;a:2:{s:5:\"title\";s:7:\"Slide 6\";s:3:\"img\";s:44:\"woocommerce-feature-slider-static/slide6.jpg\";}}s:17:\"woo-liquid-slider\";a:1:{i:0;a:2:{s:5:\"title\";s:7:\"Slide 1\";s:3:\"img\";s:28:\"woo-liquid-slider/slide1.jpg\";}}s:32:\"woocommerce-liquid-slider-static\";a:6:{i:0;a:2:{s:5:\"title\";s:7:\"Slide 1\";s:3:\"img\";s:43:\"woocommerce-liquid-slider-static/slide1.jpg\";}i:1;a:2:{s:5:\"title\";s:7:\"Slide 2\";s:3:\"img\";s:43:\"woocommerce-liquid-slider-static/slide2.jpg\";}i:2;a:2:{s:5:\"title\";s:7:\"Slide 3\";s:3:\"img\";s:43:\"woocommerce-liquid-slider-static/slide3.jpg\";}i:3;a:2:{s:5:\"title\";s:7:\"Slide 4\";s:3:\"img\";s:43:\"woocommerce-liquid-slider-static/slide4.jpg\";}i:4;a:2:{s:5:\"title\";s:7:\"Slide 5\";s:3:\"img\";s:43:\"woocommerce-liquid-slider-static/slide5.jpg\";}i:5;a:2:{s:5:\"title\";s:7:\"Slide 6\";s:3:\"img\";s:43:\"woocommerce-liquid-slider-static/slide6.jpg\";}}s:15:\"woo-slider-pack\";a:1:{i:0;a:2:{s:5:\"title\";s:7:\"Slide 1\";s:3:\"img\";s:34:\"packages/woosliderpack_dynamic.jpg\";}}s:22:\"woo-slider-pack-static\";a:1:{i:0;a:2:{s:5:\"title\";s:7:\"Slide 1\";s:3:\"img\";s:33:\"packages/woosliderpack_static.jpg\";}}s:24:\"creative-hero-collection\";a:3:{i:0;a:2:{s:5:\"title\";s:7:\"Slide 1\";s:3:\"img\";s:35:\"creative-hero-collection/slide1.jpg\";}i:1;a:2:{s:5:\"title\";s:7:\"Slide 2\";s:3:\"img\";s:35:\"creative-hero-collection/slide2.jpg\";}i:2;a:2:{s:5:\"title\";s:7:\"Slide 3\";s:3:\"img\";s:35:\"creative-hero-collection/slide3.jpg\";}}s:19:\"photographer-slider\";a:5:{i:0;a:2:{s:5:\"title\";s:7:\"Slide 1\";s:3:\"img\";s:30:\"photographer-slider/slide1.jpg\";}i:1;a:2:{s:5:\"title\";s:7:\"Slide 2\";s:3:\"img\";s:30:\"photographer-slider/slide2.jpg\";}i:2;a:2:{s:5:\"title\";s:7:\"Slide 3\";s:3:\"img\";s:30:\"photographer-slider/slide3.jpg\";}i:3;a:2:{s:5:\"title\";s:7:\"Slide 4\";s:3:\"img\";s:30:\"photographer-slider/slide4.jpg\";}i:4;a:2:{s:5:\"title\";s:7:\"Slide 5\";s:3:\"img\";s:30:\"photographer-slider/slide5.jpg\";}}s:17:\"realestate-slider\";a:4:{i:0;a:2:{s:5:\"title\";s:7:\"Slide 1\";s:3:\"img\";s:28:\"realestate-slider/slide1.jpg\";}i:1;a:2:{s:5:\"title\";s:7:\"Slide 2\";s:3:\"img\";s:28:\"realestate-slider/slide2.jpg\";}i:2;a:2:{s:5:\"title\";s:7:\"Slide 3\";s:3:\"img\";s:28:\"realestate-slider/slide3.jpg\";}i:3;a:2:{s:5:\"title\";s:7:\"Slide 4\";s:3:\"img\";s:28:\"realestate-slider/slide4.jpg\";}}s:19:\"saas-product-slider\";a:3:{i:0;a:2:{s:5:\"title\";s:7:\"Slide 1\";s:3:\"img\";s:30:\"saas-product-slider/slide1.jpg\";}i:1;a:2:{s:5:\"title\";s:7:\"Slide 2\";s:3:\"img\";s:30:\"saas-product-slider/slide2.jpg\";}i:2;a:2:{s:5:\"title\";s:7:\"Slide 3\";s:3:\"img\";s:30:\"saas-product-slider/slide3.jpg\";}}s:27:\"cinematic-wildlife-template\";a:1:{i:0;a:2:{s:5:\"title\";s:7:\"Slide 1\";s:3:\"img\";s:39:\"packages/cinematic-wildlife-package.jpg\";}}s:25:\"cinematic-wildlife-slider\";a:7:{i:0;a:2:{s:5:\"title\";s:7:\"Slide 1\";s:3:\"img\";s:36:\"cinematic-wildlife-slider/slide1.jpg\";}i:1;a:2:{s:5:\"title\";s:7:\"Slide 2\";s:3:\"img\";s:36:\"cinematic-wildlife-slider/slide2.jpg\";}i:2;a:2:{s:5:\"title\";s:7:\"Slide 3\";s:3:\"img\";s:36:\"cinematic-wildlife-slider/slide3.jpg\";}i:3;a:2:{s:5:\"title\";s:7:\"Slide 4\";s:3:\"img\";s:36:\"cinematic-wildlife-slider/slide4.jpg\";}i:4;a:2:{s:5:\"title\";s:7:\"Slide 5\";s:3:\"img\";s:36:\"cinematic-wildlife-slider/slide5.jpg\";}i:5;a:2:{s:5:\"title\";s:7:\"Slide 6\";s:3:\"img\";s:36:\"cinematic-wildlife-slider/slide6.jpg\";}i:6;a:2:{s:5:\"title\";s:7:\"Slide 7\";s:3:\"img\";s:36:\"cinematic-wildlife-slider/slide7.jpg\";}}s:24:\"cinematic-wildlife-modal\";a:7:{i:0;a:2:{s:5:\"title\";s:7:\"Slide 1\";s:3:\"img\";s:35:\"cinematic-wildlife-modal/slide1.jpg\";}i:1;a:2:{s:5:\"title\";s:7:\"Slide 2\";s:3:\"img\";s:35:\"cinematic-wildlife-modal/slide2.jpg\";}i:2;a:2:{s:5:\"title\";s:7:\"Slide 3\";s:3:\"img\";s:35:\"cinematic-wildlife-modal/slide3.jpg\";}i:3;a:2:{s:5:\"title\";s:7:\"Slide 4\";s:3:\"img\";s:35:\"cinematic-wildlife-modal/slide4.jpg\";}i:4;a:2:{s:5:\"title\";s:7:\"Slide 5\";s:3:\"img\";s:35:\"cinematic-wildlife-modal/slide5.jpg\";}i:5;a:2:{s:5:\"title\";s:7:\"Slide 6\";s:3:\"img\";s:35:\"cinematic-wildlife-modal/slide6.jpg\";}i:6;a:2:{s:5:\"title\";s:7:\"Slide 7\";s:3:\"img\";s:35:\"cinematic-wildlife-modal/slide7.jpg\";}}s:32:\"gaming-stats-presentation-slider\";a:5:{i:0;a:2:{s:5:\"title\";s:7:\"Slide 1\";s:3:\"img\";s:43:\"gaming-stats-presentation-slider/slide1.jpg\";}i:1;a:2:{s:5:\"title\";s:7:\"Slide 2\";s:3:\"img\";s:43:\"gaming-stats-presentation-slider/slide2.jpg\";}i:2;a:2:{s:5:\"title\";s:7:\"Slide 3\";s:3:\"img\";s:43:\"gaming-stats-presentation-slider/slide3.jpg\";}i:3;a:2:{s:5:\"title\";s:7:\"Slide 4\";s:3:\"img\";s:43:\"gaming-stats-presentation-slider/slide4.jpg\";}i:4;a:2:{s:5:\"title\";s:7:\"Slide 5\";s:3:\"img\";s:43:\"gaming-stats-presentation-slider/slide5.jpg\";}}s:15:\"coffee-flavours\";a:5:{i:0;a:2:{s:5:\"title\";s:7:\"Slide 1\";s:3:\"img\";s:25:\"coffee-flavors/slide1.jpg\";}i:1;a:2:{s:5:\"title\";s:7:\"Slide 2\";s:3:\"img\";s:25:\"coffee-flavors/slide2.jpg\";}i:2;a:2:{s:5:\"title\";s:7:\"Slide 3\";s:3:\"img\";s:25:\"coffee-flavors/slide3.jpg\";}i:3;a:2:{s:5:\"title\";s:7:\"Slide 4\";s:3:\"img\";s:25:\"coffee-flavors/slide4.jpg\";}i:4;a:2:{s:5:\"title\";s:7:\"Slide 5\";s:3:\"img\";s:25:\"coffee-flavors/slide5.jpg\";}}s:15:\"showreel-slider\";a:10:{i:0;a:2:{s:5:\"title\";s:7:\"Slide 1\";s:3:\"img\";s:26:\"showreel-slider/slide1.jpg\";}i:1;a:2:{s:5:\"title\";s:7:\"Slide 2\";s:3:\"img\";s:26:\"showreel-slider/slide2.jpg\";}i:2;a:2:{s:5:\"title\";s:7:\"Slide 3\";s:3:\"img\";s:26:\"showreel-slider/slide3.jpg\";}i:3;a:2:{s:5:\"title\";s:7:\"Slide 4\";s:3:\"img\";s:26:\"showreel-slider/slide4.jpg\";}i:4;a:2:{s:5:\"title\";s:7:\"Slide 5\";s:3:\"img\";s:26:\"showreel-slider/slide5.jpg\";}i:5;a:2:{s:5:\"title\";s:7:\"Slide 6\";s:3:\"img\";s:26:\"showreel-slider/slide6.jpg\";}i:6;a:2:{s:5:\"title\";s:7:\"Slide 7\";s:3:\"img\";s:26:\"showreel-slider/slide7.jpg\";}i:7;a:2:{s:5:\"title\";s:7:\"Slide 8\";s:3:\"img\";s:26:\"showreel-slider/slide8.jpg\";}i:8;a:2:{s:5:\"title\";s:7:\"Slide 9\";s:3:\"img\";s:26:\"showreel-slider/slide9.jpg\";}i:9;a:2:{s:5:\"title\";s:8:\"Slide 10\";s:3:\"img\";s:27:\"showreel-slider/slide10.jpg\";}}s:16:\"visual-art-forms\";a:5:{i:0;a:2:{s:5:\"title\";s:7:\"Slide 1\";s:3:\"img\";s:27:\"visual-art-forms/slide1.jpg\";}i:1;a:2:{s:5:\"title\";s:7:\"Slide 2\";s:3:\"img\";s:27:\"visual-art-forms/slide2.jpg\";}i:2;a:2:{s:5:\"title\";s:7:\"Slide 3\";s:3:\"img\";s:27:\"visual-art-forms/slide3.jpg\";}i:3;a:2:{s:5:\"title\";s:7:\"Slide 4\";s:3:\"img\";s:27:\"visual-art-forms/slide4.jpg\";}i:4;a:2:{s:5:\"title\";s:7:\"Slide 5\";s:3:\"img\";s:27:\"visual-art-forms/slide5.jpg\";}}s:14:\"bg-effect-hero\";a:4:{i:0;a:2:{s:5:\"title\";s:7:\"Slide 1\";s:3:\"img\";s:25:\"bg-effect-hero/slide1.jpg\";}i:1;a:2:{s:5:\"title\";s:7:\"Slide 2\";s:3:\"img\";s:25:\"bg-effect-hero/slide2.jpg\";}i:2;a:2:{s:5:\"title\";s:7:\"Slide 3\";s:3:\"img\";s:25:\"bg-effect-hero/slide3.jpg\";}i:3;a:2:{s:5:\"title\";s:7:\"Slide 4\";s:3:\"img\";s:25:\"bg-effect-hero/slide4.jpg\";}}s:9:\"cyberfunk\";a:5:{i:0;a:2:{s:5:\"title\";s:7:\"Slide 1\";s:3:\"img\";s:20:\"cyberfunk/slide1.jpg\";}i:1;a:2:{s:5:\"title\";s:7:\"Slide 2\";s:3:\"img\";s:20:\"cyberfunk/slide2.jpg\";}i:2;a:2:{s:5:\"title\";s:7:\"Slide 3\";s:3:\"img\";s:20:\"cyberfunk/slide3.jpg\";}i:3;a:2:{s:5:\"title\";s:7:\"Slide 4\";s:3:\"img\";s:20:\"cyberfunk/slide4.jpg\";}i:4;a:2:{s:5:\"title\";s:7:\"Slide 5\";s:3:\"img\";s:20:\"cyberfunk/slide5.jpg\";}}s:21:\"motion-blur-portfolio\";a:8:{i:0;a:2:{s:5:\"title\";s:7:\"Slide 1\";s:3:\"img\";s:32:\"motion-blur-portfolio/slide1.jpg\";}i:1;a:2:{s:5:\"title\";s:7:\"Slide 2\";s:3:\"img\";s:32:\"motion-blur-portfolio/slide2.jpg\";}i:2;a:2:{s:5:\"title\";s:7:\"Slide 3\";s:3:\"img\";s:32:\"motion-blur-portfolio/slide3.jpg\";}i:3;a:2:{s:5:\"title\";s:7:\"Slide 4\";s:3:\"img\";s:32:\"motion-blur-portfolio/slide4.jpg\";}i:4;a:2:{s:5:\"title\";s:7:\"Slide 5\";s:3:\"img\";s:32:\"motion-blur-portfolio/slide5.jpg\";}i:5;a:2:{s:5:\"title\";s:7:\"Slide 6\";s:3:\"img\";s:32:\"motion-blur-portfolio/slide6.jpg\";}i:6;a:2:{s:5:\"title\";s:7:\"Slide 7\";s:3:\"img\";s:32:\"motion-blur-portfolio/slide7.jpg\";}i:7;a:2:{s:5:\"title\";s:7:\"Slide 8\";s:3:\"img\";s:32:\"motion-blur-portfolio/slide8.jpg\";}}s:18:\"portal-effect-hero\";a:4:{i:0;a:2:{s:5:\"title\";s:7:\"Slide 1\";s:3:\"img\";s:29:\"portal-effect-hero/slide1.jpg\";}i:1;a:2:{s:5:\"title\";s:7:\"Slide 2\";s:3:\"img\";s:29:\"portal-effect-hero/slide2.jpg\";}i:2;a:2:{s:5:\"title\";s:7:\"Slide 3\";s:3:\"img\";s:29:\"portal-effect-hero/slide3.jpg\";}i:3;a:2:{s:5:\"title\";s:7:\"Slide 4\";s:3:\"img\";s:29:\"portal-effect-hero/slide4.jpg\";}}s:15:\"winery-timeline\";a:7:{i:0;a:2:{s:5:\"title\";s:7:\"Slide 1\";s:3:\"img\";s:26:\"winery-timeline/slide1.jpg\";}i:1;a:2:{s:5:\"title\";s:7:\"Slide 2\";s:3:\"img\";s:26:\"winery-timeline/slide2.jpg\";}i:2;a:2:{s:5:\"title\";s:7:\"Slide 3\";s:3:\"img\";s:26:\"winery-timeline/slide3.jpg\";}i:3;a:2:{s:5:\"title\";s:7:\"Slide 4\";s:3:\"img\";s:26:\"winery-timeline/slide4.jpg\";}i:4;a:2:{s:5:\"title\";s:7:\"Slide 5\";s:3:\"img\";s:26:\"winery-timeline/slide5.jpg\";}i:5;a:2:{s:5:\"title\";s:7:\"Slide 6\";s:3:\"img\";s:26:\"winery-timeline/slide6.jpg\";}i:6;a:2:{s:5:\"title\";s:7:\"Slide 7\";s:3:\"img\";s:26:\"winery-timeline/slide7.jpg\";}}s:25:\"smart-living-one-pager-v1\";a:1:{i:0;a:2:{s:5:\"title\";s:7:\"Slide 1\";s:3:\"img\";s:38:\"packages/Smart-Living-One-Pager-V1.jpg\";}}s:25:\"smart-living-one-pager-v2\";a:1:{i:0;a:2:{s:5:\"title\";s:7:\"Slide 1\";s:3:\"img\";s:38:\"packages/Smart-Living-One-Pager-V2.jpg\";}}s:25:\"smart-living-one-pager-v3\";a:1:{i:0;a:2:{s:5:\"title\";s:7:\"Slide 1\";s:3:\"img\";s:38:\"packages/Smart-Living-One-Pager-V3.jpg\";}}s:6:\"menu-1\";a:1:{i:0;a:2:{s:5:\"title\";s:7:\"Slide 1\";s:3:\"img\";s:17:\"menu-1/slide1.jpg\";}}s:14:\"onepage-hero-1\";a:1:{i:0;a:2:{s:5:\"title\";s:7:\"Slide 1\";s:3:\"img\";s:25:\"onepage-hero-1/slide1.jpg\";}}s:6:\"about1\";a:1:{i:0;a:2:{s:5:\"title\";s:7:\"Slide 1\";s:3:\"img\";s:17:\"about1/slide1.jpg\";}}s:9:\"services1\";a:1:{i:0;a:2:{s:5:\"title\";s:7:\"Slide 1\";s:3:\"img\";s:20:\"services1/slide1.jpg\";}}s:9:\"projects1\";a:6:{i:0;a:2:{s:5:\"title\";s:7:\"Slide 1\";s:3:\"img\";s:20:\"projects1/slide1.jpg\";}i:1;a:2:{s:5:\"title\";s:7:\"Slide 2\";s:3:\"img\";s:20:\"projects1/slide2.jpg\";}i:2;a:2:{s:5:\"title\";s:7:\"Slide 3\";s:3:\"img\";s:20:\"projects1/slide3.jpg\";}i:3;a:2:{s:5:\"title\";s:7:\"Slide 4\";s:3:\"img\";s:20:\"projects1/slide4.jpg\";}i:4;a:2:{s:5:\"title\";s:7:\"Slide 5\";s:3:\"img\";s:20:\"projects1/slide5.jpg\";}i:5;a:2:{s:5:\"title\";s:7:\"Slide 6\";s:3:\"img\";s:20:\"projects1/slide6.jpg\";}}s:8:\"footer-1\";a:1:{i:0;a:2:{s:5:\"title\";s:7:\"Slide 1\";s:3:\"img\";s:19:\"footer-1/slide1.jpg\";}}s:23:\"explainer-block-1-part1\";a:1:{i:0;a:2:{s:5:\"title\";s:7:\"Slide 1\";s:3:\"img\";s:34:\"explainer-block-1-part1/slide1.jpg\";}}s:23:\"explainer-block-1-part2\";a:1:{i:0;a:2:{s:5:\"title\";s:7:\"Slide 1\";s:3:\"img\";s:34:\"explainer-block-1-part2/slide1.jpg\";}}s:16:\"projects-modal-1\";a:6:{i:0;a:2:{s:5:\"title\";s:7:\"Slide 1\";s:3:\"img\";s:27:\"projects-modal-1/slide1.jpg\";}i:1;a:2:{s:5:\"title\";s:7:\"Slide 2\";s:3:\"img\";s:27:\"projects-modal-1/slide2.jpg\";}i:2;a:2:{s:5:\"title\";s:7:\"Slide 3\";s:3:\"img\";s:27:\"projects-modal-1/slide3.jpg\";}i:3;a:2:{s:5:\"title\";s:7:\"Slide 4\";s:3:\"img\";s:27:\"projects-modal-1/slide4.jpg\";}i:4;a:2:{s:5:\"title\";s:7:\"Slide 5\";s:3:\"img\";s:27:\"projects-modal-1/slide5.jpg\";}i:5;a:2:{s:5:\"title\";s:7:\"Slide 6\";s:3:\"img\";s:27:\"projects-modal-1/slide6.jpg\";}}s:6:\"menu-2\";a:1:{i:0;a:2:{s:5:\"title\";s:7:\"Slide 1\";s:3:\"img\";s:17:\"menu-2/slide1.jpg\";}}s:6:\"hero-2\";a:1:{i:0;a:2:{s:5:\"title\";s:7:\"Slide 1\";s:3:\"img\";s:17:\"hero-2/slide1.jpg\";}}s:10:\"services-2\";a:1:{i:0;a:2:{s:5:\"title\";s:7:\"Slide 1\";s:3:\"img\";s:34:\"services-2/services2-thumbnail.jpg\";}}s:7:\"about-2\";a:1:{i:0;a:2:{s:5:\"title\";s:7:\"Slide 1\";s:3:\"img\";s:18:\"about-2/slide1.jpg\";}}s:10:\"projects-2\";a:6:{i:0;a:2:{s:5:\"title\";s:7:\"Slide 1\";s:3:\"img\";s:21:\"projects-2/slide1.jpg\";}i:1;a:2:{s:5:\"title\";s:7:\"Slide 2\";s:3:\"img\";s:21:\"projects-2/slide2.jpg\";}i:2;a:2:{s:5:\"title\";s:7:\"Slide 3\";s:3:\"img\";s:21:\"projects-2/slide3.jpg\";}i:3;a:2:{s:5:\"title\";s:7:\"Slide 4\";s:3:\"img\";s:21:\"projects-2/slide4.jpg\";}i:4;a:2:{s:5:\"title\";s:7:\"Slide 5\";s:3:\"img\";s:21:\"projects-2/slide5.jpg\";}i:5;a:2:{s:5:\"title\";s:7:\"Slide 6\";s:3:\"img\";s:21:\"projects-2/slide6.jpg\";}}s:7:\"footer2\";a:1:{i:0;a:2:{s:5:\"title\";s:7:\"Slide 1\";s:3:\"img\";s:18:\"footer2/slide1.jpg\";}}s:23:\"explainer-block-2-part1\";a:1:{i:0;a:2:{s:5:\"title\";s:7:\"Slide 1\";s:3:\"img\";s:34:\"explainer-block-2-part1/slide1.jpg\";}}s:23:\"explainer-block-2-part2\";a:1:{i:0;a:2:{s:5:\"title\";s:7:\"Slide 1\";s:3:\"img\";s:34:\"explainer-block-2-part2/slide1.jpg\";}}s:16:\"projects-modal-2\";a:6:{i:0;a:2:{s:5:\"title\";s:7:\"Slide 1\";s:3:\"img\";s:27:\"projects-modal-2/slide1.jpg\";}i:1;a:2:{s:5:\"title\";s:7:\"Slide 2\";s:3:\"img\";s:27:\"projects-modal-2/slide2.jpg\";}i:2;a:2:{s:5:\"title\";s:7:\"Slide 3\";s:3:\"img\";s:27:\"projects-modal-2/slide3.jpg\";}i:3;a:2:{s:5:\"title\";s:7:\"Slide 4\";s:3:\"img\";s:27:\"projects-modal-2/slide4.jpg\";}i:4;a:2:{s:5:\"title\";s:7:\"Slide 5\";s:3:\"img\";s:27:\"projects-modal-2/slide5.jpg\";}i:5;a:2:{s:5:\"title\";s:7:\"Slide 6\";s:3:\"img\";s:27:\"projects-modal-2/slide6.jpg\";}}s:6:\"menu-3\";a:1:{i:0;a:2:{s:5:\"title\";s:7:\"Slide 1\";s:3:\"img\";s:17:\"menu-3/slide1.jpg\";}}s:6:\"hero-3\";a:3:{i:0;a:2:{s:5:\"title\";s:7:\"Slide 1\";s:3:\"img\";s:17:\"hero-3/slide1.jpg\";}i:1;a:2:{s:5:\"title\";s:7:\"Slide 2\";s:3:\"img\";s:17:\"hero-3/slide2.jpg\";}i:2;a:2:{s:5:\"title\";s:7:\"Slide 3\";s:3:\"img\";s:17:\"hero-3/slide3.jpg\";}}s:7:\"about-3\";a:1:{i:0;a:2:{s:5:\"title\";s:7:\"Slide 1\";s:3:\"img\";s:18:\"about-3/slide1.jpg\";}}s:10:\"services-3\";a:1:{i:0;a:2:{s:5:\"title\";s:7:\"Slide 1\";s:3:\"img\";s:21:\"services-3/slide1.jpg\";}}s:10:\"projects-3\";a:3:{i:0;a:2:{s:5:\"title\";s:7:\"Slide 1\";s:3:\"img\";s:21:\"projects-3/slide1.jpg\";}i:1;a:2:{s:5:\"title\";s:7:\"Slide 2\";s:3:\"img\";s:21:\"projects-3/slide2.jpg\";}i:2;a:2:{s:5:\"title\";s:7:\"Slide 3\";s:3:\"img\";s:21:\"projects-3/slide3.jpg\";}}s:8:\"footer-3\";a:1:{i:0;a:2:{s:5:\"title\";s:7:\"Slide 1\";s:3:\"img\";s:19:\"footer-3/slide1.jpg\";}}s:23:\"explainer-block-3-part1\";a:1:{i:0;a:2:{s:5:\"title\";s:7:\"Slide 1\";s:3:\"img\";s:34:\"explainer-block-3-part1/slide1.jpg\";}}s:23:\"explainer-block-3-part2\";a:1:{i:0;a:2:{s:5:\"title\";s:7:\"Slide 1\";s:3:\"img\";s:34:\"explainer-block-3-part2/slide1.jpg\";}}s:16:\"projects-modal-3\";a:6:{i:0;a:2:{s:5:\"title\";s:7:\"Slide 1\";s:3:\"img\";s:27:\"projects-modal-3/slide1.jpg\";}i:1;a:2:{s:5:\"title\";s:7:\"Slide 2\";s:3:\"img\";s:27:\"projects-modal-3/slide2.jpg\";}i:2;a:2:{s:5:\"title\";s:7:\"Slide 3\";s:3:\"img\";s:27:\"projects-modal-3/slide3.jpg\";}i:3;a:2:{s:5:\"title\";s:7:\"Slide 4\";s:3:\"img\";s:27:\"projects-modal-3/slide4.jpg\";}i:4;a:2:{s:5:\"title\";s:7:\"Slide 5\";s:3:\"img\";s:27:\"projects-modal-3/slide5.jpg\";}i:5;a:2:{s:5:\"title\";s:7:\"Slide 6\";s:3:\"img\";s:27:\"projects-modal-3/slide6.jpg\";}}s:25:\"urban-street-skate-slider\";a:12:{i:0;a:2:{s:5:\"title\";s:7:\"Slide 1\";s:3:\"img\";s:36:\"urban-street-skate-slider/slide1.jpg\";}i:1;a:2:{s:5:\"title\";s:7:\"Slide 2\";s:3:\"img\";s:36:\"urban-street-skate-slider/slide2.jpg\";}i:2;a:2:{s:5:\"title\";s:7:\"Slide 3\";s:3:\"img\";s:36:\"urban-street-skate-slider/slide3.jpg\";}i:3;a:2:{s:5:\"title\";s:7:\"Slide 4\";s:3:\"img\";s:36:\"urban-street-skate-slider/slide4.jpg\";}i:4;a:2:{s:5:\"title\";s:7:\"Slide 5\";s:3:\"img\";s:36:\"urban-street-skate-slider/slide5.jpg\";}i:5;a:2:{s:5:\"title\";s:7:\"Slide 6\";s:3:\"img\";s:36:\"urban-street-skate-slider/slide6.jpg\";}i:6;a:2:{s:5:\"title\";s:7:\"Slide 7\";s:3:\"img\";s:36:\"urban-street-skate-slider/slide7.jpg\";}i:7;a:2:{s:5:\"title\";s:7:\"Slide 8\";s:3:\"img\";s:36:\"urban-street-skate-slider/slide8.jpg\";}i:8;a:2:{s:5:\"title\";s:7:\"Slide 9\";s:3:\"img\";s:36:\"urban-street-skate-slider/slide9.jpg\";}i:9;a:2:{s:5:\"title\";s:8:\"Slide 10\";s:3:\"img\";s:37:\"urban-street-skate-slider/slide10.jpg\";}i:10;a:2:{s:5:\"title\";s:8:\"Slide 11\";s:3:\"img\";s:37:\"urban-street-skate-slider/slide11.jpg\";}i:11;a:2:{s:5:\"title\";s:8:\"Slide 12\";s:3:\"img\";s:37:\"urban-street-skate-slider/slide12.jpg\";}}s:13:\"yummy-burgers\";a:5:{i:0;a:2:{s:5:\"title\";s:7:\"Slide 1\";s:3:\"img\";s:24:\"yummy-burgers/slide1.jpg\";}i:1;a:2:{s:5:\"title\";s:7:\"Slide 2\";s:3:\"img\";s:24:\"yummy-burgers/slide2.jpg\";}i:2;a:2:{s:5:\"title\";s:7:\"Slide 3\";s:3:\"img\";s:24:\"yummy-burgers/slide3.jpg\";}i:3;a:2:{s:5:\"title\";s:7:\"Slide 4\";s:3:\"img\";s:24:\"yummy-burgers/slide4.jpg\";}i:4;a:2:{s:5:\"title\";s:7:\"Slide 5\";s:3:\"img\";s:24:\"yummy-burgers/slide5.jpg\";}}s:37:\"tattoo-event-website-template-package\";a:1:{i:0;a:2:{s:5:\"title\";s:7:\"Slide 1\";s:3:\"img\";s:41:\"packages/tattoo_event_website_package.jpg\";}}s:24:\"tattoo-event-hero-slider\";a:3:{i:0;a:2:{s:5:\"title\";s:7:\"Slide 1\";s:3:\"img\";s:35:\"tattoo-event-hero-slider/slide1.jpg\";}i:1;a:2:{s:5:\"title\";s:7:\"Slide 2\";s:3:\"img\";s:35:\"tattoo-event-hero-slider/slide2.jpg\";}i:2;a:2:{s:5:\"title\";s:7:\"Slide 3\";s:3:\"img\";s:35:\"tattoo-event-hero-slider/slide3.jpg\";}}s:18:\"tattoo-event-about\";a:1:{i:0;a:2:{s:5:\"title\";s:7:\"Slide 1\";s:3:\"img\";s:29:\"tattoo-event-about/slide1.jpg\";}}s:20:\"tattoo-event-artists\";a:5:{i:0;a:2:{s:5:\"title\";s:7:\"Slide 1\";s:3:\"img\";s:31:\"tattoo-event-artists/slide1.jpg\";}i:1;a:2:{s:5:\"title\";s:7:\"Slide 2\";s:3:\"img\";s:31:\"tattoo-event-artists/slide2.jpg\";}i:2;a:2:{s:5:\"title\";s:7:\"Slide 3\";s:3:\"img\";s:31:\"tattoo-event-artists/slide3.jpg\";}i:3;a:2:{s:5:\"title\";s:7:\"Slide 4\";s:3:\"img\";s:31:\"tattoo-event-artists/slide4.jpg\";}i:4;a:2:{s:5:\"title\";s:7:\"Slide 5\";s:3:\"img\";s:31:\"tattoo-event-artists/slide5.jpg\";}}s:21:\"tattoo-event-schedule\";a:3:{i:0;a:2:{s:5:\"title\";s:7:\"Slide 1\";s:3:\"img\";s:32:\"tattoo-event-schedule/slide1.jpg\";}i:1;a:2:{s:5:\"title\";s:7:\"Slide 2\";s:3:\"img\";s:32:\"tattoo-event-schedule/slide2.jpg\";}i:2;a:2:{s:5:\"title\";s:7:\"Slide 3\";s:3:\"img\";s:32:\"tattoo-event-schedule/slide3.jpg\";}}s:17:\"tattoo-event-news\";a:1:{i:0;a:2:{s:5:\"title\";s:7:\"Slide 1\";s:3:\"img\";s:28:\"tattoo-event-news/slide1.jpg\";}}s:19:\"tattoo-event-footer\";a:1:{i:0;a:2:{s:5:\"title\";s:7:\"Slide 1\";s:3:\"img\";s:30:\"tattoo-event-footer/slide1.jpg\";}}s:24:\"startup-website-template\";a:1:{i:0;a:2:{s:5:\"title\";s:7:\"Slide 1\";s:3:\"img\";s:37:\"packages/startup-website-template.jpg\";}}s:12:\"startup-menu\";a:1:{i:0;a:2:{s:5:\"title\";s:7:\"Slide 1\";s:3:\"img\";s:23:\"startup-menu/slide1.jpg\";}}s:12:\"startup-hero\";a:1:{i:0;a:2:{s:5:\"title\";s:7:\"Slide 1\";s:3:\"img\";s:23:\"startup-hero/slide1.jpg\";}}s:13:\"startup-about\";a:1:{i:0;a:2:{s:5:\"title\";s:7:\"Slide 1\";s:3:\"img\";s:24:\"startup-about/slide1.jpg\";}}s:18:\"startup-features-1\";a:1:{i:0;a:2:{s:5:\"title\";s:7:\"Slide 1\";s:3:\"img\";s:29:\"startup-features-1/slide1.jpg\";}}s:18:\"startup-features-2\";a:1:{i:0;a:2:{s:5:\"title\";s:7:\"Slide 1\";s:3:\"img\";s:29:\"startup-features-2/slide1.jpg\";}}s:12:\"startup-team\";a:1:{i:0;a:2:{s:5:\"title\";s:7:\"Slide 1\";s:3:\"img\";s:23:\"startup-team/slide1.jpg\";}}s:15:\"startup-reviews\";a:1:{i:0;a:2:{s:5:\"title\";s:7:\"Slide 1\";s:3:\"img\";s:26:\"startup-reviews/slide1.jpg\";}}s:11:\"startup-cta\";a:1:{i:0;a:2:{s:5:\"title\";s:7:\"Slide 1\";s:3:\"img\";s:22:\"startup-cta/slide1.jpg\";}}s:14:\"startup-footer\";a:1:{i:0;a:2:{s:5:\"title\";s:7:\"Slide 1\";s:3:\"img\";s:25:\"startup-footer/slide1.jpg\";}}s:19:\"startup-video-modal\";a:1:{i:0;a:2:{s:5:\"title\";s:7:\"Slide 1\";s:3:\"img\";s:30:\"startup-video-modal/slide1.jpg\";}}s:32:\"christmas-gift-card-landing-page\";a:1:{i:0;a:2:{s:5:\"title\";s:7:\"Slide 1\";s:3:\"img\";s:45:\"packages/christmas-gift-card-landing-page.jpg\";}}s:24:\"christmas-landing-page-1\";a:1:{i:0;a:2:{s:5:\"title\";s:7:\"Slide 1\";s:3:\"img\";s:43:\"christmas-gift-card-landing-page/slide1.jpg\";}}s:24:\"christmas-landing-page-2\";a:1:{i:0;a:2:{s:5:\"title\";s:7:\"Slide 1\";s:3:\"img\";s:35:\"christmas-landing-page-2/slide1.jpg\";}}s:12:\"image-slider\";a:5:{i:0;a:2:{s:5:\"title\";s:7:\"Slide 1\";s:3:\"img\";s:24:\"image-slider/slide-1.jpg\";}i:1;a:2:{s:5:\"title\";s:7:\"Slide 2\";s:3:\"img\";s:24:\"image-slider/slide-2.jpg\";}i:2;a:2:{s:5:\"title\";s:7:\"Slide 3\";s:3:\"img\";s:24:\"image-slider/slide-3.jpg\";}i:3;a:2:{s:5:\"title\";s:7:\"Slide 4\";s:3:\"img\";s:24:\"image-slider/slide-4.jpg\";}i:4;a:2:{s:5:\"title\";s:7:\"Slide 5\";s:3:\"img\";s:24:\"image-slider/slide-5.jpg\";}}}}'),(19,'rs-templates-counter','i:1;'),(20,'revslider_update_revision_current','6.4.10'),(21,'rs_image_meta_todo','a:1:{i:0;s:78:\"/var/www/html/pub/media/revslider/bluesky_dukamarket_digital_01/02-slide-1.jpg\";}');

--
-- Table structure for table `nwdthemes_revslider_sliders`
--

CREATE TABLE `nwdthemes_revslider_sliders` (
  `id` int NOT NULL AUTO_INCREMENT,
  `title` varchar(255) NOT NULL,
  `alias` varchar(255) DEFAULT NULL,
  `params` longtext NOT NULL,
  `settings` text,
  `type` varchar(191) NOT NULL DEFAULT '',
  UNIQUE KEY `id` (`id`),
  KEY `type_index` (`type`(8))
) ENGINE=InnoDB AUTO_INCREMENT=3 DEFAULT CHARSET=utf8mb3;

--
-- Dumping data for table `nwdthemes_revslider_sliders`
--

INSERT INTO `nwdthemes_revslider_sliders` VALUES (2,'Digital 01 - Slide show','bluesky_dukamarket_digital_01','{\"addOns\":[],\"version\":\"6.5.3\",\"shortcode\":\"{{block class=\\\"Nwdthemes\\\\Revslider\\\\Block\\\\Revslider\\\" alias=\\\"bluesky_dukamarket_digital_01\\\"}}\",\"type\":\"standard\",\"layouttype\":\"auto\",\"sourcetype\":\"gallery\",\"googleFont\":[],\"id\":\"\",\"class\":\"\",\"wrapperclass\":\"\",\"snap\":{\"adjust\":\"none\",\"snap\":false,\"helpLines\":false,\"gap\":20},\"source\":{\"gallery\":[],\"post\":{\"excerptLimit\":55,\"maxPosts\":30,\"fetchType\":\"cat_tag\",\"category\":\"\",\"sortBy\":\"ID\",\"types\":\"post\",\"list\":\"\",\"sortDirection\":\"DESC\",\"subType\":\"post\"},\"woo\":{\"excerptLimit\":55,\"maxProducts\":30,\"featuredOnly\":false,\"inStockOnly\":false,\"category\":\"\",\"sortBy\":\"ID\",\"types\":\"product\",\"sortDirection\":\"DESC\",\"regPriceFrom\":\"\",\"regPriceTo\":\"\",\"salePriceFrom\":\"\",\"salePriceTo\":\"\"},\"instagram\":{\"count\":8,\"hashTag\":\"\",\"transient\":1200,\"type\":\"user\",\"userId\":\"\",\"token_source\":\"account\",\"connect_with\":\"\"},\"facebook\":{\"album\":\"\",\"appId\":\"\",\"appSecret\":\"\",\"count\":8,\"transient\":1200,\"typeSource\":\"timeline\",\"token_source\":\"account\",\"connect_with\":\"\",\"page_id\":\"\"},\"flickr\":{\"apiKey\":\"\",\"count\":8,\"galleryURL\":\"\",\"groupURL\":\"\",\"photoSet\":\"\",\"transient\":1200,\"type\":\"publicphotos\",\"userURL\":\"\"},\"twitter\":{\"accessSecret\":\"\",\"accessToken\":\"\",\"consumerKey\":\"\",\"consumerSecret\":\"\",\"count\":8,\"excludeReplies\":false,\"imageOnly\":false,\"includeRetweets\":false,\"transient\":1200,\"userId\":\"\"},\"vimeo\":{\"albumId\":\"\",\"channelName\":\"\",\"count\":8,\"transient\":1200,\"groupName\":\"\",\"typeSource\":\"user\",\"userName\":\"\"},\"youtube\":{\"api\":\"\",\"channelId\":\"\",\"count\":8,\"playList\":\"\",\"transient\":1200,\"typeSource\":\"channel\"}},\"def\":{\"intelligentInherit\":false,\"autoResponsive\":false,\"responsiveChilds\":false,\"responsiveOffset\":false,\"transition\":\"fade\",\"transitionDuration\":300,\"delay\":9000,\"background\":{\"fit\":\"cover\",\"fitX\":100,\"fitY\":100,\"position\":\"center center\",\"positionX\":0,\"positionY\":0,\"repeat\":\"no-repeat\",\"imageSourceType\":\"full\"},\"panZoom\":{\"set\":false,\"blurStart\":0,\"blurEnd\":0,\"duration\":10000,\"ease\":\"none\",\"fitEnd\":100,\"fitStart\":100,\"xEnd\":0,\"yEnd\":0,\"xStart\":0,\"yStart\":0,\"rotateStart\":0,\"rotateEnd\":0}},\"size\":{\"enableUpscaling\":false,\"respectAspectRatio\":false,\"disableForceFullWidth\":false,\"custom\":{\"d\":true,\"n\":true,\"t\":true,\"m\":true},\"minHeightFullScreen\":\"\",\"minHeight\":\"420px\",\"maxWidth\":0,\"maxHeight\":0,\"fullScreenOffsetContainer\":\"\",\"fullScreenOffset\":\"\",\"width\":{\"d\":\"990px\",\"n\":\"940px\",\"t\":\"720px\",\"m\":\"480px\"},\"height\":{\"d\":\"420px\",\"n\":\"380px\",\"t\":\"340px\",\"m\":\"300px\"},\"editorCache\":{\"d\":420,\"n\":380,\"t\":340,\"m\":300},\"overflow\":false,\"useFullScreenHeight\":true,\"overflowHidden\":false,\"gridEQModule\":false,\"forceOverflow\":false,\"keepBPHeight\":false,\"ignoreHeightChanges\":true},\"codes\":{\"javascript\":\"\",\"css\":\"rs-module-wrap, rs-slide{\\nborder-radius: 20px;\\n  overflow: hidden;\\n     direction: ltr;\\n}\"},\"carousel\":{\"justify\":false,\"justifyMaxWidth\":false,\"snap\":true,\"borderRadius\":0,\"borderRadiusUnit\":\"px\",\"ease\":\"power3.inOut\",\"fadeOut\":true,\"scale\":false,\"offsetScale\":false,\"horizontal\":\"center\",\"vertical\":\"center\",\"infinity\":false,\"maxItems\":3,\"maxRotation\":0,\"maxOpacity\":100,\"paddingTop\":0,\"paddingBottom\":0,\"rotation\":false,\"scaleDown\":50,\"space\":0,\"speed\":800,\"stretch\":false,\"varyFade\":false,\"varyRotate\":false,\"varyScale\":false,\"showAllLayers\":\"false\"},\"hero\":{\"activeSlide\":-1},\"layout\":{\"bg\":{\"color\":\"transparent\",\"padding\":0,\"dottedOverlay\":\"none\",\"dottedOverlaySize\":1,\"dottedColorA\":\"transparent\",\"dottedColorB\":\"#000000\",\"shadow\":0,\"useImage\":false,\"image\":\"\",\"imageSourceType\":\"full\",\"fit\":\"cover\",\"position\":\"center center\",\"repeat\":\"no-repeat\"},\"spinner\":{\"color\":\"#ffffff\",\"type\":\"3\"},\"position\":{\"marginTop\":0,\"marginBottom\":0,\"marginLeft\":0,\"marginRight\":0,\"align\":\"center\",\"fixedOnTop\":false,\"addClear\":false}},\"visibility\":{\"hideSelectedLayersUnderLimit\":0,\"hideAllLayersUnderLimit\":0,\"hideSliderUnderLimit\":0},\"general\":{\"slideshow\":{\"slideShow\":true,\"stopOnHover\":false,\"stopSlider\":false,\"stopAfterLoops\":0,\"stopAtSlide\":1,\"shuffle\":false,\"loopSingle\":true,\"viewPort\":false,\"viewPortStart\":\"wait\",\"viewPortArea\":{\"d\":{\"v\":\"200px\",\"e\":false,\"u\":\"\"},\"n\":{\"v\":\"200px\",\"e\":false,\"u\":\"\"},\"t\":{\"v\":\"200px\",\"e\":false,\"u\":\"\"},\"m\":{\"v\":\"200px\",\"e\":false,\"u\":\"\"}},\"presetSliderHeight\":false,\"initDelay\":0,\"waitForInit\":false},\"progressbar\":{\"set\":false,\"alignby\":\"slider\",\"style\":\"horizontal\",\"size\":\"5px\",\"radius\":10,\"vertical\":\"bottom\",\"horizontal\":\"left\",\"x\":0,\"y\":0,\"color\":\"rgba(255,255,255,0.5)\",\"bgcolor\":\"transparent\",\"basedon\":\"slide\",\"gapsize\":0,\"gap\":false,\"gapcolor\":\"rgba(255,255,255,0.5)\",\"reset\":\"reset\",\"visibility\":{\"d\":true,\"m\":true,\"n\":true,\"t\":true}},\"firstSlide\":{\"set\":false,\"duration\":300,\"slotAmount\":7,\"type\":\"fade\",\"alternativeFirstSlideSet\":false,\"alternativeFirstSlide\":1},\"icache\":\"default\",\"DPR\":\"dpr\",\"observeWrap\":false,\"layerSelection\":false,\"lazyLoad\":\"none\",\"nextSlideOnFocus\":false,\"disableFocusListener\":false,\"enableurlhash\":false,\"disableOnMobile\":false,\"autoPlayVideoOnMobile\":true,\"disablePanZoomMobile\":false,\"useWPML\":false,\"perspective\":600,\"perspectiveType\":\"global\"},\"nav\":{\"preview\":{\"width\":50,\"height\":100},\"swipe\":{\"set\":false,\"setOnDesktop\":false,\"setMobileCarousel\":true,\"setDesktopCarousel\":true,\"blockDragVertical\":false,\"direction\":\"horizontal\",\"minTouch\":1,\"velocity\":75},\"keyboard\":{\"direction\":\"horizontal\",\"set\":false},\"mouse\":{\"set\":\"off\",\"reverse\":\"default\",\"viewport\":50,\"calldelay\":1000},\"arrows\":{\"set\":false,\"rtl\":false,\"animSpeed\":\"1000ms\",\"animDelay\":\"1000ms\",\"style\":\"1000\",\"preset\":\"default\",\"presets\":[],\"alwaysOn\":true,\"hideDelay\":200,\"hideDelayMobile\":1200,\"hideOver\":false,\"hideOverLimit\":0,\"hideUnder\":false,\"hideUnderLimit\":778,\"left\":{\"anim\":\"fade\",\"horizontal\":\"left\",\"vertical\":\"center\",\"offsetX\":30,\"offsetY\":0,\"align\":\"slider\"},\"right\":{\"anim\":\"fade\",\"horizontal\":\"right\",\"vertical\":\"center\",\"offsetX\":30,\"offsetY\":0,\"align\":\"slider\"}},\"thumbs\":{\"anim\":\"fade\",\"animSpeed\":\"1000ms\",\"animDelay\":\"1000ms\",\"set\":false,\"rtl\":false,\"style\":\"2000\",\"preset\":\"default\",\"presets\":[],\"alwaysOn\":true,\"hideDelay\":200,\"hideDelayMobile\":1200,\"hideOver\":false,\"hideOverLimit\":0,\"hideUnder\":false,\"hideUnderLimit\":778,\"spanWrapper\":false,\"horizontal\":\"center\",\"vertical\":\"bottom\",\"amount\":5,\"direction\":\"horizontal\",\"height\":50,\"width\":100,\"widthMin\":100,\"innerOuter\":\"inner\",\"offsetX\":0,\"offsetY\":20,\"space\":5,\"align\":\"slider\",\"padding\":5,\"wrapperColor\":\"transparent\",\"mhoffset\":0,\"mvoffset\":0},\"tabs\":{\"anim\":\"fade\",\"animSpeed\":\"1000ms\",\"animDelay\":\"1000ms\",\"set\":false,\"rtl\":false,\"style\":\"4000\",\"preset\":\"default\",\"presets\":[],\"alwaysOn\":true,\"hideDelay\":200,\"hideDelayMobile\":1200,\"hideOver\":false,\"hideOverLimit\":0,\"hideUnder\":false,\"hideUnderLimit\":778,\"spanWrapper\":false,\"horizontal\":\"center\",\"vertical\":\"bottom\",\"amount\":5,\"direction\":\"horizontal\",\"height\":50,\"width\":100,\"widthMin\":100,\"innerOuter\":\"inner\",\"offsetX\":0,\"offsetY\":20,\"space\":5,\"align\":\"slider\",\"padding\":5,\"wrapperColor\":\"transparent\",\"mhoffset\":0,\"mvoffset\":0},\"bullets\":{\"anim\":\"fade\",\"animSpeed\":\"1000ms\",\"animDelay\":\"1000ms\",\"set\":true,\"rtl\":false,\"style\":\"1\",\"preset\":\"default\",\"presets\":[],\"alwaysOn\":true,\"horizontal\":\"center\",\"vertical\":\"bottom\",\"direction\":\"horizontal\",\"offsetX\":0,\"offsetY\":\"30px\",\"align\":\"slider\",\"space\":\"10\",\"hideDelay\":200,\"hideDelayMobile\":1200,\"hideOver\":false,\"hideOverLimit\":0,\"hideUnder\":false,\"hideUnderLimit\":778}},\"troubleshooting\":{\"alternateImageType\":\"off\",\"alternateURL\":\"\",\"jsNoConflict\":false,\"jsInBody\":false,\"outPutFilter\":\"none\",\"simplify_ie8_ios4\":false},\"parallax\":{\"set\":false,\"setDDD\":false,\"disableOnMobile\":false,\"levels\":[5,10,15,20,25,30,35,40,45,46,47,48,49,50,51,30],\"ddd\":{\"BGFreeze\":false,\"layerOverflow\":false,\"overflow\":false,\"shadow\":false,\"zCorrection\":65},\"mouse\":{\"speed\":0,\"bgSpeed\":0,\"layersSpeed\":0,\"origo\":\"slidercenter\",\"type\":\"scroll\"}},\"modal\":{\"bodyclass\":\"\",\"horizontal\":\"center\",\"vertical\":\"middle\",\"cover\":true,\"coverColor\":\"rgba(0,0,0,0.5)\",\"coverSpeed\":1000},\"scrolleffects\":{\"set\":false,\"setBlur\":false,\"setFade\":false,\"setGrayScale\":false,\"bg\":false,\"direction\":\"both\",\"layers\":false,\"maxBlur\":10,\"multiplicator\":\"1.3\",\"multiplicatorLayers\":\"1.3\",\"disableOnMobile\":false,\"parallaxLayers\":false,\"staticLayers\":false,\"staticParallaxLayers\":false,\"tilt\":30},\"scrolltimeline\":{\"set\":false,\"fixed\":false,\"fixedStart\":2000,\"fixedEnd\":4000,\"layers\":false,\"ease\":\"none\",\"speed\":500},\"skins\":{\"colorsAtStart\":false,\"cid\":2,\"colors\":[{\"alias\":\"Highlight\",\"v\":\"#ff0000\",\"ref\":[]},{\"alias\":\"Headline Text\",\"v\":\"#ffffff\",\"ref\":[]},{\"alias\":\"Content Text\",\"v\":\"#00ffff\",\"ref\":[]}]},\"use_access_permissions\":false,\"allow_groups\":[],\"modalshortcode\":\"{{block class=\\\"Nwdthemes\\\\Revslider\\\\Block\\\\Revslider\\\" usage=\\\"modal\\\" alias=\\\"bluesky_dukamarket_digital_01\\\"}}\"}','{\"version\":\"6.5.3\"}','');

--
-- Table structure for table `nwdthemes_revslider_slides`
--

CREATE TABLE `nwdthemes_revslider_slides` (
  `id` int NOT NULL AUTO_INCREMENT,
  `slider_id` int NOT NULL,
  `slide_order` int NOT NULL,
  `params` longtext NOT NULL,
  `layers` longtext NOT NULL,
  `settings` text NOT NULL,
  UNIQUE KEY `id` (`id`),
  KEY `slider_id_index` (`slider_id`)
) ENGINE=InnoDB AUTO_INCREMENT=5 DEFAULT CHARSET=utf8mb3;

--
-- Dumping data for table `nwdthemes_revslider_slides`
--

INSERT INTO `nwdthemes_revslider_slides` VALUES (2,2,1,'{\"runtime\":{\"collapsedGroups\":[]},\"bg\":{\"type\":\"image\",\"image\":\"http:\\/\\/18.141.220.117\\/media\\/revslider\\/bluesky_dukamarket_digital_01\\/02-slide-1.jpg\",\"imageLib\":\"medialibrary\",\"imageWidth\":990,\"imageHeight\":420,\"imageRatio\":2.3571428571429,\"imageId\":\"Ymx1ZXNreV9kdWthbWFya2V0X2RpZ2l0YWxfMDEvMDItc2xpZGUtMS5qcGc-\"},\"info\":{\"params\":[{\"v\":\"\",\"l\":10},{\"v\":\"\",\"l\":10},{\"v\":\"\",\"l\":10},{\"v\":\"\",\"l\":10},{\"v\":\"\",\"l\":10},{\"v\":\"\",\"l\":10},{\"v\":\"\",\"l\":10},{\"v\":\"\",\"l\":10},{\"v\":\"\",\"l\":10},{\"v\":\"\",\"l\":10}]},\"attributes\":{\"titleOption\":\"file_name\",\"altOption\":\"file_name\"},\"slideChange\":{\"in\":{\"x\":\"100%\"},\"out\":{\"a\":false,\"x\":\"-60%\"},\"title\":\"*west*\",\"main\":\"basic\",\"group\":\"parallax\",\"preset\":\"parallaxtoleft\",\"alt\":[\"parallaxtoright\"]},\"version\":\"6.5.3\"}','{\"0\":{\"text\":\"\",\"alias\":\"Group-0\",\"uid\":0,\"toggle\":{\"text\":\"\"},\"size\":{\"width\":{\"d\":{\"v\":\"100%\"},\"n\":{\"v\":\"100%\"},\"t\":{\"v\":\"100%\"},\"m\":{\"v\":\"100%\"}},\"height\":{\"d\":{\"v\":\"100%\"},\"n\":{\"v\":\"100%\"},\"t\":{\"v\":\"100%\"},\"m\":{\"v\":\"100%\"}},\"originalWidth\":\"300px\",\"originalHeight\":\"180px\",\"aspectRatio\":{\"d\":{\"v\":1.6666666666667},\"n\":{\"v\":1.6666666666667},\"t\":{\"v\":1.6666666666667},\"m\":{\"v\":1.6666666666667}},\"scaleProportional\":false},\"position\":{\"horizontal\":{\"d\":{\"v\":\"center\"},\"n\":{\"v\":\"center\"},\"t\":{\"v\":\"center\"},\"m\":{\"v\":\"center\"}},\"vertical\":{\"d\":{\"v\":\"middle\"},\"n\":{\"v\":\"middle\"},\"t\":{\"v\":\"middle\"},\"m\":{\"v\":\"middle\"}},\"zIndex\":11},\"attributes\":{\"wrapperClasses\":\"ovic-wrap\"},\"behavior\":{\"autoResponsive\":false,\"intelligentInherit\":false,\"responsiveChilds\":false,\"responsiveOffset\":false},\"group\":{\"groupOrder\":11},\"timeline\":{\"frames\":{\"frame_0\":{\"transform\":{\"opacity\":1},\"mask\":{\"use\":true},\"timeline\":{\"endWithSlide\":false,\"alias\":\"Anim From\"},\"chars\":{\"use\":true,\"y\":{\"d\":{\"v\":\"100%\"},\"n\":{\"v\":\"100%\"},\"t\":{\"v\":\"100%\"},\"m\":{\"v\":\"100%\"}},\"opacity\":\"0\",\"rotationZ\":\"-35deg\"}},\"frame_1\":{\"mask\":{\"use\":true},\"timeline\":{\"speed\":1200,\"endWithSlide\":false,\"alias\":\"Anim To\",\"frameLength\":1200},\"chars\":{\"ease\":\"power4.inOut\",\"use\":true,\"delay\":10,\"rotationZ\":\"0deg\"}},\"frame_999\":{\"transform\":{\"opacity\":0},\"timeline\":{\"start\":9000,\"startRelative\":7800,\"endWithSlide\":true,\"frameLength\":300}}},\"hoverFilterUsed\":false,\"frameOrder\":[{\"id\":\"frame_0\",\"start\":-1},{\"id\":\"frame_1\",\"start\":0},{\"id\":\"frame_999\",\"start\":9000}],\"split\":false,\"sessionFilterUsed\":false},\"idle\":{\"margin\":{\"d\":{\"v\":[0,0,0,0],\"e\":false},\"n\":{\"v\":[0,0,0,0],\"e\":false},\"t\":{\"v\":[0,0,0,0],\"e\":false},\"m\":{\"v\":[0,0,0,0],\"e\":false}},\"padding\":{\"d\":{\"v\":[0,0,0,0],\"e\":false},\"n\":{\"v\":[0,0,0,0],\"e\":false},\"t\":{\"v\":[0,0,0,0],\"e\":false},\"m\":{\"v\":[0,0,0,0],\"e\":false}},\"borderRadius\":{\"v\":[0,0,0,0]},\"borderWidth\":[0,0,0,0],\"whiteSpace\":{\"d\":{\"v\":\"full\"},\"n\":{\"v\":\"full\"},\"t\":{\"v\":\"full\"},\"m\":{\"v\":\"full\"}}},\"hover\":{\"borderRadius\":{\"v\":[0,0,0,0]},\"borderWidth\":[0,0,0,0]},\"actions\":{\"action\":[]},\"type\":\"group\"},\"2\":{\"text\":\"Gaming Headset\\nBrilliant Lighting Effect\",\"alias\":\"Text-2\",\"uid\":2,\"toggle\":{\"text\":\"\"},\"size\":{\"width\":{\"m\":{\"v\":\"290px\",\"e\":true}},\"aspectRatio\":{\"d\":{\"v\":\"none\"},\"n\":{\"v\":\"none\"},\"t\":{\"v\":\"none\"},\"m\":{\"v\":\"none\"}},\"scaleProportional\":false},\"position\":{\"x\":{\"d\":{\"v\":\"86px\"},\"n\":{\"v\":\"66px\",\"e\":true},\"t\":{\"v\":\"36px\",\"e\":true},\"m\":{\"v\":\"13px\",\"e\":true}},\"y\":{\"d\":{\"v\":\"-81px\"},\"n\":{\"v\":\"-74px\",\"e\":true},\"t\":{\"v\":\"-69px\",\"e\":true},\"m\":{\"v\":\"-69px\",\"e\":true}},\"vertical\":{\"d\":{\"v\":\"middle\"},\"n\":{\"v\":\"middle\"},\"t\":{\"v\":\"middle\"},\"m\":{\"v\":\"middle\"}},\"zIndex\":10},\"behavior\":{\"autoResponsive\":false,\"intelligentInherit\":false,\"responsiveChilds\":false,\"responsiveOffset\":false},\"group\":{\"puid\":\"0\",\"groupOrder\":10},\"timeline\":{\"frames\":{\"frame_0\":{\"transform\":{\"x\":{\"d\":{\"v\":-50},\"n\":{\"v\":-50},\"t\":{\"v\":-50},\"m\":{\"v\":-50}}},\"timeline\":{\"endWithSlide\":false,\"alias\":\"Anim From\"}},\"frame_1\":{\"timeline\":{\"speed\":\"1500\",\"start\":1000,\"endWithSlide\":false,\"alias\":\"Anim To\",\"frameLength\":1500}},\"frame_999\":{\"transform\":{\"opacity\":0},\"timeline\":{\"start\":9000,\"startRelative\":7560,\"endWithSlide\":true,\"frameLength\":300}}},\"hoverFilterUsed\":false,\"frameOrder\":[{\"id\":\"frame_0\",\"start\":-1},{\"id\":\"frame_1\",\"start\":1000},{\"id\":\"frame_999\",\"start\":9000}],\"split\":false,\"sessionFilterUsed\":false},\"idle\":{\"margin\":{\"d\":{\"v\":[0,0,0,0],\"e\":false},\"n\":{\"v\":[0,0,0,0],\"e\":false},\"t\":{\"v\":[0,0,0,0],\"e\":false},\"m\":{\"v\":[0,0,0,0],\"e\":false}},\"padding\":{\"d\":{\"v\":[0,0,0,0],\"e\":false},\"n\":{\"v\":[0,0,0,0],\"e\":false},\"t\":{\"v\":[0,0,0,0],\"e\":false},\"m\":{\"v\":[0,0,0,0],\"e\":false}},\"fontFamily\":\"Rubik\",\"fontSize\":{\"d\":{\"v\":\"40px\"},\"n\":{\"v\":\"36px\",\"e\":true},\"t\":{\"v\":\"32px\",\"e\":true},\"m\":{\"v\":\"24px\",\"e\":true}},\"letterSpacing\":{\"d\":{\"v\":\"-1px\"},\"n\":{\"v\":\"-1px\"},\"t\":{\"v\":\"-1px\"},\"m\":{\"v\":\"-1px\"}},\"lineHeight\":{\"d\":{\"v\":\"48px\"},\"n\":{\"v\":\"44px\",\"e\":true},\"t\":{\"v\":\"40px\",\"e\":true},\"m\":{\"v\":\"30px\",\"e\":true}},\"borderRadius\":{\"v\":[0,0,0,0]},\"borderWidth\":[0,0,0,0],\"whiteSpace\":{\"d\":{\"v\":\"full\"},\"n\":{\"v\":\"full\"},\"t\":{\"v\":\"full\"},\"m\":{\"v\":\"full\"}}},\"hover\":{\"borderRadius\":{\"v\":[0,0,0,0]},\"borderWidth\":[0,0,0,0]},\"actions\":{\"action\":[]},\"type\":\"text\"},\"3\":{\"text\":\"Wireless Connection With TV, Computer, Laptop...\",\"alias\":\"Text-3\",\"uid\":3,\"toggle\":{\"text\":\"\"},\"size\":{\"width\":{\"m\":{\"v\":\"290px\",\"e\":true}},\"aspectRatio\":{\"d\":{\"v\":\"none\"},\"n\":{\"v\":\"none\"},\"t\":{\"v\":\"none\"},\"m\":{\"v\":\"none\"}},\"scaleProportional\":false},\"position\":{\"x\":{\"d\":{\"v\":\"88px\"},\"n\":{\"v\":\"68px\",\"e\":true},\"t\":{\"v\":\"38px\",\"e\":true},\"m\":{\"v\":\"15px\",\"e\":true}},\"y\":{\"d\":{\"v\":\"-4px\"},\"n\":{\"v\":\"-2px\",\"e\":true},\"t\":{\"v\":\"-5px\",\"e\":true},\"m\":{\"v\":\"-5px\",\"e\":true}},\"vertical\":{\"d\":{\"v\":\"middle\"},\"n\":{\"v\":\"middle\"},\"t\":{\"v\":\"middle\"},\"m\":{\"v\":\"middle\"}},\"zIndex\":9},\"behavior\":{\"autoResponsive\":false,\"intelligentInherit\":false,\"responsiveChilds\":false,\"responsiveOffset\":false},\"group\":{\"puid\":\"0\",\"groupOrder\":9},\"timeline\":{\"frames\":{\"frame_0\":{\"transform\":{\"x\":{\"d\":{\"v\":50},\"n\":{\"v\":50},\"t\":{\"v\":50},\"m\":{\"v\":50}}},\"timeline\":{\"endWithSlide\":false,\"alias\":\"Anim From\"}},\"frame_1\":{\"timeline\":{\"speed\":\"1500\",\"start\":1500,\"endWithSlide\":false,\"alias\":\"Anim To\",\"frameLength\":1500}},\"frame_999\":{\"transform\":{\"opacity\":0},\"timeline\":{\"start\":9000,\"startRelative\":6720,\"endWithSlide\":true,\"frameLength\":300}}},\"hoverFilterUsed\":false,\"frameOrder\":[{\"id\":\"frame_0\",\"start\":-1},{\"id\":\"frame_1\",\"start\":1500},{\"id\":\"frame_999\",\"start\":9000}],\"split\":false,\"sessionFilterUsed\":false},\"idle\":{\"margin\":{\"d\":{\"v\":[0,0,0,0],\"e\":false},\"n\":{\"v\":[0,0,0,0],\"e\":false},\"t\":{\"v\":[0,0,0,0],\"e\":false},\"m\":{\"v\":[0,0,0,0],\"e\":false}},\"padding\":{\"d\":{\"v\":[0,0,0,0],\"e\":false},\"n\":{\"v\":[0,0,0,0],\"e\":false},\"t\":{\"v\":[0,0,0,0],\"e\":false},\"m\":{\"v\":[0,0,0,0],\"e\":false}},\"fontFamily\":\"Rubik\",\"fontSize\":{\"d\":{\"v\":\"18px\"},\"n\":{\"v\":\"16px\",\"e\":true},\"t\":{\"v\":\"15px\",\"e\":true},\"m\":{\"v\":\"14px\",\"e\":true}},\"letterSpacing\":{\"d\":{\"v\":\"0px\"},\"n\":{\"v\":\"0px\"},\"t\":{\"v\":\"0px\"},\"m\":{\"v\":\"0px\"}},\"lineHeight\":{\"d\":{\"v\":\"24px\"},\"n\":{\"v\":\"24px\"},\"t\":{\"v\":\"24px\"},\"m\":{\"v\":\"24px\"}},\"borderRadius\":{\"v\":[0,0,0,0]},\"borderWidth\":[0,0,0,0],\"whiteSpace\":{\"d\":{\"v\":\"full\"},\"n\":{\"v\":\"full\"},\"t\":{\"v\":\"full\"},\"m\":{\"v\":\"full\"}}},\"hover\":{\"borderRadius\":{\"v\":[0,0,0,0]},\"borderWidth\":[0,0,0,0]},\"actions\":{\"action\":[]},\"type\":\"text\"},\"4\":{\"text\":\"DISCOVER NOW\",\"alias\":\"Button-4\",\"uid\":4,\"toggle\":{\"text\":\"\"},\"size\":{\"minWidth\":{\"d\":{\"e\":true}},\"minHeight\":{\"d\":{\"v\":\"0px\",\"e\":true}},\"aspectRatio\":{\"d\":{\"v\":\"none\"},\"n\":{\"v\":\"none\"},\"t\":{\"v\":\"none\"},\"m\":{\"v\":\"none\"}},\"scaleProportional\":false},\"position\":{\"x\":{\"d\":{\"v\":\"88px\"},\"n\":{\"v\":\"68px\",\"e\":true},\"t\":{\"v\":\"38px\",\"e\":true},\"m\":{\"v\":\"15px\",\"e\":true}},\"y\":{\"d\":{\"v\":\"95px\"},\"n\":{\"v\":\"85px\",\"e\":true},\"t\":{\"v\":\"74px\",\"e\":true},\"m\":{\"v\":\"74px\",\"e\":true}},\"vertical\":{\"d\":{\"v\":\"middle\"},\"n\":{\"v\":\"middle\"},\"t\":{\"v\":\"middle\"},\"m\":{\"v\":\"middle\"}},\"zIndex\":8},\"behavior\":{\"autoResponsive\":false,\"intelligentInherit\":false,\"responsiveChilds\":false,\"responsiveOffset\":false},\"group\":{\"puid\":\"0\",\"groupOrder\":8},\"timeline\":{\"frames\":{\"frame_0\":{\"timeline\":{\"endWithSlide\":false,\"alias\":\"Anim From\"}},\"frame_1\":{\"timeline\":{\"ease\":\"power4.inOut\",\"speed\":1500,\"start\":2000,\"endWithSlide\":false,\"alias\":\"Anim To\",\"frameLength\":1500}},\"frame_999\":{\"transform\":{\"opacity\":0},\"timeline\":{\"start\":9000,\"startRelative\":6210,\"endWithSlide\":true,\"frameLength\":300}}},\"hoverFilterUsed\":false,\"frameOrder\":[{\"id\":\"frame_0\",\"start\":-1},{\"id\":\"frame_1\",\"start\":2000},{\"id\":\"frame_999\",\"start\":9000}],\"split\":false,\"sessionFilterUsed\":false},\"idle\":{\"margin\":{\"d\":{\"v\":[0,0,0,0],\"e\":false},\"n\":{\"v\":[0,0,0,0],\"e\":false},\"t\":{\"v\":[0,0,0,0],\"e\":false},\"m\":{\"v\":[0,0,0,0],\"e\":false}},\"borderWidthLock\":true,\"borderRadiusLock\":true,\"padding\":{\"d\":{\"v\":[13,50,13,50],\"e\":false},\"n\":{\"v\":[11,44,11,44],\"e\":true},\"t\":{\"v\":[10,40,10,40],\"e\":true},\"m\":{\"v\":[9,36,9,36],\"e\":true}},\"fontFamily\":\"Rubik\",\"fontSize\":{\"d\":{\"v\":\"13px\"},\"n\":{\"v\":\"13px\"},\"t\":{\"v\":\"13px\"},\"m\":{\"v\":\"13px\"}},\"fontWeight\":{\"d\":{\"v\":\"500\"},\"n\":{\"v\":\"500\"},\"t\":{\"v\":\"500\"},\"m\":{\"v\":\"500\"}},\"lineHeight\":{\"d\":{\"v\":\"20px\"},\"n\":{\"v\":\"20px\"},\"t\":{\"v\":\"20px\"},\"m\":{\"v\":\"20px\"}},\"textAlign\":{\"d\":{\"v\":\"center\"},\"n\":{\"v\":\"center\"},\"t\":{\"v\":\"center\"},\"m\":{\"v\":\"center\"}},\"backgroundColor\":\"rgba(255, 255, 255, 0)\",\"borderColor\":\"#ffffff\",\"borderRadius\":{\"v\":[\"90px\",\"90px\",\"90px\",\"90px\"],\"e\":true},\"borderStyle\":{\"d\":{\"v\":\"solid\"},\"n\":{\"v\":\"solid\"},\"t\":{\"v\":\"solid\"},\"m\":{\"v\":\"solid\"}},\"borderWidth\":[\"2px\",\"2px\",\"2px\",\"2px\"],\"whiteSpace\":{\"d\":{\"v\":\"full\"},\"n\":{\"v\":\"full\"},\"t\":{\"v\":\"full\"},\"m\":{\"v\":\"full\"}}},\"hover\":{\"usehover\":true,\"color\":\"#222222\",\"backgroundColor\":\"#ffffff\",\"borderColor\":\"rgba(255, 255, 255, 0.7)\",\"borderRadius\":{\"v\":[\"90px\",\"90px\",\"90px\",\"90px\"],\"e\":true},\"borderStyle\":\"solid\",\"borderWidth\":[\"2px\",\"2px\",\"2px\",\"2px\"],\"speed\":\"100ms\",\"borderWidthLock\":true,\"borderRadiusLock\":true},\"actions\":{\"action\":[{\"action\":\"link\",\"tooltip_event\":\"click\",\"link_help_in\":\"keep\",\"link_open_in\":\"_self\",\"link_follow\":\"follow\",\"link_type\":\"a\",\"image_link\":\"#\"}]},\"runtime\":{\"internalClass\":\"rev-btn\"},\"type\":\"button\"},\"top\":{\"uid\":\"top\",\"group\":{\"puid\":-1,\"groupOrder\":7},\"type\":\"zone\",\"alias\":\"TOP ROWS\",\"position\":{\"zIndex\":7},\"text\":\"\"},\"middle\":{\"uid\":\"middle\",\"group\":{\"puid\":-1,\"groupOrder\":6},\"type\":\"zone\",\"alias\":\"MID ROWS\",\"position\":{\"zIndex\":6},\"text\":\"\"},\"bottom\":{\"uid\":\"bottom\",\"group\":{\"puid\":-1,\"groupOrder\":5},\"type\":\"zone\",\"alias\":\"BOTTOM ROWS\",\"position\":{\"zIndex\":5},\"text\":\"\"}}','{\"version\":\"6.5.3\"}'),(3,2,2,'{\"runtime\":{\"collapsedGroups\":[]},\"bg\":{\"type\":\"image\",\"image\":\"http:\\/\\/18.141.220.117\\/media\\/revslider\\/bluesky_dukamarket_digital_01\\/slide-home2.png\",\"imageLib\":\"medialibrary\",\"imageWidth\":990,\"imageHeight\":420,\"imageRatio\":2.3571428571429,\"imageId\":\"Ymx1ZXNreV9kdWthbWFya2V0X2RpZ2l0YWxfMDEvc2xpZGUtaG9tZTIucG5n\"},\"thumb\":{\"customThumbSrc\":\"http:\\/\\/18.141.220.117\\/media\\/revslider\\/bluesky_dukamarket_digital_01\\/slide-home2.png\",\"customAdminThumbSrc\":\"http:\\/\\/18.141.220.117\\/media\\/revslider\\/bluesky_dukamarket_digital_01\\/slide-home2.png\"},\"info\":{\"params\":[{\"v\":\"\",\"l\":10},{\"v\":\"\",\"l\":10},{\"v\":\"\",\"l\":10},{\"v\":\"\",\"l\":10},{\"v\":\"\",\"l\":10},{\"v\":\"\",\"l\":10},{\"v\":\"\",\"l\":10},{\"v\":\"\",\"l\":10},{\"v\":\"\",\"l\":10},{\"v\":\"\",\"l\":10}]},\"attributes\":{\"titleOption\":\"file_name\",\"altOption\":\"file_name\"},\"slideChange\":{\"in\":{\"x\":\"100%\"},\"out\":{\"a\":false,\"x\":\"-60%\"},\"title\":\"*west*\",\"main\":\"basic\",\"group\":\"parallax\",\"preset\":\"parallaxtoleft\",\"alt\":[\"parallaxtoright\"]},\"version\":\"6.5.3\"}','{\"0\":{\"text\":\"\",\"alias\":\"Group-0\",\"uid\":0,\"toggle\":{\"text\":\"\"},\"size\":{\"width\":{\"d\":{\"v\":\"100%\"},\"n\":{\"v\":\"100%\"},\"t\":{\"v\":\"100%\"},\"m\":{\"v\":\"100%\"}},\"height\":{\"d\":{\"v\":\"100%\"},\"n\":{\"v\":\"100%\"},\"t\":{\"v\":\"100%\"},\"m\":{\"v\":\"100%\"}},\"originalWidth\":\"300px\",\"originalHeight\":\"180px\",\"aspectRatio\":{\"d\":{\"v\":1.6666666666667},\"n\":{\"v\":1.6666666666667},\"t\":{\"v\":1.6666666666667},\"m\":{\"v\":1.6666666666667}},\"scaleProportional\":false},\"position\":{\"horizontal\":{\"d\":{\"v\":\"center\"},\"n\":{\"v\":\"center\"},\"t\":{\"v\":\"center\"},\"m\":{\"v\":\"center\"}},\"vertical\":{\"d\":{\"v\":\"middle\"},\"n\":{\"v\":\"middle\"},\"t\":{\"v\":\"middle\"},\"m\":{\"v\":\"middle\"}},\"zIndex\":11},\"attributes\":{\"wrapperClasses\":\"ovic-wrap\"},\"behavior\":{\"autoResponsive\":false,\"intelligentInherit\":false,\"responsiveChilds\":false,\"responsiveOffset\":false},\"group\":{\"groupOrder\":11},\"timeline\":{\"frames\":{\"frame_0\":{\"transform\":{\"opacity\":1},\"mask\":{\"use\":true},\"timeline\":{\"endWithSlide\":false,\"alias\":\"Anim From\"},\"chars\":{\"use\":true,\"y\":{\"d\":{\"v\":\"100%\"},\"n\":{\"v\":\"100%\"},\"t\":{\"v\":\"100%\"},\"m\":{\"v\":\"100%\"}},\"opacity\":\"0\",\"rotationZ\":\"-35deg\"}},\"frame_1\":{\"mask\":{\"use\":true},\"timeline\":{\"speed\":1200,\"endWithSlide\":false,\"alias\":\"Anim To\",\"frameLength\":1200},\"chars\":{\"ease\":\"power4.inOut\",\"use\":true,\"delay\":10,\"rotationZ\":\"0deg\"}},\"frame_999\":{\"transform\":{\"opacity\":0},\"timeline\":{\"start\":9000,\"startRelative\":7800,\"endWithSlide\":true,\"frameLength\":300}}},\"hoverFilterUsed\":false,\"frameOrder\":[{\"id\":\"frame_0\",\"start\":-1},{\"id\":\"frame_1\",\"start\":0},{\"id\":\"frame_999\",\"start\":9000}],\"split\":false,\"sessionFilterUsed\":false},\"idle\":{\"margin\":{\"d\":{\"v\":[0,0,0,0],\"e\":false},\"n\":{\"v\":[0,0,0,0],\"e\":false},\"t\":{\"v\":[0,0,0,0],\"e\":false},\"m\":{\"v\":[0,0,0,0],\"e\":false}},\"padding\":{\"d\":{\"v\":[0,0,0,0],\"e\":false},\"n\":{\"v\":[0,0,0,0],\"e\":false},\"t\":{\"v\":[0,0,0,0],\"e\":false},\"m\":{\"v\":[0,0,0,0],\"e\":false}},\"borderRadius\":{\"v\":[0,0,0,0]},\"borderWidth\":[0,0,0,0],\"whiteSpace\":{\"d\":{\"v\":\"full\"},\"n\":{\"v\":\"full\"},\"t\":{\"v\":\"full\"},\"m\":{\"v\":\"full\"}}},\"hover\":{\"borderRadius\":{\"v\":[0,0,0,0]},\"borderWidth\":[0,0,0,0]},\"actions\":{\"action\":[]},\"type\":\"group\"},\"2\":{\"text\":\"Gaming Headset\\nBrilliant Lighting Effect\",\"alias\":\"Text-2\",\"uid\":2,\"toggle\":{\"text\":\"\"},\"size\":{\"width\":{\"m\":{\"v\":\"290px\",\"e\":true}},\"aspectRatio\":{\"d\":{\"v\":\"none\"},\"n\":{\"v\":\"none\"},\"t\":{\"v\":\"none\"},\"m\":{\"v\":\"none\"}},\"scaleProportional\":false},\"position\":{\"x\":{\"d\":{\"v\":\"86px\"},\"n\":{\"v\":\"66px\",\"e\":true},\"t\":{\"v\":\"36px\",\"e\":true},\"m\":{\"v\":\"13px\",\"e\":true}},\"y\":{\"d\":{\"v\":\"-81px\"},\"n\":{\"v\":\"-74px\",\"e\":true},\"t\":{\"v\":\"-69px\",\"e\":true},\"m\":{\"v\":\"-69px\",\"e\":true}},\"vertical\":{\"d\":{\"v\":\"middle\"},\"n\":{\"v\":\"middle\"},\"t\":{\"v\":\"middle\"},\"m\":{\"v\":\"middle\"}},\"zIndex\":10},\"behavior\":{\"autoResponsive\":false,\"intelligentInherit\":false,\"responsiveChilds\":false,\"responsiveOffset\":false},\"group\":{\"puid\":\"0\",\"groupOrder\":10},\"timeline\":{\"frames\":{\"frame_0\":{\"transform\":{\"x\":{\"d\":{\"v\":-50},\"n\":{\"v\":-50},\"t\":{\"v\":-50},\"m\":{\"v\":-50}}},\"timeline\":{\"endWithSlide\":false,\"alias\":\"Anim From\"}},\"frame_1\":{\"timeline\":{\"speed\":\"1500\",\"start\":1000,\"endWithSlide\":false,\"alias\":\"Anim To\",\"frameLength\":1500}},\"frame_999\":{\"transform\":{\"opacity\":0},\"timeline\":{\"start\":9000,\"startRelative\":7560,\"endWithSlide\":true,\"frameLength\":300}}},\"hoverFilterUsed\":false,\"frameOrder\":[{\"id\":\"frame_0\",\"start\":-1},{\"id\":\"frame_1\",\"start\":1000},{\"id\":\"frame_999\",\"start\":9000}],\"split\":false,\"sessionFilterUsed\":false},\"idle\":{\"margin\":{\"d\":{\"v\":[0,0,0,0],\"e\":false},\"n\":{\"v\":[0,0,0,0],\"e\":false},\"t\":{\"v\":[0,0,0,0],\"e\":false},\"m\":{\"v\":[0,0,0,0],\"e\":false}},\"padding\":{\"d\":{\"v\":[0,0,0,0],\"e\":false},\"n\":{\"v\":[0,0,0,0],\"e\":false},\"t\":{\"v\":[0,0,0,0],\"e\":false},\"m\":{\"v\":[0,0,0,0],\"e\":false}},\"fontFamily\":\"Rubik\",\"fontSize\":{\"d\":{\"v\":\"40px\"},\"n\":{\"v\":\"36px\",\"e\":true},\"t\":{\"v\":\"32px\",\"e\":true},\"m\":{\"v\":\"24px\",\"e\":true}},\"letterSpacing\":{\"d\":{\"v\":\"-1px\"},\"n\":{\"v\":\"-1px\"},\"t\":{\"v\":\"-1px\"},\"m\":{\"v\":\"-1px\"}},\"lineHeight\":{\"d\":{\"v\":\"48px\"},\"n\":{\"v\":\"44px\",\"e\":true},\"t\":{\"v\":\"40px\",\"e\":true},\"m\":{\"v\":\"30px\",\"e\":true}},\"borderRadius\":{\"v\":[0,0,0,0]},\"borderWidth\":[0,0,0,0],\"whiteSpace\":{\"d\":{\"v\":\"full\"},\"n\":{\"v\":\"full\"},\"t\":{\"v\":\"full\"},\"m\":{\"v\":\"full\"}}},\"hover\":{\"borderRadius\":{\"v\":[0,0,0,0]},\"borderWidth\":[0,0,0,0]},\"actions\":{\"action\":[]},\"type\":\"text\"},\"3\":{\"text\":\"Wireless Connection With TV, Computer, Laptop...\",\"alias\":\"Text-3\",\"uid\":3,\"toggle\":{\"text\":\"\"},\"size\":{\"width\":{\"m\":{\"v\":\"290px\",\"e\":true}},\"aspectRatio\":{\"d\":{\"v\":\"none\"},\"n\":{\"v\":\"none\"},\"t\":{\"v\":\"none\"},\"m\":{\"v\":\"none\"}},\"scaleProportional\":false},\"position\":{\"x\":{\"d\":{\"v\":\"88px\"},\"n\":{\"v\":\"68px\",\"e\":true},\"t\":{\"v\":\"38px\",\"e\":true},\"m\":{\"v\":\"15px\",\"e\":true}},\"y\":{\"d\":{\"v\":\"-4px\"},\"n\":{\"v\":\"-2px\",\"e\":true},\"t\":{\"v\":\"-5px\",\"e\":true},\"m\":{\"v\":\"-5px\",\"e\":true}},\"vertical\":{\"d\":{\"v\":\"middle\"},\"n\":{\"v\":\"middle\"},\"t\":{\"v\":\"middle\"},\"m\":{\"v\":\"middle\"}},\"zIndex\":9},\"behavior\":{\"autoResponsive\":false,\"intelligentInherit\":false,\"responsiveChilds\":false,\"responsiveOffset\":false},\"group\":{\"puid\":\"0\",\"groupOrder\":9},\"timeline\":{\"frames\":{\"frame_0\":{\"transform\":{\"x\":{\"d\":{\"v\":50},\"n\":{\"v\":50},\"t\":{\"v\":50},\"m\":{\"v\":50}}},\"timeline\":{\"endWithSlide\":false,\"alias\":\"Anim From\"}},\"frame_1\":{\"timeline\":{\"speed\":\"1500\",\"start\":1500,\"endWithSlide\":false,\"alias\":\"Anim To\",\"frameLength\":1500}},\"frame_999\":{\"transform\":{\"opacity\":0},\"timeline\":{\"start\":9000,\"startRelative\":6720,\"endWithSlide\":true,\"frameLength\":300}}},\"hoverFilterUsed\":false,\"frameOrder\":[{\"id\":\"frame_0\",\"start\":-1},{\"id\":\"frame_1\",\"start\":1500},{\"id\":\"frame_999\",\"start\":9000}],\"split\":false,\"sessionFilterUsed\":false},\"idle\":{\"margin\":{\"d\":{\"v\":[0,0,0,0],\"e\":false},\"n\":{\"v\":[0,0,0,0],\"e\":false},\"t\":{\"v\":[0,0,0,0],\"e\":false},\"m\":{\"v\":[0,0,0,0],\"e\":false}},\"padding\":{\"d\":{\"v\":[0,0,0,0],\"e\":false},\"n\":{\"v\":[0,0,0,0],\"e\":false},\"t\":{\"v\":[0,0,0,0],\"e\":false},\"m\":{\"v\":[0,0,0,0],\"e\":false}},\"fontFamily\":\"Rubik\",\"fontSize\":{\"d\":{\"v\":\"18px\"},\"n\":{\"v\":\"16px\",\"e\":true},\"t\":{\"v\":\"15px\",\"e\":true},\"m\":{\"v\":\"14px\",\"e\":true}},\"letterSpacing\":{\"d\":{\"v\":\"0px\"},\"n\":{\"v\":\"0px\"},\"t\":{\"v\":\"0px\"},\"m\":{\"v\":\"0px\"}},\"lineHeight\":{\"d\":{\"v\":\"24px\"},\"n\":{\"v\":\"24px\"},\"t\":{\"v\":\"24px\"},\"m\":{\"v\":\"24px\"}},\"borderRadius\":{\"v\":[0,0,0,0]},\"borderWidth\":[0,0,0,0],\"whiteSpace\":{\"d\":{\"v\":\"full\"},\"n\":{\"v\":\"full\"},\"t\":{\"v\":\"full\"},\"m\":{\"v\":\"full\"}}},\"hover\":{\"borderRadius\":{\"v\":[0,0,0,0]},\"borderWidth\":[0,0,0,0]},\"actions\":{\"action\":[]},\"type\":\"text\"},\"4\":{\"text\":\"DISCOVER NOW\",\"alias\":\"Button-4\",\"uid\":4,\"toggle\":{\"text\":\"\"},\"size\":{\"minWidth\":{\"d\":{\"e\":true}},\"minHeight\":{\"d\":{\"v\":\"0px\",\"e\":true}},\"aspectRatio\":{\"d\":{\"v\":\"none\"},\"n\":{\"v\":\"none\"},\"t\":{\"v\":\"none\"},\"m\":{\"v\":\"none\"}},\"scaleProportional\":false},\"position\":{\"x\":{\"d\":{\"v\":\"88px\"},\"n\":{\"v\":\"68px\",\"e\":true},\"t\":{\"v\":\"38px\",\"e\":true},\"m\":{\"v\":\"15px\",\"e\":true}},\"y\":{\"d\":{\"v\":\"95px\"},\"n\":{\"v\":\"85px\",\"e\":true},\"t\":{\"v\":\"74px\",\"e\":true},\"m\":{\"v\":\"74px\",\"e\":true}},\"vertical\":{\"d\":{\"v\":\"middle\"},\"n\":{\"v\":\"middle\"},\"t\":{\"v\":\"middle\"},\"m\":{\"v\":\"middle\"}},\"zIndex\":8},\"behavior\":{\"autoResponsive\":false,\"intelligentInherit\":false,\"responsiveChilds\":false,\"responsiveOffset\":false},\"group\":{\"puid\":\"0\",\"groupOrder\":8},\"timeline\":{\"frames\":{\"frame_0\":{\"timeline\":{\"endWithSlide\":false,\"alias\":\"Anim From\"}},\"frame_1\":{\"timeline\":{\"ease\":\"power4.inOut\",\"speed\":1500,\"start\":2000,\"endWithSlide\":false,\"alias\":\"Anim To\",\"frameLength\":1500}},\"frame_999\":{\"transform\":{\"opacity\":0},\"timeline\":{\"start\":9000,\"startRelative\":6210,\"endWithSlide\":true,\"frameLength\":300}}},\"hoverFilterUsed\":false,\"frameOrder\":[{\"id\":\"frame_0\",\"start\":-1},{\"id\":\"frame_1\",\"start\":2000},{\"id\":\"frame_999\",\"start\":9000}],\"split\":false,\"sessionFilterUsed\":false},\"idle\":{\"margin\":{\"d\":{\"v\":[0,0,0,0],\"e\":false},\"n\":{\"v\":[0,0,0,0],\"e\":false},\"t\":{\"v\":[0,0,0,0],\"e\":false},\"m\":{\"v\":[0,0,0,0],\"e\":false}},\"borderWidthLock\":true,\"borderRadiusLock\":true,\"padding\":{\"d\":{\"v\":[13,50,13,50],\"e\":false},\"n\":{\"v\":[11,44,11,44],\"e\":true},\"t\":{\"v\":[10,40,10,40],\"e\":true},\"m\":{\"v\":[9,36,9,36],\"e\":true}},\"fontFamily\":\"Rubik\",\"fontSize\":{\"d\":{\"v\":\"13px\"},\"n\":{\"v\":\"13px\"},\"t\":{\"v\":\"13px\"},\"m\":{\"v\":\"13px\"}},\"fontWeight\":{\"d\":{\"v\":\"500\"},\"n\":{\"v\":\"500\"},\"t\":{\"v\":\"500\"},\"m\":{\"v\":\"500\"}},\"lineHeight\":{\"d\":{\"v\":\"20px\"},\"n\":{\"v\":\"20px\"},\"t\":{\"v\":\"20px\"},\"m\":{\"v\":\"20px\"}},\"textAlign\":{\"d\":{\"v\":\"center\"},\"n\":{\"v\":\"center\"},\"t\":{\"v\":\"center\"},\"m\":{\"v\":\"center\"}},\"backgroundColor\":\"rgba(255, 255, 255, 0)\",\"borderColor\":\"#ffffff\",\"borderRadius\":{\"v\":[\"90px\",\"90px\",\"90px\",\"90px\"],\"e\":true},\"borderStyle\":{\"d\":{\"v\":\"solid\"},\"n\":{\"v\":\"solid\"},\"t\":{\"v\":\"solid\"},\"m\":{\"v\":\"solid\"}},\"borderWidth\":[\"2px\",\"2px\",\"2px\",\"2px\"],\"whiteSpace\":{\"d\":{\"v\":\"full\"},\"n\":{\"v\":\"full\"},\"t\":{\"v\":\"full\"},\"m\":{\"v\":\"full\"}}},\"hover\":{\"usehover\":true,\"color\":\"#222222\",\"backgroundColor\":\"#ffffff\",\"borderColor\":\"rgba(255, 255, 255, 0.7)\",\"borderRadius\":{\"v\":[\"90px\",\"90px\",\"90px\",\"90px\"],\"e\":true},\"borderStyle\":\"solid\",\"borderWidth\":[\"2px\",\"2px\",\"2px\",\"2px\"],\"speed\":\"100ms\",\"borderWidthLock\":true,\"borderRadiusLock\":true},\"actions\":{\"action\":[{\"action\":\"link\",\"tooltip_event\":\"click\",\"link_help_in\":\"keep\",\"link_open_in\":\"_self\",\"link_follow\":\"follow\",\"link_type\":\"a\",\"image_link\":\"#\"}]},\"runtime\":{\"internalClass\":\"rev-btn\"},\"type\":\"button\"},\"top\":{\"uid\":\"top\",\"group\":{\"puid\":-1,\"groupOrder\":7},\"type\":\"zone\",\"alias\":\"TOP ROWS\",\"position\":{\"zIndex\":7},\"text\":\"\"},\"middle\":{\"uid\":\"middle\",\"group\":{\"puid\":-1,\"groupOrder\":6},\"type\":\"zone\",\"alias\":\"MID ROWS\",\"position\":{\"zIndex\":6},\"text\":\"\"},\"bottom\":{\"uid\":\"bottom\",\"group\":{\"puid\":-1,\"groupOrder\":5},\"type\":\"zone\",\"alias\":\"BOTTOM ROWS\",\"position\":{\"zIndex\":5},\"text\":\"\"}}','{\"version\":\"6.5.3\"}'),(4,2,3,'{\"runtime\":{\"collapsedGroups\":[]},\"bg\":{\"type\":\"image\",\"image\":\"http:\\/\\/18.141.220.117\\/media\\/revslider\\/bluesky_dukamarket_digital_01\\/slide-home3.png\",\"imageLib\":\"medialibrary\",\"imageWidth\":990,\"imageHeight\":420,\"imageRatio\":2.3571428571429,\"imageId\":\"Ymx1ZXNreV9kdWthbWFya2V0X2RpZ2l0YWxfMDEvc2xpZGUtaG9tZTMucG5n\"},\"info\":{\"params\":[{\"v\":\"\",\"l\":10},{\"v\":\"\",\"l\":10},{\"v\":\"\",\"l\":10},{\"v\":\"\",\"l\":10},{\"v\":\"\",\"l\":10},{\"v\":\"\",\"l\":10},{\"v\":\"\",\"l\":10},{\"v\":\"\",\"l\":10},{\"v\":\"\",\"l\":10},{\"v\":\"\",\"l\":10}]},\"attributes\":{\"titleOption\":\"file_name\",\"altOption\":\"file_name\"},\"slideChange\":{\"in\":{\"x\":\"100%\"},\"out\":{\"a\":false,\"x\":\"-60%\"},\"title\":\"*west*\",\"main\":\"basic\",\"group\":\"parallax\",\"preset\":\"parallaxtoleft\",\"alt\":[\"parallaxtoright\"]},\"version\":\"6.5.3\"}','{\"0\":{\"text\":\"\",\"alias\":\"Group-0\",\"uid\":0,\"toggle\":{\"text\":\"\"},\"size\":{\"width\":{\"d\":{\"v\":\"100%\"},\"n\":{\"v\":\"100%\"},\"t\":{\"v\":\"100%\"},\"m\":{\"v\":\"100%\"}},\"height\":{\"d\":{\"v\":\"100%\"},\"n\":{\"v\":\"100%\"},\"t\":{\"v\":\"100%\"},\"m\":{\"v\":\"100%\"}},\"originalWidth\":\"300px\",\"originalHeight\":\"180px\",\"aspectRatio\":{\"d\":{\"v\":1.6666666666667},\"n\":{\"v\":1.6666666666667},\"t\":{\"v\":1.6666666666667},\"m\":{\"v\":1.6666666666667}},\"scaleProportional\":false},\"position\":{\"horizontal\":{\"d\":{\"v\":\"center\"},\"n\":{\"v\":\"center\"},\"t\":{\"v\":\"center\"},\"m\":{\"v\":\"center\"}},\"vertical\":{\"d\":{\"v\":\"middle\"},\"n\":{\"v\":\"middle\"},\"t\":{\"v\":\"middle\"},\"m\":{\"v\":\"middle\"}},\"zIndex\":11},\"attributes\":{\"wrapperClasses\":\"ovic-wrap\"},\"behavior\":{\"autoResponsive\":false,\"intelligentInherit\":false,\"responsiveChilds\":false,\"responsiveOffset\":false},\"group\":{\"groupOrder\":11},\"timeline\":{\"frames\":{\"frame_0\":{\"transform\":{\"opacity\":1},\"mask\":{\"use\":true},\"timeline\":{\"endWithSlide\":false,\"alias\":\"Anim From\"},\"chars\":{\"use\":true,\"y\":{\"d\":{\"v\":\"100%\"},\"n\":{\"v\":\"100%\"},\"t\":{\"v\":\"100%\"},\"m\":{\"v\":\"100%\"}},\"opacity\":\"0\",\"rotationZ\":\"-35deg\"}},\"frame_1\":{\"mask\":{\"use\":true},\"timeline\":{\"speed\":1200,\"endWithSlide\":false,\"alias\":\"Anim To\",\"frameLength\":1200},\"chars\":{\"ease\":\"power4.inOut\",\"use\":true,\"delay\":10,\"rotationZ\":\"0deg\"}},\"frame_999\":{\"transform\":{\"opacity\":0},\"timeline\":{\"start\":9000,\"startRelative\":7800,\"endWithSlide\":true,\"frameLength\":300}}},\"hoverFilterUsed\":false,\"frameOrder\":[{\"id\":\"frame_0\",\"start\":-1},{\"id\":\"frame_1\",\"start\":0},{\"id\":\"frame_999\",\"start\":9000}],\"split\":false,\"sessionFilterUsed\":false},\"idle\":{\"margin\":{\"d\":{\"v\":[0,0,0,0],\"e\":false},\"n\":{\"v\":[0,0,0,0],\"e\":false},\"t\":{\"v\":[0,0,0,0],\"e\":false},\"m\":{\"v\":[0,0,0,0],\"e\":false}},\"padding\":{\"d\":{\"v\":[0,0,0,0],\"e\":false},\"n\":{\"v\":[0,0,0,0],\"e\":false},\"t\":{\"v\":[0,0,0,0],\"e\":false},\"m\":{\"v\":[0,0,0,0],\"e\":false}},\"borderRadius\":{\"v\":[0,0,0,0]},\"borderWidth\":[0,0,0,0],\"whiteSpace\":{\"d\":{\"v\":\"full\"},\"n\":{\"v\":\"full\"},\"t\":{\"v\":\"full\"},\"m\":{\"v\":\"full\"}}},\"hover\":{\"borderRadius\":{\"v\":[0,0,0,0]},\"borderWidth\":[0,0,0,0]},\"actions\":{\"action\":[]},\"type\":\"group\"},\"2\":{\"text\":\"Gaming Headset\\nBrilliant Lighting Effect\",\"alias\":\"Text-2\",\"uid\":2,\"toggle\":{\"text\":\"\"},\"size\":{\"width\":{\"m\":{\"v\":\"290px\",\"e\":true}},\"aspectRatio\":{\"d\":{\"v\":\"none\"},\"n\":{\"v\":\"none\"},\"t\":{\"v\":\"none\"},\"m\":{\"v\":\"none\"}},\"scaleProportional\":false},\"position\":{\"x\":{\"d\":{\"v\":\"86px\"},\"n\":{\"v\":\"66px\",\"e\":true},\"t\":{\"v\":\"36px\",\"e\":true},\"m\":{\"v\":\"13px\",\"e\":true}},\"y\":{\"d\":{\"v\":\"-81px\"},\"n\":{\"v\":\"-74px\",\"e\":true},\"t\":{\"v\":\"-69px\",\"e\":true},\"m\":{\"v\":\"-69px\",\"e\":true}},\"vertical\":{\"d\":{\"v\":\"middle\"},\"n\":{\"v\":\"middle\"},\"t\":{\"v\":\"middle\"},\"m\":{\"v\":\"middle\"}},\"zIndex\":10},\"behavior\":{\"autoResponsive\":false,\"intelligentInherit\":false,\"responsiveChilds\":false,\"responsiveOffset\":false},\"group\":{\"puid\":\"0\",\"groupOrder\":10},\"timeline\":{\"frames\":{\"frame_0\":{\"transform\":{\"x\":{\"d\":{\"v\":-50},\"n\":{\"v\":-50},\"t\":{\"v\":-50},\"m\":{\"v\":-50}}},\"timeline\":{\"endWithSlide\":false,\"alias\":\"Anim From\"}},\"frame_1\":{\"timeline\":{\"speed\":\"1500\",\"start\":1000,\"endWithSlide\":false,\"alias\":\"Anim To\",\"frameLength\":1500}},\"frame_999\":{\"transform\":{\"opacity\":0},\"timeline\":{\"start\":9000,\"startRelative\":7560,\"endWithSlide\":true,\"frameLength\":300}}},\"hoverFilterUsed\":false,\"frameOrder\":[{\"id\":\"frame_0\",\"start\":-1},{\"id\":\"frame_1\",\"start\":1000},{\"id\":\"frame_999\",\"start\":9000}],\"split\":false,\"sessionFilterUsed\":false},\"idle\":{\"margin\":{\"d\":{\"v\":[0,0,0,0],\"e\":false},\"n\":{\"v\":[0,0,0,0],\"e\":false},\"t\":{\"v\":[0,0,0,0],\"e\":false},\"m\":{\"v\":[0,0,0,0],\"e\":false}},\"padding\":{\"d\":{\"v\":[0,0,0,0],\"e\":false},\"n\":{\"v\":[0,0,0,0],\"e\":false},\"t\":{\"v\":[0,0,0,0],\"e\":false},\"m\":{\"v\":[0,0,0,0],\"e\":false}},\"fontFamily\":\"Rubik\",\"fontSize\":{\"d\":{\"v\":\"40px\"},\"n\":{\"v\":\"36px\",\"e\":true},\"t\":{\"v\":\"32px\",\"e\":true},\"m\":{\"v\":\"24px\",\"e\":true}},\"letterSpacing\":{\"d\":{\"v\":\"-1px\"},\"n\":{\"v\":\"-1px\"},\"t\":{\"v\":\"-1px\"},\"m\":{\"v\":\"-1px\"}},\"lineHeight\":{\"d\":{\"v\":\"48px\"},\"n\":{\"v\":\"44px\",\"e\":true},\"t\":{\"v\":\"40px\",\"e\":true},\"m\":{\"v\":\"30px\",\"e\":true}},\"borderRadius\":{\"v\":[0,0,0,0]},\"borderWidth\":[0,0,0,0],\"whiteSpace\":{\"d\":{\"v\":\"full\"},\"n\":{\"v\":\"full\"},\"t\":{\"v\":\"full\"},\"m\":{\"v\":\"full\"}}},\"hover\":{\"borderRadius\":{\"v\":[0,0,0,0]},\"borderWidth\":[0,0,0,0]},\"actions\":{\"action\":[]},\"type\":\"text\"},\"3\":{\"text\":\"Wireless Connection With TV, Computer, Laptop...\",\"alias\":\"Text-3\",\"uid\":3,\"toggle\":{\"text\":\"\"},\"size\":{\"width\":{\"m\":{\"v\":\"290px\",\"e\":true}},\"aspectRatio\":{\"d\":{\"v\":\"none\"},\"n\":{\"v\":\"none\"},\"t\":{\"v\":\"none\"},\"m\":{\"v\":\"none\"}},\"scaleProportional\":false},\"position\":{\"x\":{\"d\":{\"v\":\"88px\"},\"n\":{\"v\":\"68px\",\"e\":true},\"t\":{\"v\":\"38px\",\"e\":true},\"m\":{\"v\":\"15px\",\"e\":true}},\"y\":{\"d\":{\"v\":\"-4px\"},\"n\":{\"v\":\"-2px\",\"e\":true},\"t\":{\"v\":\"-5px\",\"e\":true},\"m\":{\"v\":\"-5px\",\"e\":true}},\"vertical\":{\"d\":{\"v\":\"middle\"},\"n\":{\"v\":\"middle\"},\"t\":{\"v\":\"middle\"},\"m\":{\"v\":\"middle\"}},\"zIndex\":9},\"behavior\":{\"autoResponsive\":false,\"intelligentInherit\":false,\"responsiveChilds\":false,\"responsiveOffset\":false},\"group\":{\"puid\":\"0\",\"groupOrder\":9},\"timeline\":{\"frames\":{\"frame_0\":{\"transform\":{\"x\":{\"d\":{\"v\":50},\"n\":{\"v\":50},\"t\":{\"v\":50},\"m\":{\"v\":50}}},\"timeline\":{\"endWithSlide\":false,\"alias\":\"Anim From\"}},\"frame_1\":{\"timeline\":{\"speed\":\"1500\",\"start\":1500,\"endWithSlide\":false,\"alias\":\"Anim To\",\"frameLength\":1500}},\"frame_999\":{\"transform\":{\"opacity\":0},\"timeline\":{\"start\":9000,\"startRelative\":6720,\"endWithSlide\":true,\"frameLength\":300}}},\"hoverFilterUsed\":false,\"frameOrder\":[{\"id\":\"frame_0\",\"start\":-1},{\"id\":\"frame_1\",\"start\":1500},{\"id\":\"frame_999\",\"start\":9000}],\"split\":false,\"sessionFilterUsed\":false},\"idle\":{\"margin\":{\"d\":{\"v\":[0,0,0,0],\"e\":false},\"n\":{\"v\":[0,0,0,0],\"e\":false},\"t\":{\"v\":[0,0,0,0],\"e\":false},\"m\":{\"v\":[0,0,0,0],\"e\":false}},\"padding\":{\"d\":{\"v\":[0,0,0,0],\"e\":false},\"n\":{\"v\":[0,0,0,0],\"e\":false},\"t\":{\"v\":[0,0,0,0],\"e\":false},\"m\":{\"v\":[0,0,0,0],\"e\":false}},\"fontFamily\":\"Rubik\",\"fontSize\":{\"d\":{\"v\":\"18px\"},\"n\":{\"v\":\"16px\",\"e\":true},\"t\":{\"v\":\"15px\",\"e\":true},\"m\":{\"v\":\"14px\",\"e\":true}},\"letterSpacing\":{\"d\":{\"v\":\"0px\"},\"n\":{\"v\":\"0px\"},\"t\":{\"v\":\"0px\"},\"m\":{\"v\":\"0px\"}},\"lineHeight\":{\"d\":{\"v\":\"24px\"},\"n\":{\"v\":\"24px\"},\"t\":{\"v\":\"24px\"},\"m\":{\"v\":\"24px\"}},\"borderRadius\":{\"v\":[0,0,0,0]},\"borderWidth\":[0,0,0,0],\"whiteSpace\":{\"d\":{\"v\":\"full\"},\"n\":{\"v\":\"full\"},\"t\":{\"v\":\"full\"},\"m\":{\"v\":\"full\"}}},\"hover\":{\"borderRadius\":{\"v\":[0,0,0,0]},\"borderWidth\":[0,0,0,0]},\"actions\":{\"action\":[]},\"type\":\"text\"},\"4\":{\"text\":\"DISCOVER NOW\",\"alias\":\"Button-4\",\"uid\":4,\"toggle\":{\"text\":\"\"},\"size\":{\"minWidth\":{\"d\":{\"e\":true}},\"minHeight\":{\"d\":{\"v\":\"0px\",\"e\":true}},\"aspectRatio\":{\"d\":{\"v\":\"none\"},\"n\":{\"v\":\"none\"},\"t\":{\"v\":\"none\"},\"m\":{\"v\":\"none\"}},\"scaleProportional\":false},\"position\":{\"x\":{\"d\":{\"v\":\"88px\"},\"n\":{\"v\":\"68px\",\"e\":true},\"t\":{\"v\":\"38px\",\"e\":true},\"m\":{\"v\":\"15px\",\"e\":true}},\"y\":{\"d\":{\"v\":\"95px\"},\"n\":{\"v\":\"85px\",\"e\":true},\"t\":{\"v\":\"74px\",\"e\":true},\"m\":{\"v\":\"74px\",\"e\":true}},\"vertical\":{\"d\":{\"v\":\"middle\"},\"n\":{\"v\":\"middle\"},\"t\":{\"v\":\"middle\"},\"m\":{\"v\":\"middle\"}},\"zIndex\":8},\"behavior\":{\"autoResponsive\":false,\"intelligentInherit\":false,\"responsiveChilds\":false,\"responsiveOffset\":false},\"group\":{\"puid\":\"0\",\"groupOrder\":8},\"timeline\":{\"frames\":{\"frame_0\":{\"timeline\":{\"endWithSlide\":false,\"alias\":\"Anim From\"}},\"frame_1\":{\"timeline\":{\"ease\":\"power4.inOut\",\"speed\":1500,\"start\":2000,\"endWithSlide\":false,\"alias\":\"Anim To\",\"frameLength\":1500}},\"frame_999\":{\"transform\":{\"opacity\":0},\"timeline\":{\"start\":9000,\"startRelative\":6210,\"endWithSlide\":true,\"frameLength\":300}}},\"hoverFilterUsed\":false,\"frameOrder\":[{\"id\":\"frame_0\",\"start\":-1},{\"id\":\"frame_1\",\"start\":2000},{\"id\":\"frame_999\",\"start\":9000}],\"split\":false,\"sessionFilterUsed\":false},\"idle\":{\"margin\":{\"d\":{\"v\":[0,0,0,0],\"e\":false},\"n\":{\"v\":[0,0,0,0],\"e\":false},\"t\":{\"v\":[0,0,0,0],\"e\":false},\"m\":{\"v\":[0,0,0,0],\"e\":false}},\"borderWidthLock\":true,\"borderRadiusLock\":true,\"padding\":{\"d\":{\"v\":[13,50,13,50],\"e\":false},\"n\":{\"v\":[11,44,11,44],\"e\":true},\"t\":{\"v\":[10,40,10,40],\"e\":true},\"m\":{\"v\":[9,36,9,36],\"e\":true}},\"fontFamily\":\"Rubik\",\"fontSize\":{\"d\":{\"v\":\"13px\"},\"n\":{\"v\":\"13px\"},\"t\":{\"v\":\"13px\"},\"m\":{\"v\":\"13px\"}},\"fontWeight\":{\"d\":{\"v\":\"500\"},\"n\":{\"v\":\"500\"},\"t\":{\"v\":\"500\"},\"m\":{\"v\":\"500\"}},\"lineHeight\":{\"d\":{\"v\":\"20px\"},\"n\":{\"v\":\"20px\"},\"t\":{\"v\":\"20px\"},\"m\":{\"v\":\"20px\"}},\"textAlign\":{\"d\":{\"v\":\"center\"},\"n\":{\"v\":\"center\"},\"t\":{\"v\":\"center\"},\"m\":{\"v\":\"center\"}},\"backgroundColor\":\"rgba(255, 255, 255, 0)\",\"borderColor\":\"#ffffff\",\"borderRadius\":{\"v\":[\"90px\",\"90px\",\"90px\",\"90px\"],\"e\":true},\"borderStyle\":{\"d\":{\"v\":\"solid\"},\"n\":{\"v\":\"solid\"},\"t\":{\"v\":\"solid\"},\"m\":{\"v\":\"solid\"}},\"borderWidth\":[\"2px\",\"2px\",\"2px\",\"2px\"],\"whiteSpace\":{\"d\":{\"v\":\"full\"},\"n\":{\"v\":\"full\"},\"t\":{\"v\":\"full\"},\"m\":{\"v\":\"full\"}}},\"hover\":{\"usehover\":true,\"color\":\"#222222\",\"backgroundColor\":\"#ffffff\",\"borderColor\":\"rgba(255, 255, 255, 0.7)\",\"borderRadius\":{\"v\":[\"90px\",\"90px\",\"90px\",\"90px\"],\"e\":true},\"borderStyle\":\"solid\",\"borderWidth\":[\"2px\",\"2px\",\"2px\",\"2px\"],\"speed\":\"100ms\",\"borderWidthLock\":true,\"borderRadiusLock\":true},\"actions\":{\"action\":[{\"action\":\"link\",\"tooltip_event\":\"click\",\"link_help_in\":\"keep\",\"link_open_in\":\"_self\",\"link_follow\":\"follow\",\"link_type\":\"a\",\"image_link\":\"#\"}]},\"runtime\":{\"internalClass\":\"rev-btn\"},\"type\":\"button\"},\"top\":{\"uid\":\"top\",\"group\":{\"puid\":-1,\"groupOrder\":7},\"type\":\"zone\",\"alias\":\"TOP ROWS\",\"position\":{\"zIndex\":7},\"text\":\"\"},\"middle\":{\"uid\":\"middle\",\"group\":{\"puid\":-1,\"groupOrder\":6},\"type\":\"zone\",\"alias\":\"MID ROWS\",\"position\":{\"zIndex\":6},\"text\":\"\"},\"bottom\":{\"uid\":\"bottom\",\"group\":{\"puid\":-1,\"groupOrder\":5},\"type\":\"zone\",\"alias\":\"BOTTOM ROWS\",\"position\":{\"zIndex\":5},\"text\":\"\"}}','{\"version\":\"6.5.3\"}');

--
-- Table structure for table `nwdthemes_revslider_static_slides`
--

CREATE TABLE `nwdthemes_revslider_static_slides` (
  `id` int NOT NULL AUTO_INCREMENT,
  `slider_id` int NOT NULL,
  `params` longtext NOT NULL,
  `layers` longtext NOT NULL,
  `settings` text NOT NULL,
  PRIMARY KEY (`id`),
  UNIQUE KEY `id` (`id`),
  KEY `slider_id_index` (`slider_id`)
) ENGINE=InnoDB AUTO_INCREMENT=3 DEFAULT CHARSET=utf8mb3;

--
-- Dumping data for table `nwdthemes_revslider_static_slides`
--

INSERT INTO `nwdthemes_revslider_static_slides` VALUES (2,2,'{\"version\":\"\",\"bg\":{\"image\":\"\"},\"image\":\"\"}','[]','{\"temp\":true}');

--
-- Table structure for table `oauth_consumer`
--

CREATE TABLE `oauth_consumer` (
  `entity_id` int unsigned NOT NULL AUTO_INCREMENT COMMENT 'Entity ID',
  `created_at` timestamp NOT NULL DEFAULT CURRENT_TIMESTAMP COMMENT 'Created At',
  `updated_at` timestamp NULL DEFAULT '0000-00-00 00:00:00' ON UPDATE CURRENT_TIMESTAMP COMMENT 'Updated At',
  `name` varchar(255) NOT NULL COMMENT 'Name of consumer',
  `key` varchar(32) NOT NULL COMMENT 'Key code',
  `secret` varchar(32) NOT NULL COMMENT 'Secret code',
  `callback_url` text COMMENT 'Callback URL',
  `rejected_callback_url` text NOT NULL COMMENT 'Rejected callback URL',
  PRIMARY KEY (`entity_id`),
  UNIQUE KEY `OAUTH_CONSUMER_KEY` (`key`),
  UNIQUE KEY `OAUTH_CONSUMER_SECRET` (`secret`),
  KEY `OAUTH_CONSUMER_CREATED_AT` (`created_at`),
  KEY `OAUTH_CONSUMER_UPDATED_AT` (`updated_at`)
) ENGINE=InnoDB DEFAULT CHARSET=utf8mb3 COMMENT='OAuth Consumers';

--
-- Dumping data for table `oauth_consumer`
--


--
-- Table structure for table `oauth_nonce`
--

CREATE TABLE `oauth_nonce` (
  `nonce` varchar(32) NOT NULL COMMENT 'Nonce String',
  `timestamp` int unsigned NOT NULL COMMENT 'Nonce Timestamp',
  `consumer_id` int unsigned NOT NULL COMMENT 'Consumer ID',
  UNIQUE KEY `OAUTH_NONCE_NONCE_CONSUMER_ID` (`nonce`,`consumer_id`),
  KEY `OAUTH_NONCE_CONSUMER_ID_OAUTH_CONSUMER_ENTITY_ID` (`consumer_id`),
  KEY `OAUTH_NONCE_TIMESTAMP` (`timestamp`),
  CONSTRAINT `OAUTH_NONCE_CONSUMER_ID_OAUTH_CONSUMER_ENTITY_ID` FOREIGN KEY (`consumer_id`) REFERENCES `oauth_consumer` (`entity_id`) ON DELETE CASCADE
) ENGINE=InnoDB DEFAULT CHARSET=utf8mb3 COMMENT='OAuth Nonce';

--
-- Dumping data for table `oauth_nonce`
--


--
-- Table structure for table `oauth_token`
--

CREATE TABLE `oauth_token` (
  `entity_id` int unsigned NOT NULL AUTO_INCREMENT COMMENT 'Entity ID',
  `consumer_id` int unsigned DEFAULT NULL COMMENT 'Oauth Consumer ID',
  `admin_id` int unsigned DEFAULT NULL COMMENT 'Admin user ID',
  `customer_id` int unsigned DEFAULT NULL COMMENT 'Customer user ID',
  `type` varchar(16) NOT NULL COMMENT 'Token Type',
  `token` varchar(32) NOT NULL COMMENT 'Token',
  `secret` varchar(32) NOT NULL COMMENT 'Token Secret',
  `verifier` varchar(32) DEFAULT NULL COMMENT 'Token Verifier',
  `callback_url` text NOT NULL COMMENT 'Token Callback URL',
  `revoked` smallint unsigned NOT NULL DEFAULT '0' COMMENT 'Is Token revoked',
  `authorized` smallint unsigned NOT NULL DEFAULT '0' COMMENT 'Is Token authorized',
  `user_type` int DEFAULT NULL COMMENT 'User type',
  `created_at` timestamp NOT NULL DEFAULT CURRENT_TIMESTAMP COMMENT 'Token creation timestamp',
  PRIMARY KEY (`entity_id`),
  UNIQUE KEY `OAUTH_TOKEN_TOKEN` (`token`),
  KEY `OAUTH_TOKEN_ADMIN_ID_ADMIN_USER_USER_ID` (`admin_id`),
  KEY `OAUTH_TOKEN_CUSTOMER_ID_CUSTOMER_ENTITY_ENTITY_ID` (`customer_id`),
  KEY `OAUTH_TOKEN_CONSUMER_ID` (`consumer_id`),
  CONSTRAINT `OAUTH_TOKEN_ADMIN_ID_ADMIN_USER_USER_ID` FOREIGN KEY (`admin_id`) REFERENCES `admin_user` (`user_id`) ON DELETE CASCADE,
  CONSTRAINT `OAUTH_TOKEN_CONSUMER_ID_OAUTH_CONSUMER_ENTITY_ID` FOREIGN KEY (`consumer_id`) REFERENCES `oauth_consumer` (`entity_id`) ON DELETE CASCADE,
  CONSTRAINT `OAUTH_TOKEN_CUSTOMER_ID_CUSTOMER_ENTITY_ENTITY_ID` FOREIGN KEY (`customer_id`) REFERENCES `customer_entity` (`entity_id`) ON DELETE CASCADE
) ENGINE=InnoDB DEFAULT CHARSET=utf8mb3 COMMENT='OAuth Tokens';

--
-- Dumping data for table `oauth_token`
--


--
-- Table structure for table `oauth_token_request_log`
--

CREATE TABLE `oauth_token_request_log` (
  `log_id` int unsigned NOT NULL AUTO_INCREMENT COMMENT 'Log ID',
  `user_name` varchar(255) NOT NULL COMMENT 'Customer email or admin login',
  `user_type` smallint unsigned NOT NULL COMMENT 'User type (admin or customer)',
  `failures_count` smallint unsigned DEFAULT '0' COMMENT 'Number of failed authentication attempts in a row',
  `lock_expires_at` timestamp NOT NULL DEFAULT CURRENT_TIMESTAMP ON UPDATE CURRENT_TIMESTAMP COMMENT 'Lock expiration time',
  PRIMARY KEY (`log_id`),
  UNIQUE KEY `OAUTH_TOKEN_REQUEST_LOG_USER_NAME_USER_TYPE` (`user_name`,`user_type`)
) ENGINE=InnoDB DEFAULT CHARSET=utf8mb3 COMMENT='Log of token request authentication failures.';

--
-- Dumping data for table `oauth_token_request_log`
--


--
-- Table structure for table `pagebuilder_template`
--

CREATE TABLE `pagebuilder_template` (
  `template_id` int NOT NULL AUTO_INCREMENT COMMENT 'Template ID Auto Increment',
  `name` varchar(1024) NOT NULL COMMENT 'Template Name',
  `preview_image` varchar(1024) DEFAULT NULL COMMENT 'Template Preview Image',
  `template` longtext NOT NULL COMMENT 'Master Format HTML',
  `created_for` varchar(255) DEFAULT NULL COMMENT 'Created For',
  `created_at` timestamp NOT NULL DEFAULT CURRENT_TIMESTAMP COMMENT 'Creation Time',
  `updated_at` timestamp NOT NULL DEFAULT CURRENT_TIMESTAMP ON UPDATE CURRENT_TIMESTAMP COMMENT 'Update Time',
  PRIMARY KEY (`template_id`),
  FULLTEXT KEY `PAGEBUILDER_TEMPLATE_NAME` (`name`)
) ENGINE=InnoDB DEFAULT CHARSET=utf8mb3 COMMENT='Page Builder Templates';

--
-- Dumping data for table `pagebuilder_template`
--


--
-- Table structure for table `password_reset_request_event`
--

CREATE TABLE `password_reset_request_event` (
  `id` int unsigned NOT NULL AUTO_INCREMENT COMMENT 'Entity ID',
  `request_type` smallint unsigned NOT NULL COMMENT 'Type of the event under a security control',
  `account_reference` varchar(255) DEFAULT NULL COMMENT 'An identifier for existing account or another target',
  `created_at` timestamp NOT NULL DEFAULT CURRENT_TIMESTAMP COMMENT 'Timestamp when the event occurs',
  `ip` varchar(15) NOT NULL COMMENT 'Remote user IP',
  PRIMARY KEY (`id`),
  KEY `PASSWORD_RESET_REQUEST_EVENT_ACCOUNT_REFERENCE` (`account_reference`),
  KEY `PASSWORD_RESET_REQUEST_EVENT_CREATED_AT` (`created_at`)
) ENGINE=InnoDB AUTO_INCREMENT=3 DEFAULT CHARSET=utf8mb3 COMMENT='Password Reset Request Event under a security control';

--
-- Dumping data for table `password_reset_request_event`
--

INSERT INTO `password_reset_request_event` VALUES (1,0,'pandees@gmail.com','2022-01-05 11:18:21','116.87.42.88'),(2,0,'pandees@gmail.com','2022-01-07 13:45:19','116.87.42.88');

--
-- Table structure for table `patch_list`
--

CREATE TABLE `patch_list` (
  `patch_id` int NOT NULL AUTO_INCREMENT COMMENT 'Patch Auto Increment',
  `patch_name` varchar(1024) NOT NULL COMMENT 'Patch Class Name',
  PRIMARY KEY (`patch_id`)
) ENGINE=InnoDB AUTO_INCREMENT=165 DEFAULT CHARSET=utf8mb3 COMMENT='List of data/schema patches';

--
-- Dumping data for table `patch_list`
--

INSERT INTO `patch_list` VALUES (1,'Magento\\Store\\Setup\\Patch\\Schema\\InitializeStoresAndWebsites'),(2,'Magento\\Catalog\\Setup\\Patch\\Schema\\EnableSegmentation'),(3,'Magento\\Bundle\\Setup\\Patch\\Schema\\UpdateBundleRelatedSchema'),(4,'Magento\\InventoryCatalog\\Setup\\Patch\\Schema\\CreateLegacyStockStatusView'),(5,'Magento\\InventoryCatalog\\Setup\\Patch\\Schema\\InitializeDefaultStock'),(6,'Magento\\InventoryCatalog\\Setup\\Patch\\Schema\\UpdateInventorySourceItem'),(7,'Magento\\InventoryCatalog\\Setup\\Patch\\Schema\\ReindexDefaultSource'),(8,'Magento\\InventorySales\\Setup\\Patch\\Schema\\InitializeWebsiteDefaultSock'),(9,'Magento\\Review\\Setup\\Patch\\Schema\\AddUniqueConstraintToReviewEntitySummary'),(10,'Magento\\TwoFactorAuth\\Setup\\Patch\\Schema\\CopyTablesFromOldModule'),(11,'Temando\\ShippingRemover\\Setup\\Patch\\Schema\\EmptyTablesRemoval'),(12,'Magento\\Store\\Setup\\Patch\\Data\\DisableSid'),(13,'Magento\\Store\\Setup\\Patch\\Data\\UpdateStoreGroupCodes'),(14,'Magento\\Directory\\Setup\\Patch\\Data\\InitializeDirectoryData'),(15,'Magento\\Directory\\Setup\\Patch\\Data\\AddCountriesCaribbeanCuracaoKosovoSintMaarten'),(16,'Magento\\Directory\\Setup\\Patch\\Data\\AddDataForCroatia'),(17,'Magento\\Directory\\Setup\\Patch\\Data\\AddDataForIndia'),(18,'Magento\\Directory\\Setup\\Patch\\Data\\AddDataForAustralia'),(19,'Magento\\Directory\\Setup\\Patch\\Data\\AddDataForBelgium'),(20,'Magento\\Directory\\Setup\\Patch\\Data\\AddDataForBulgaria'),(21,'Magento\\Directory\\Setup\\Patch\\Data\\AddDataForChina'),(22,'Magento\\Directory\\Setup\\Patch\\Data\\AddDataForColombia'),(23,'Magento\\Directory\\Setup\\Patch\\Data\\AddDataForItaly'),(24,'Magento\\Directory\\Setup\\Patch\\Data\\AddDataForMexico'),(25,'Magento\\Directory\\Setup\\Patch\\Data\\AddDataForPoland'),(26,'Magento\\Directory\\Setup\\Patch\\Data\\AddDataForUruguay'),(27,'Magento\\Theme\\Setup\\Patch\\Data\\RegisterThemes'),(28,'Magento\\Theme\\Setup\\Patch\\Data\\ConvertSerializedData'),(29,'Magento\\Config\\Setup\\Patch\\Data\\UnsetTinymce3'),(30,'Magento\\Config\\Setup\\Patch\\Data\\UpdateClassAliases'),(31,'Magento\\Authorization\\Setup\\Patch\\Data\\InitializeAuthRoles'),(32,'Magento\\Eav\\Setup\\Patch\\Data\\InitializeAttributeModels'),(33,'Magento\\Customer\\Setup\\Patch\\Data\\DefaultCustomerGroupsAndAttributes'),(34,'Magento\\Customer\\Setup\\Patch\\Data\\UpdateCustomerAttributesMetadata'),(35,'Magento\\Customer\\Setup\\Patch\\Data\\AddNonSpecifiedGenderAttributeOption'),(36,'Magento\\Customer\\Setup\\Patch\\Data\\UpdateIdentifierCustomerAttributesVisibility'),(37,'Magento\\Customer\\Setup\\Patch\\Data\\AddCustomerUpdatedAtAttribute'),(38,'Magento\\Customer\\Setup\\Patch\\Data\\UpgradePasswordHashAndAddress'),(39,'Magento\\Customer\\Setup\\Patch\\Data\\RemoveCheckoutRegisterAndUpdateAttributes'),(40,'Magento\\Customer\\Setup\\Patch\\Data\\AddSecurityTrackingAttributes'),(41,'Magento\\Customer\\Setup\\Patch\\Data\\UpdateAutocompleteOnStorefrontConfigPath'),(42,'Magento\\Customer\\Setup\\Patch\\Data\\MigrateStoresAllowedCountriesToWebsite'),(43,'Magento\\Customer\\Setup\\Patch\\Data\\ConvertValidationRulesFromSerializedToJson'),(44,'Magento\\Customer\\Setup\\Patch\\Data\\UpdateCustomerAddressAttributesSortOrder'),(45,'Magento\\Customer\\Setup\\Patch\\Data\\UpdateVATNumber'),(46,'Magento\\Customer\\Setup\\Patch\\Data\\UpdateCustomerAttributeInputFilters'),(47,'Magento\\Customer\\Setup\\Patch\\Data\\UpdateDefaultCustomerGroupInConfig'),(48,'Magento\\Indexer\\Setup\\Patch\\Data\\InitializeIndexerState'),(49,'Magento\\Cms\\Setup\\Patch\\Data\\CreateDefaultPages'),(50,'Magento\\Cms\\Setup\\Patch\\Data\\UpdatePrivacyPolicyPage'),(51,'Magento\\Cms\\Setup\\Patch\\Data\\ConvertWidgetConditionsToJson'),(52,'Magento\\Catalog\\Setup\\Patch\\Data\\InstallDefaultCategories'),(53,'Magento\\Catalog\\Setup\\Patch\\Data\\SetNewResourceModelsPaths'),(54,'Magento\\Catalog\\Setup\\Patch\\Data\\UpdateDefaultAttributeValue'),(55,'Magento\\Catalog\\Setup\\Patch\\Data\\UpdateMediaAttributesBackendTypes'),(56,'Magento\\Catalog\\Setup\\Patch\\Data\\UpdateProductAttributes'),(57,'Magento\\Catalog\\Setup\\Patch\\Data\\UpdateProductMetaDescription'),(58,'Magento\\Catalog\\Setup\\Patch\\Data\\ChangePriceAttributeDefaultScope'),(59,'Magento\\Catalog\\Setup\\Patch\\Data\\DisallowUsingHtmlForProductName'),(60,'Magento\\Catalog\\Setup\\Patch\\Data\\EnableDirectiveParsing'),(61,'Magento\\Catalog\\Setup\\Patch\\Data\\EnableSegmentation'),(62,'Magento\\Catalog\\Setup\\Patch\\Data\\UpdateCustomLayoutAttributes'),(63,'Magento\\Catalog\\Setup\\Patch\\Data\\UpdateProductDescriptionOrder'),(64,'Magento\\Catalog\\Setup\\Patch\\Data\\UpgradeWidgetData'),(65,'Magento\\Catalog\\Setup\\Patch\\Data\\UpgradeWebsiteAttributes'),(66,'Magento\\CatalogInventory\\Setup\\Patch\\Data\\CreateDefaultStock'),(67,'Magento\\CatalogInventory\\Setup\\Patch\\Data\\UpdateStockItemsWebsite'),(68,'Magento\\CatalogInventory\\Setup\\Patch\\Data\\ConvertSerializedDataToJson'),(69,'Magento\\CatalogRule\\Setup\\Patch\\Data\\UpdateClassAliasesForCatalogRules'),(70,'Magento\\CatalogRule\\Setup\\Patch\\Data\\ConvertSerializedDataToJson'),(71,'Magento\\CatalogUrlRewrite\\Setup\\Patch\\Data\\CreateUrlAttributes'),(72,'Magento\\CatalogUrlRewrite\\Setup\\Patch\\Data\\UpdateUrlKeyForProducts'),(73,'Magento\\CatalogUrlRewrite\\Setup\\Patch\\Data\\UpdateUrlKeySearchable'),(74,'Magento\\Widget\\Setup\\Patch\\Data\\UpgradeModelInstanceClassAliases'),(75,'Magento\\Widget\\Setup\\Patch\\Data\\ConvertSerializedData'),(76,'Magento\\Quote\\Setup\\Patch\\Data\\InstallEntityTypes'),(77,'Magento\\Quote\\Setup\\Patch\\Data\\ConvertSerializedDataToJson'),(78,'Magento\\Quote\\Setup\\Patch\\Data\\WishlistDataCleanUp'),(79,'Magento\\MediaGalleryUi\\Setup\\Patch\\Data\\AddMediaGalleryPermissions'),(80,'Magento\\User\\Setup\\Patch\\Data\\UpgradePasswordHashes'),(81,'Magento\\User\\Setup\\Patch\\Data\\UpgradeSerializedFields'),(82,'Magento\\Msrp\\Setup\\Patch\\Data\\InitializeMsrpAttributes'),(83,'Magento\\Msrp\\Setup\\Patch\\Data\\ChangeMsrpAttributeLabel'),(84,'Magento\\Msrp\\Setup\\Patch\\Data\\ChangePriceAttributeDefaultScope'),(85,'Magento\\Sales\\Setup\\Patch\\Data\\InstallOrderStatusesAndInitialSalesConfig'),(86,'Magento\\Sales\\Setup\\Patch\\Data\\UpdateEntityTypes'),(87,'Magento\\Sales\\Setup\\Patch\\Data\\ConvertSerializedDataToJson'),(88,'Magento\\Sales\\Setup\\Patch\\Data\\FillQuoteAddressIdInSalesOrderAddress'),(89,'Magento\\Sales\\Setup\\Patch\\Data\\UpdateEntityTypeModelForInvoice'),(90,'Magento\\Sales\\Setup\\Patch\\Data\\WishlistDataCleanUp'),(91,'Magento\\Checkout\\Setup\\Patch\\Data\\PrepareInitialCheckoutConfiguration'),(92,'Magento\\CurrencySymbol\\Setup\\Patch\\Data\\ConvertSerializedCustomCurrencySymbolToJson'),(93,'Magento\\Bundle\\Setup\\Patch\\Data\\ApplyAttributesUpdate'),(94,'Magento\\Bundle\\Setup\\Patch\\Data\\UpdateBundleRelatedEntityTypes'),(95,'Magento\\Integration\\Setup\\Patch\\Data\\RemoveInactiveTokens'),(96,'Magento\\Downloadable\\Setup\\Patch\\Data\\AddDownloadableHostsConfig'),(97,'Magento\\Downloadable\\Setup\\Patch\\Data\\InstallDownloadableAttributes'),(98,'Magento\\Downloadable\\Setup\\Patch\\Data\\UpdateLinksExistDefaultAttributeValue'),(99,'Magento\\Dhl\\Setup\\Patch\\Data\\PrepareShipmentDays'),(100,'Magento\\CatalogSearch\\Setup\\Patch\\Data\\MySQLSearchRemovalNotification'),(101,'Magento\\CatalogSearch\\Setup\\Patch\\Data\\SetInitialSearchWeightForAttributes'),(102,'Magento\\Elasticsearch\\Setup\\Patch\\Data\\InvalidateIndex'),(103,'Magento\\Email\\Setup\\Patch\\Data\\FlagLegacyTemplates'),(104,'Magento\\EncryptionKey\\Setup\\Patch\\Data\\SodiumChachaPatch'),(105,'Magento\\Fedex\\Setup\\Patch\\Data\\ConfigureFedexDefaults'),(106,'Magento\\GiftMessage\\Setup\\Patch\\Data\\AddGiftMessageAttributes'),(107,'Magento\\GiftMessage\\Setup\\Patch\\Data\\MoveGiftMessageToGiftOptionsGroup'),(108,'Magento\\GiftMessage\\Setup\\Patch\\Data\\UpdateGiftMessageAttribute'),(109,'Magento\\GroupedProduct\\Setup\\Patch\\Data\\InitializeGroupedProductLinks'),(110,'Magento\\GroupedProduct\\Setup\\Patch\\Data\\UpdateProductRelations'),(111,'Magento\\ConfigurableProduct\\Setup\\Patch\\Data\\InstallInitialConfigurableAttributes'),(112,'Magento\\ConfigurableProduct\\Setup\\Patch\\Data\\UpdateManufacturerAttribute'),(113,'Magento\\ConfigurableProduct\\Setup\\Patch\\Data\\UpdateTierPriceAttribute'),(114,'Magento\\Analytics\\Setup\\Patch\\Data\\PrepareInitialConfig'),(115,'Magento\\Analytics\\Setup\\Patch\\Data\\ActivateDataCollection'),(116,'Magento\\InventoryLowQuantityNotification\\Setup\\Patch\\Data\\MigrateCatalogInventoryNotifyStockQuantityData'),(117,'Magento\\Reports\\Setup\\Patch\\Data\\InitializeReportEntityTypesAndPages'),(118,'Magento\\Reports\\Setup\\Patch\\Data\\ReportDisableNotification'),(119,'Magento\\Newsletter\\Setup\\Patch\\Data\\FlagLegacyTemplates'),(120,'Magento\\SalesRule\\Setup\\Patch\\Data\\PrepareRuleModelSerializedData'),(121,'Magento\\SalesRule\\Setup\\Patch\\Data\\ConvertSerializedDataToJson'),(122,'Magento\\SalesRule\\Setup\\Patch\\Data\\FillSalesRuleProductAttributeTable'),(123,'Magento\\Vault\\Setup\\Patch\\Data\\SetCreditCardAsDefaultTokenType'),(124,'Magento\\Paypal\\Setup\\Patch\\Data\\AddPaypalOrderStatuses'),(125,'Magento\\Paypal\\Setup\\Patch\\Data\\UpdatePaypalCreditOption'),(126,'Magento\\Paypal\\Setup\\Patch\\Data\\UpdateSmartButtonLabel'),(127,'Magento\\Paypal\\Setup\\Patch\\Data\\UpdateSmartButtonSize'),(128,'Magento\\ReCaptchaMigration\\Setup\\Patch\\Data\\MigrateConfigToRecaptchaModules'),(129,'Magento\\Review\\Setup\\Patch\\Data\\InitReviewStatusesAndData'),(130,'Magento\\OfflineShipping\\Setup\\Patch\\Data\\UpdateQuoteShippingAddresses'),(131,'Magento\\OfflineShipping\\Setup\\Patch\\Data\\UpdateShippingTablerate'),(132,'Magento\\UrlRewrite\\Setup\\Patch\\Data\\ConvertSerializedDataToJson'),(133,'Magento\\Swatches\\Setup\\Patch\\Data\\AddSwatchImageAttribute'),(134,'Magento\\Swatches\\Setup\\Patch\\Data\\AddSwatchImageToDefaultAttribtueSet'),(135,'Magento\\Swatches\\Setup\\Patch\\Data\\UpdateAdminTextSwatchValues'),(136,'Magento\\Swatches\\Setup\\Patch\\Data\\ConvertAdditionalDataToJson'),(137,'Magento\\Tax\\Setup\\Patch\\Data\\AddTaxAttributeAndTaxClasses'),(138,'Magento\\Tax\\Setup\\Patch\\Data\\UpdateTaxClassAttributeVisibility'),(139,'Magento\\Tax\\Setup\\Patch\\Data\\UpdateTaxRegionId'),(140,'Magento\\TwoFactorAuth\\Setup\\Patch\\Data\\CopyConfigFromOldModule'),(141,'Magento\\TwoFactorAuth\\Setup\\Patch\\Data\\EncryptConfiguration'),(142,'Magento\\TwoFactorAuth\\Setup\\Patch\\Data\\EncryptGoogleSecrets'),(143,'Magento\\TwoFactorAuth\\Setup\\Patch\\Data\\EncryptSecrets'),(144,'Magento\\TwoFactorAuth\\Setup\\Patch\\Data\\GenerateDuoSecurityKey'),(145,'Magento\\TwoFactorAuth\\Setup\\Patch\\Data\\PopulateCountryTable'),(146,'Magento\\TwoFactorAuth\\Setup\\Patch\\Data\\ResetU2fConfig'),(147,'Magento\\SampleData\\Setup\\Patch\\Data\\ClearSampleDataState'),(148,'Magento\\Usps\\Setup\\Patch\\Data\\UpdateAllowedMethods'),(149,'Magento\\Weee\\Setup\\Patch\\Data\\InitQuoteAndOrderAttributes'),(150,'Magento\\Wishlist\\Setup\\Patch\\Data\\ConvertSerializedData'),(151,'Magento\\Wishlist\\Setup\\Patch\\Data\\WishlistDataCleanUp'),(152,'Klarna\\Core\\Setup\\Patch\\Data\\UpdateKcoApiPathsInCoreConfig'),(153,'Klarna\\Core\\Setup\\Patch\\Data\\UpdateKlarnaApiVersionInCoreConfig'),(154,'Klarna\\Kp\\Setup\\Patch\\Data\\RemoveHtmlTag'),(155,'Klarna\\Kp\\Setup\\Patch\\Data\\ResetIsActive'),(156,'Temando\\ShippingRemover\\Setup\\Patch\\Data\\AttributesRemoval'),(157,'Temando\\ShippingRemover\\Setup\\Patch\\Data\\BookmarkCleaner'),(158,'Temando\\ShippingRemover\\Setup\\Patch\\Data\\ConfigRemoval'),(159,'Vertex\\Tax\\Setup\\Patch\\Data\\DetermineCurrentConfigForShippingOriginUse'),(160,'Vertex\\Tax\\Setup\\Patch\\Data\\EnableCacheType'),(161,'Vertex\\Tax\\Setup\\Patch\\Data\\ExpandDefaultTaxClassesPatch'),(162,'Vertex\\Tax\\Setup\\Patch\\Data\\MigrateCustomerCodeFromEav'),(163,'Magento\\PageBuilder\\Setup\\Patch\\Data\\UpdateProductAttribute'),(164,'Magento\\PageBuilder\\Setup\\Patch\\Data\\UpgradePageBuilderStripStyles');

--
-- Table structure for table `paypal_billing_agreement`
--

CREATE TABLE `paypal_billing_agreement` (
  `agreement_id` int unsigned NOT NULL AUTO_INCREMENT COMMENT 'Agreement ID',
  `customer_id` int unsigned NOT NULL COMMENT 'Customer ID',
  `method_code` varchar(32) NOT NULL COMMENT 'Method Code',
  `reference_id` varchar(32) NOT NULL COMMENT 'Reference ID',
  `status` varchar(20) NOT NULL COMMENT 'Status',
  `created_at` timestamp NOT NULL DEFAULT CURRENT_TIMESTAMP COMMENT 'Created At',
  `updated_at` timestamp NULL DEFAULT NULL COMMENT 'Updated At',
  `store_id` smallint unsigned DEFAULT NULL COMMENT 'Store ID',
  `agreement_label` varchar(255) DEFAULT NULL COMMENT 'Agreement Label',
  PRIMARY KEY (`agreement_id`),
  KEY `PAYPAL_BILLING_AGREEMENT_CUSTOMER_ID` (`customer_id`),
  KEY `PAYPAL_BILLING_AGREEMENT_STORE_ID` (`store_id`),
  CONSTRAINT `PAYPAL_BILLING_AGREEMENT_CUSTOMER_ID_CUSTOMER_ENTITY_ENTITY_ID` FOREIGN KEY (`customer_id`) REFERENCES `customer_entity` (`entity_id`) ON DELETE CASCADE,
  CONSTRAINT `PAYPAL_BILLING_AGREEMENT_STORE_ID_STORE_STORE_ID` FOREIGN KEY (`store_id`) REFERENCES `store` (`store_id`) ON DELETE SET NULL
) ENGINE=InnoDB DEFAULT CHARSET=utf8mb3 COMMENT='Sales Billing Agreement';

--
-- Dumping data for table `paypal_billing_agreement`
--


--
-- Table structure for table `paypal_billing_agreement_order`
--

CREATE TABLE `paypal_billing_agreement_order` (
  `agreement_id` int unsigned NOT NULL COMMENT 'Agreement ID',
  `order_id` int unsigned NOT NULL COMMENT 'Order ID',
  PRIMARY KEY (`agreement_id`,`order_id`),
  KEY `PAYPAL_BILLING_AGREEMENT_ORDER_ORDER_ID` (`order_id`),
  CONSTRAINT `PAYPAL_BILLING_AGREEMENT_ORDER_ORDER_ID_SALES_ORDER_ENTITY_ID` FOREIGN KEY (`order_id`) REFERENCES `sales_order` (`entity_id`) ON DELETE CASCADE,
  CONSTRAINT `PAYPAL_BILLING_AGRT_ORDER_AGRT_ID_PAYPAL_BILLING_AGRT_AGRT_ID` FOREIGN KEY (`agreement_id`) REFERENCES `paypal_billing_agreement` (`agreement_id`) ON DELETE CASCADE
) ENGINE=InnoDB DEFAULT CHARSET=utf8mb3 COMMENT='Sales Billing Agreement Order';

--
-- Dumping data for table `paypal_billing_agreement_order`
--


--
-- Table structure for table `paypal_cert`
--

CREATE TABLE `paypal_cert` (
  `cert_id` smallint unsigned NOT NULL AUTO_INCREMENT COMMENT 'Cert ID',
  `website_id` smallint unsigned NOT NULL DEFAULT '0' COMMENT 'Website ID',
  `content` text COMMENT 'Content',
  `updated_at` timestamp NULL DEFAULT NULL COMMENT 'Updated At',
  PRIMARY KEY (`cert_id`),
  KEY `PAYPAL_CERT_WEBSITE_ID` (`website_id`),
  CONSTRAINT `PAYPAL_CERT_WEBSITE_ID_STORE_WEBSITE_WEBSITE_ID` FOREIGN KEY (`website_id`) REFERENCES `store_website` (`website_id`) ON DELETE CASCADE
) ENGINE=InnoDB DEFAULT CHARSET=utf8mb3 COMMENT='Paypal Certificate Table';

--
-- Dumping data for table `paypal_cert`
--


--
-- Table structure for table `paypal_payment_transaction`
--

CREATE TABLE `paypal_payment_transaction` (
  `transaction_id` int unsigned NOT NULL AUTO_INCREMENT COMMENT 'Entity ID',
  `txn_id` varchar(100) DEFAULT NULL COMMENT 'Txn ID',
  `additional_information` blob COMMENT 'Additional Information',
  `created_at` timestamp NULL DEFAULT NULL COMMENT 'Created At',
  PRIMARY KEY (`transaction_id`),
  UNIQUE KEY `PAYPAL_PAYMENT_TRANSACTION_TXN_ID` (`txn_id`)
) ENGINE=InnoDB DEFAULT CHARSET=utf8mb3 COMMENT='PayPal Payflow Link Payment Transaction';

--
-- Dumping data for table `paypal_payment_transaction`
--


--
-- Table structure for table `paypal_settlement_report`
--

CREATE TABLE `paypal_settlement_report` (
  `report_id` int unsigned NOT NULL AUTO_INCREMENT COMMENT 'Report ID',
  `report_date` date DEFAULT NULL COMMENT 'Report Date',
  `account_id` varchar(64) DEFAULT NULL COMMENT 'Account ID',
  `filename` varchar(24) DEFAULT NULL COMMENT 'Filename',
  `last_modified` timestamp NULL DEFAULT NULL COMMENT 'Last Modified',
  PRIMARY KEY (`report_id`),
  UNIQUE KEY `PAYPAL_SETTLEMENT_REPORT_REPORT_DATE_ACCOUNT_ID` (`report_date`,`account_id`)
) ENGINE=InnoDB DEFAULT CHARSET=utf8mb3 COMMENT='Paypal Settlement Report Table';

--
-- Dumping data for table `paypal_settlement_report`
--


--
-- Table structure for table `paypal_settlement_report_row`
--

CREATE TABLE `paypal_settlement_report_row` (
  `row_id` int unsigned NOT NULL AUTO_INCREMENT COMMENT 'Row ID',
  `report_id` int unsigned NOT NULL COMMENT 'Report ID',
  `transaction_id` varchar(19) DEFAULT NULL COMMENT 'Transaction ID',
  `invoice_id` varchar(127) DEFAULT NULL COMMENT 'Invoice ID',
  `paypal_reference_id` varchar(19) DEFAULT NULL COMMENT 'Paypal Reference ID',
  `paypal_reference_id_type` varchar(3) DEFAULT NULL COMMENT 'Paypal Reference ID Type',
  `transaction_event_code` varchar(5) DEFAULT NULL COMMENT 'Transaction Event Code',
  `transaction_initiation_date` timestamp NULL DEFAULT NULL COMMENT 'Transaction Initiation Date',
  `transaction_completion_date` timestamp NULL DEFAULT NULL COMMENT 'Transaction Completion Date',
  `transaction_debit_or_credit` varchar(2) NOT NULL DEFAULT 'CR' COMMENT 'Transaction Debit Or Credit',
  `gross_transaction_amount` decimal(20,6) NOT NULL DEFAULT '0.000000' COMMENT 'Gross Transaction Amount',
  `gross_transaction_currency` varchar(3) DEFAULT NULL COMMENT 'Gross Transaction Currency',
  `fee_debit_or_credit` varchar(2) DEFAULT NULL COMMENT 'Fee Debit Or Credit',
  `fee_amount` decimal(20,6) NOT NULL DEFAULT '0.000000' COMMENT 'Fee Amount',
  `fee_currency` varchar(3) DEFAULT NULL COMMENT 'Fee Currency',
  `custom_field` varchar(255) DEFAULT NULL COMMENT 'Custom Field',
  `consumer_id` varchar(127) DEFAULT NULL COMMENT 'Consumer ID',
  `payment_tracking_id` varchar(255) DEFAULT NULL COMMENT 'Payment Tracking ID',
  `store_id` varchar(50) DEFAULT NULL COMMENT 'Store ID',
  PRIMARY KEY (`row_id`),
  KEY `PAYPAL_SETTLEMENT_REPORT_ROW_REPORT_ID` (`report_id`),
  CONSTRAINT `FK_E183E488F593E0DE10C6EBFFEBAC9B55` FOREIGN KEY (`report_id`) REFERENCES `paypal_settlement_report` (`report_id`) ON DELETE CASCADE
) ENGINE=InnoDB DEFAULT CHARSET=utf8mb3 COMMENT='Paypal Settlement Report Row Table';

--
-- Dumping data for table `paypal_settlement_report_row`
--


--
-- Table structure for table `persistent_session`
--

CREATE TABLE `persistent_session` (
  `persistent_id` int unsigned NOT NULL AUTO_INCREMENT COMMENT 'Session ID',
  `key` varchar(50) NOT NULL COMMENT 'Unique cookie key',
  `customer_id` int unsigned DEFAULT NULL COMMENT 'Customer ID',
  `website_id` smallint unsigned NOT NULL DEFAULT '0' COMMENT 'Website ID',
  `info` text COMMENT 'Session Data',
  `updated_at` timestamp NOT NULL DEFAULT CURRENT_TIMESTAMP ON UPDATE CURRENT_TIMESTAMP COMMENT 'Updated At',
  PRIMARY KEY (`persistent_id`),
  UNIQUE KEY `PERSISTENT_SESSION_KEY` (`key`),
  UNIQUE KEY `PERSISTENT_SESSION_CUSTOMER_ID` (`customer_id`),
  KEY `PERSISTENT_SESSION_WEBSITE_ID_STORE_WEBSITE_WEBSITE_ID` (`website_id`),
  KEY `PERSISTENT_SESSION_UPDATED_AT` (`updated_at`),
  CONSTRAINT `PERSISTENT_SESSION_CUSTOMER_ID_CUSTOMER_ENTITY_ENTITY_ID` FOREIGN KEY (`customer_id`) REFERENCES `customer_entity` (`entity_id`) ON DELETE CASCADE,
  CONSTRAINT `PERSISTENT_SESSION_WEBSITE_ID_STORE_WEBSITE_WEBSITE_ID` FOREIGN KEY (`website_id`) REFERENCES `store_website` (`website_id`) ON DELETE CASCADE
) ENGINE=InnoDB DEFAULT CHARSET=utf8mb3 COMMENT='Persistent Session';

--
-- Dumping data for table `persistent_session`
--


--
-- Table structure for table `product_alert_price`
--

CREATE TABLE `product_alert_price` (
  `alert_price_id` int unsigned NOT NULL AUTO_INCREMENT COMMENT 'Product alert price ID',
  `customer_id` int unsigned NOT NULL DEFAULT '0' COMMENT 'Customer ID',
  `product_id` int unsigned NOT NULL DEFAULT '0' COMMENT 'Product ID',
  `price` decimal(20,6) NOT NULL DEFAULT '0.000000' COMMENT 'Price amount',
  `website_id` smallint unsigned NOT NULL DEFAULT '0' COMMENT 'Website ID',
  `store_id` smallint unsigned DEFAULT '0' COMMENT 'Store ID',
  `add_date` timestamp NOT NULL DEFAULT CURRENT_TIMESTAMP COMMENT 'Product alert add date',
  `last_send_date` timestamp NULL DEFAULT NULL COMMENT 'Product alert last send date',
  `send_count` smallint unsigned NOT NULL DEFAULT '0' COMMENT 'Product alert send count',
  `status` smallint unsigned NOT NULL DEFAULT '0' COMMENT 'Product alert status',
  PRIMARY KEY (`alert_price_id`),
  KEY `PRODUCT_ALERT_PRICE_CUSTOMER_ID` (`customer_id`),
  KEY `PRODUCT_ALERT_PRICE_PRODUCT_ID` (`product_id`),
  KEY `PRODUCT_ALERT_PRICE_WEBSITE_ID` (`website_id`),
  KEY `PRODUCT_ALERT_PRICE_STORE_ID` (`store_id`),
  CONSTRAINT `PRODUCT_ALERT_PRICE_CUSTOMER_ID_CUSTOMER_ENTITY_ENTITY_ID` FOREIGN KEY (`customer_id`) REFERENCES `customer_entity` (`entity_id`) ON DELETE CASCADE,
  CONSTRAINT `PRODUCT_ALERT_PRICE_PRODUCT_ID_CATALOG_PRODUCT_ENTITY_ENTITY_ID` FOREIGN KEY (`product_id`) REFERENCES `catalog_product_entity` (`entity_id`) ON DELETE CASCADE,
  CONSTRAINT `PRODUCT_ALERT_PRICE_STORE_ID_STORE_STORE_ID` FOREIGN KEY (`store_id`) REFERENCES `store` (`store_id`) ON DELETE CASCADE,
  CONSTRAINT `PRODUCT_ALERT_PRICE_WEBSITE_ID_STORE_WEBSITE_WEBSITE_ID` FOREIGN KEY (`website_id`) REFERENCES `store_website` (`website_id`) ON DELETE CASCADE
) ENGINE=InnoDB DEFAULT CHARSET=utf8mb3 COMMENT='Product Alert Price';

--
-- Dumping data for table `product_alert_price`
--


--
-- Table structure for table `product_alert_stock`
--

CREATE TABLE `product_alert_stock` (
  `alert_stock_id` int unsigned NOT NULL AUTO_INCREMENT COMMENT 'Product alert stock ID',
  `customer_id` int unsigned NOT NULL DEFAULT '0' COMMENT 'Customer ID',
  `product_id` int unsigned NOT NULL DEFAULT '0' COMMENT 'Product ID',
  `website_id` smallint unsigned NOT NULL DEFAULT '0' COMMENT 'Website ID',
  `store_id` smallint unsigned DEFAULT '0' COMMENT 'Store ID',
  `add_date` timestamp NOT NULL DEFAULT CURRENT_TIMESTAMP COMMENT 'Product alert add date',
  `send_date` timestamp NULL DEFAULT NULL COMMENT 'Product alert send date',
  `send_count` smallint unsigned NOT NULL DEFAULT '0' COMMENT 'Send Count',
  `status` smallint unsigned NOT NULL DEFAULT '0' COMMENT 'Product alert status',
  PRIMARY KEY (`alert_stock_id`),
  KEY `PRODUCT_ALERT_STOCK_CUSTOMER_ID` (`customer_id`),
  KEY `PRODUCT_ALERT_STOCK_PRODUCT_ID` (`product_id`),
  KEY `PRODUCT_ALERT_STOCK_WEBSITE_ID` (`website_id`),
  KEY `PRODUCT_ALERT_STOCK_STORE_ID` (`store_id`),
  CONSTRAINT `PRODUCT_ALERT_STOCK_CUSTOMER_ID_CUSTOMER_ENTITY_ENTITY_ID` FOREIGN KEY (`customer_id`) REFERENCES `customer_entity` (`entity_id`) ON DELETE CASCADE,
  CONSTRAINT `PRODUCT_ALERT_STOCK_PRODUCT_ID_CATALOG_PRODUCT_ENTITY_ENTITY_ID` FOREIGN KEY (`product_id`) REFERENCES `catalog_product_entity` (`entity_id`) ON DELETE CASCADE,
  CONSTRAINT `PRODUCT_ALERT_STOCK_STORE_ID_STORE_STORE_ID` FOREIGN KEY (`store_id`) REFERENCES `store` (`store_id`) ON DELETE CASCADE,
  CONSTRAINT `PRODUCT_ALERT_STOCK_WEBSITE_ID_STORE_WEBSITE_WEBSITE_ID` FOREIGN KEY (`website_id`) REFERENCES `store_website` (`website_id`) ON DELETE CASCADE
) ENGINE=InnoDB DEFAULT CHARSET=utf8mb3 COMMENT='Product Alert Stock';

--
-- Dumping data for table `product_alert_stock`
--


--
-- Table structure for table `pt_testimonial`
--

CREATE TABLE `pt_testimonial` (
  `testimo_id` int unsigned NOT NULL AUTO_INCREMENT COMMENT 'Testimonial ID',
  `name` varchar(255) NOT NULL DEFAULT '' COMMENT 'Name',
  `store_id` varchar(255) NOT NULL DEFAULT '' COMMENT 'Store Id',
  `email` varchar(255) DEFAULT NULL COMMENT 'Email',
  `avatar` varchar(255) DEFAULT NULL COMMENT 'Avatar',
  `website` varchar(255) DEFAULT NULL COMMENT 'Website',
  `company` varchar(255) DEFAULT NULL COMMENT 'Company',
  `address` varchar(255) DEFAULT NULL COMMENT 'Address',
  `job` varchar(255) DEFAULT NULL COMMENT 'Job',
  `testimonial` varchar(255) DEFAULT NULL COMMENT 'Testimonial',
  `created_time` date DEFAULT NULL COMMENT 'Created Time',
  `update_time` date DEFAULT NULL COMMENT 'Update Time',
  `status` smallint NOT NULL DEFAULT '1' COMMENT 'Status',
  `order` smallint unsigned NOT NULL DEFAULT '0' COMMENT 'Order',
  PRIMARY KEY (`testimo_id`)
) ENGINE=InnoDB DEFAULT CHARSET=utf8mb3 COMMENT='pt_testimonial';

--
-- Dumping data for table `pt_testimonial`
--


--
-- Table structure for table `queue`
--

CREATE TABLE `queue` (
  `id` int unsigned NOT NULL AUTO_INCREMENT COMMENT 'Queue ID',
  `name` varchar(255) DEFAULT NULL COMMENT 'Queue name',
  PRIMARY KEY (`id`),
  UNIQUE KEY `QUEUE_NAME` (`name`)
) ENGINE=InnoDB AUTO_INCREMENT=17 DEFAULT CHARSET=utf8mb3 COMMENT='Table storing unique queues';

--
-- Dumping data for table `queue`
--

INSERT INTO `queue` VALUES (16,'async.operations.all'),(8,'codegenerator'),(3,'export'),(10,'inventory.indexer.sourceItem'),(11,'inventory.indexer.stock'),(5,'inventory.mass.update'),(6,'inventory.reservations.cleanup'),(7,'inventory.reservations.update'),(12,'inventory.reservations.updateSalabilityStatus'),(4,'inventory.source.items.cleanup'),(13,'media.content.synchronization'),(14,'media.gallery.renditions.update'),(15,'media.gallery.synchronization'),(9,'media.storage.catalog.image.resize'),(1,'product_action_attribute.update'),(2,'product_action_attribute.website.update');

--
-- Table structure for table `queue_lock`
--

CREATE TABLE `queue_lock` (
  `id` int unsigned NOT NULL AUTO_INCREMENT COMMENT 'Message ID',
  `message_code` varchar(255) NOT NULL DEFAULT '' COMMENT 'Message Code',
  `created_at` timestamp NOT NULL DEFAULT CURRENT_TIMESTAMP ON UPDATE CURRENT_TIMESTAMP COMMENT 'Created At',
  PRIMARY KEY (`id`),
  UNIQUE KEY `QUEUE_LOCK_MESSAGE_CODE` (`message_code`)
) ENGINE=InnoDB DEFAULT CHARSET=utf8mb3 COMMENT='Messages that were processed are inserted here to be locked.';

--
-- Dumping data for table `queue_lock`
--


--
-- Table structure for table `queue_message`
--

CREATE TABLE `queue_message` (
  `id` bigint unsigned NOT NULL AUTO_INCREMENT COMMENT 'Message ID',
  `topic_name` varchar(255) DEFAULT NULL COMMENT 'Message topic',
  `body` longtext COMMENT 'Message body',
  PRIMARY KEY (`id`)
) ENGINE=InnoDB AUTO_INCREMENT=6 DEFAULT CHARSET=utf8mb3 COMMENT='Queue messages';

--
-- Dumping data for table `queue_message`
--

INSERT INTO `queue_message` VALUES (1,'inventory.reservations.updateSalabilityStatus','{\"skus\":[\"Product A\"],\"stock\":1}'),(2,'import_export.export','{\"skip_attr\":[],\"file_name\":\"catalog_product_20211229_125021.csv\",\"file_format\":\"csv\",\"content_type\":\"text\\/csv\",\"entity\":\"catalog_product\",\"export_filter\":\"{\\\"cost\\\":[\\\"\\\",\\\"\\\"],\\\"country_of_manufacture\\\":\\\"\\\",\\\"created_at\\\":[\\\"\\\",\\\"\\\"],\\\"custom_design\\\":\\\"\\\",\\\"custom_design_from\\\":[\\\"\\\",\\\"\\\"],\\\"custom_design_to\\\":[\\\"\\\",\\\"\\\"],\\\"custom_layout\\\":\\\"\\\",\\\"custom_layout_update\\\":\\\"\\\",\\\"custom_layout_update_file\\\":\\\"\\\",\\\"description\\\":\\\"\\\",\\\"gallery\\\":\\\"\\\",\\\"gift_message_available\\\":\\\"\\\",\\\"image\\\":\\\"\\\",\\\"image_label\\\":\\\"\\\",\\\"is_featured\\\":\\\"\\\",\\\"links_exist\\\":[\\\"\\\",\\\"\\\"],\\\"links_purchased_separately\\\":[\\\"\\\",\\\"\\\"],\\\"links_title\\\":\\\"\\\",\\\"meta_description\\\":\\\"\\\",\\\"meta_keyword\\\":\\\"\\\",\\\"meta_title\\\":\\\"\\\",\\\"minimal_price\\\":[\\\"\\\",\\\"\\\"],\\\"msrp\\\":[\\\"\\\",\\\"\\\"],\\\"msrp_display_actual_price_type\\\":\\\"\\\",\\\"name\\\":\\\"\\\",\\\"new\\\":\\\"\\\",\\\"news_from_date\\\":[\\\"\\\",\\\"\\\"],\\\"news_to_date\\\":[\\\"\\\",\\\"\\\"],\\\"options_container\\\":\\\"\\\",\\\"page_layout\\\":\\\"\\\",\\\"price\\\":[\\\"\\\",\\\"\\\"],\\\"price_type\\\":[\\\"\\\",\\\"\\\"],\\\"price_view\\\":\\\"\\\",\\\"samples_title\\\":\\\"\\\",\\\"shipment_type\\\":\\\"\\\",\\\"short_description\\\":\\\"\\\",\\\"sku\\\":\\\"\\\",\\\"sku_type\\\":[\\\"\\\",\\\"\\\"],\\\"small_image\\\":\\\"\\\",\\\"small_image_label\\\":\\\"\\\",\\\"special_from_date\\\":[\\\"\\\",\\\"\\\"],\\\"special_price\\\":[\\\"\\\",\\\"\\\"],\\\"special_to_date\\\":[\\\"\\\",\\\"\\\"],\\\"status\\\":\\\"\\\",\\\"swatch_image\\\":\\\"\\\",\\\"tax_class_id\\\":\\\"\\\",\\\"thumbnail\\\":\\\"\\\",\\\"thumbnail_label\\\":\\\"\\\",\\\"timershow\\\":\\\"\\\",\\\"updated_at\\\":[\\\"\\\",\\\"\\\"],\\\"url_key\\\":\\\"\\\",\\\"url_path\\\":\\\"\\\",\\\"visibility\\\":\\\"\\\",\\\"weight\\\":[\\\"\\\",\\\"\\\"],\\\"weight_type\\\":[\\\"\\\",\\\"\\\"]}\"}'),(3,'import_export.export','{\"skip_attr\":[],\"file_name\":\"catalog_product_20211229_125049.csv\",\"file_format\":\"csv\",\"content_type\":\"text\\/csv\",\"entity\":\"catalog_product\",\"export_filter\":\"{\\\"cost\\\":[\\\"\\\",\\\"\\\"],\\\"country_of_manufacture\\\":\\\"\\\",\\\"created_at\\\":[\\\"\\\",\\\"\\\"],\\\"custom_design\\\":\\\"\\\",\\\"custom_design_from\\\":[\\\"\\\",\\\"\\\"],\\\"custom_design_to\\\":[\\\"\\\",\\\"\\\"],\\\"custom_layout\\\":\\\"\\\",\\\"custom_layout_update\\\":\\\"\\\",\\\"custom_layout_update_file\\\":\\\"\\\",\\\"description\\\":\\\"\\\",\\\"gallery\\\":\\\"\\\",\\\"gift_message_available\\\":\\\"\\\",\\\"image\\\":\\\"\\\",\\\"image_label\\\":\\\"\\\",\\\"is_featured\\\":\\\"\\\",\\\"links_exist\\\":[\\\"\\\",\\\"\\\"],\\\"links_purchased_separately\\\":[\\\"\\\",\\\"\\\"],\\\"links_title\\\":\\\"\\\",\\\"meta_description\\\":\\\"\\\",\\\"meta_keyword\\\":\\\"\\\",\\\"meta_title\\\":\\\"\\\",\\\"minimal_price\\\":[\\\"\\\",\\\"\\\"],\\\"msrp\\\":[\\\"\\\",\\\"\\\"],\\\"msrp_display_actual_price_type\\\":\\\"\\\",\\\"name\\\":\\\"\\\",\\\"new\\\":\\\"\\\",\\\"news_from_date\\\":[\\\"\\\",\\\"\\\"],\\\"news_to_date\\\":[\\\"\\\",\\\"\\\"],\\\"options_container\\\":\\\"\\\",\\\"page_layout\\\":\\\"\\\",\\\"price\\\":[\\\"\\\",\\\"\\\"],\\\"price_type\\\":[\\\"\\\",\\\"\\\"],\\\"price_view\\\":\\\"\\\",\\\"samples_title\\\":\\\"\\\",\\\"shipment_type\\\":\\\"\\\",\\\"short_description\\\":\\\"\\\",\\\"sku\\\":\\\"\\\",\\\"sku_type\\\":[\\\"\\\",\\\"\\\"],\\\"small_image\\\":\\\"\\\",\\\"small_image_label\\\":\\\"\\\",\\\"special_from_date\\\":[\\\"\\\",\\\"\\\"],\\\"special_price\\\":[\\\"\\\",\\\"\\\"],\\\"special_to_date\\\":[\\\"\\\",\\\"\\\"],\\\"status\\\":\\\"\\\",\\\"swatch_image\\\":\\\"\\\",\\\"tax_class_id\\\":\\\"\\\",\\\"thumbnail\\\":\\\"\\\",\\\"thumbnail_label\\\":\\\"\\\",\\\"timershow\\\":\\\"\\\",\\\"updated_at\\\":[\\\"\\\",\\\"\\\"],\\\"url_key\\\":\\\"\\\",\\\"url_path\\\":\\\"\\\",\\\"visibility\\\":\\\"\\\",\\\"weight\\\":[\\\"\\\",\\\"\\\"],\\\"weight_type\\\":[\\\"\\\",\\\"\\\"]}\"}'),(4,'inventory.reservations.updateSalabilityStatus','{\"skus\":[\"Bio Crunchy Weihnachtsm\\u00fcsli Apfel-Zimt\"],\"stock\":1}'),(5,'inventory.reservations.updateSalabilityStatus','{\"skus\":[\"M\\u00fcsli Apfel-Cranberry, ca. 60g, Faltschachtel Maxi\"],\"stock\":1}');

--
-- Table structure for table `queue_message_status`
--

CREATE TABLE `queue_message_status` (
  `id` bigint unsigned NOT NULL AUTO_INCREMENT COMMENT 'Relation ID',
  `queue_id` int unsigned NOT NULL COMMENT 'Queue ID',
  `message_id` bigint unsigned NOT NULL COMMENT 'Message ID',
  `updated_at` timestamp NOT NULL DEFAULT CURRENT_TIMESTAMP ON UPDATE CURRENT_TIMESTAMP COMMENT 'Updated At',
  `status` smallint unsigned NOT NULL COMMENT 'Message status in particular queue',
  `number_of_trials` smallint unsigned NOT NULL DEFAULT '0' COMMENT 'Number of trials to processed failed message processing',
  PRIMARY KEY (`id`),
  UNIQUE KEY `QUEUE_MESSAGE_STATUS_QUEUE_ID_MESSAGE_ID` (`queue_id`,`message_id`),
  KEY `QUEUE_MESSAGE_STATUS_MESSAGE_ID_QUEUE_MESSAGE_ID` (`message_id`),
  KEY `QUEUE_MESSAGE_STATUS_STATUS_UPDATED_AT` (`status`,`updated_at`),
  CONSTRAINT `QUEUE_MESSAGE_STATUS_MESSAGE_ID_QUEUE_MESSAGE_ID` FOREIGN KEY (`message_id`) REFERENCES `queue_message` (`id`) ON DELETE CASCADE,
  CONSTRAINT `QUEUE_MESSAGE_STATUS_QUEUE_ID_QUEUE_ID` FOREIGN KEY (`queue_id`) REFERENCES `queue` (`id`) ON DELETE CASCADE
) ENGINE=InnoDB AUTO_INCREMENT=6 DEFAULT CHARSET=utf8mb3 COMMENT='Relation table to keep associations between queues and messages';

--
-- Dumping data for table `queue_message_status`
--

INSERT INTO `queue_message_status` VALUES (1,12,1,'2021-12-27 03:01:11',2,0),(2,3,2,'2021-12-29 12:50:21',2,0),(3,3,3,'2021-12-29 12:50:49',2,0),(4,12,4,'2022-01-05 12:16:24',2,0),(5,12,5,'2022-01-08 05:08:01',2,0);

--
-- Table structure for table `queue_poison_pill`
--

CREATE TABLE `queue_poison_pill` (
  `version` varchar(255) NOT NULL COMMENT 'Poison Pill version.'
) ENGINE=InnoDB DEFAULT CHARSET=utf8mb3 COMMENT='Sequence table for poison pill versions';

--
-- Dumping data for table `queue_poison_pill`
--

INSERT INTO `queue_poison_pill` VALUES ('version-61d6ad224687a');

--
-- Table structure for table `quote`
--

CREATE TABLE `quote` (
  `entity_id` int unsigned NOT NULL AUTO_INCREMENT COMMENT 'Entity ID',
  `store_id` smallint unsigned NOT NULL DEFAULT '0' COMMENT 'Store ID',
  `created_at` timestamp NOT NULL DEFAULT CURRENT_TIMESTAMP COMMENT 'Created At',
  `updated_at` timestamp NOT NULL DEFAULT CURRENT_TIMESTAMP ON UPDATE CURRENT_TIMESTAMP,
  `converted_at` timestamp NULL DEFAULT NULL COMMENT 'Converted At',
  `is_active` smallint unsigned DEFAULT '1' COMMENT 'Is Active',
  `is_virtual` smallint unsigned DEFAULT '0' COMMENT 'Is Virtual',
  `is_multi_shipping` smallint unsigned DEFAULT '0' COMMENT 'Is Multi Shipping',
  `items_count` int unsigned DEFAULT '0' COMMENT 'Items Count',
  `items_qty` decimal(12,4) DEFAULT '0.0000' COMMENT 'Items Qty',
  `orig_order_id` int unsigned DEFAULT '0' COMMENT 'Orig Order ID',
  `store_to_base_rate` decimal(12,4) DEFAULT '0.0000' COMMENT 'Store To Base Rate',
  `store_to_quote_rate` decimal(12,4) DEFAULT '0.0000' COMMENT 'Store To Quote Rate',
  `base_currency_code` varchar(255) DEFAULT NULL COMMENT 'Base Currency Code',
  `store_currency_code` varchar(255) DEFAULT NULL COMMENT 'Store Currency Code',
  `quote_currency_code` varchar(255) DEFAULT NULL COMMENT 'Quote Currency Code',
  `grand_total` decimal(20,4) DEFAULT '0.0000' COMMENT 'Grand Total',
  `base_grand_total` decimal(20,4) DEFAULT '0.0000' COMMENT 'Base Grand Total',
  `checkout_method` varchar(255) DEFAULT NULL COMMENT 'Checkout Method',
  `customer_id` int unsigned DEFAULT NULL COMMENT 'Customer ID',
  `customer_tax_class_id` int unsigned DEFAULT NULL COMMENT 'Customer Tax Class ID',
  `customer_group_id` int unsigned DEFAULT '0' COMMENT 'Customer Group ID',
  `customer_email` varchar(255) DEFAULT NULL COMMENT 'Customer Email',
  `customer_prefix` varchar(40) DEFAULT NULL COMMENT 'Customer Prefix',
  `customer_firstname` varchar(255) DEFAULT NULL COMMENT 'Customer Firstname',
  `customer_middlename` varchar(40) DEFAULT NULL COMMENT 'Customer Middlename',
  `customer_lastname` varchar(255) DEFAULT NULL COMMENT 'Customer Lastname',
  `customer_suffix` varchar(40) DEFAULT NULL COMMENT 'Customer Suffix',
  `customer_dob` datetime DEFAULT NULL COMMENT 'Customer Dob',
  `customer_note` text COMMENT 'Customer Note',
  `customer_note_notify` smallint unsigned DEFAULT '1' COMMENT 'Customer Note Notify',
  `customer_is_guest` smallint unsigned DEFAULT '0' COMMENT 'Customer Is Guest',
  `remote_ip` varchar(45) DEFAULT NULL COMMENT 'Remote Ip',
  `applied_rule_ids` varchar(255) DEFAULT NULL COMMENT 'Applied Rule Ids',
  `reserved_order_id` varchar(64) DEFAULT NULL COMMENT 'Reserved Order ID',
  `password_hash` varchar(255) DEFAULT NULL COMMENT 'Password Hash',
  `coupon_code` varchar(255) DEFAULT NULL COMMENT 'Coupon Code',
  `global_currency_code` varchar(255) DEFAULT NULL COMMENT 'Global Currency Code',
  `base_to_global_rate` decimal(20,4) DEFAULT NULL COMMENT 'Base To Global Rate',
  `base_to_quote_rate` decimal(20,4) DEFAULT NULL COMMENT 'Base To Quote Rate',
  `customer_taxvat` varchar(255) DEFAULT NULL COMMENT 'Customer Taxvat',
  `customer_gender` varchar(255) DEFAULT NULL COMMENT 'Customer Gender',
  `subtotal` decimal(20,4) DEFAULT NULL COMMENT 'Subtotal',
  `base_subtotal` decimal(20,4) DEFAULT NULL COMMENT 'Base Subtotal',
  `subtotal_with_discount` decimal(20,4) DEFAULT NULL COMMENT 'Subtotal With Discount',
  `base_subtotal_with_discount` decimal(20,4) DEFAULT NULL COMMENT 'Base Subtotal With Discount',
  `is_changed` int unsigned DEFAULT NULL COMMENT 'Is Changed',
  `trigger_recollect` smallint NOT NULL DEFAULT '0' COMMENT 'Trigger Recollect',
  `ext_shipping_info` text COMMENT 'Ext Shipping Info',
  `gift_message_id` int DEFAULT NULL COMMENT 'Gift Message ID',
  `is_persistent` smallint unsigned DEFAULT '0' COMMENT 'Is Quote Persistent',
  `customer_shipping_date` datetime DEFAULT NULL COMMENT 'Customer Shipping Delivery Date',
  `customer_shipping_comments` text COMMENT 'Customer Shipping Delivery Comment',
  PRIMARY KEY (`entity_id`),
  KEY `QUOTE_CUSTOMER_ID_STORE_ID_IS_ACTIVE` (`customer_id`,`store_id`,`is_active`),
  KEY `QUOTE_STORE_ID` (`store_id`),
  CONSTRAINT `QUOTE_STORE_ID_STORE_STORE_ID` FOREIGN KEY (`store_id`) REFERENCES `store` (`store_id`) ON DELETE CASCADE
) ENGINE=InnoDB AUTO_INCREMENT=54 DEFAULT CHARSET=utf8mb3 COMMENT='Sales Flat Quote';

--
-- Dumping data for table `quote`
--

INSERT INTO `quote` VALUES (1,7,'2021-12-27 01:57:43','2021-12-27 03:01:14',NULL,0,0,0,0,0.0000,0,0.0000,0.0000,'USD','USD','USD',14.0000,14.0000,NULL,1,3,3,'agency1@gmail.com',NULL,'agency1',NULL,'dev',NULL,NULL,NULL,1,0,'14.229.40.246',NULL,'7000000001',NULL,NULL,'USD',1.0000,1.0000,NULL,'0',9.0000,9.0000,9.0000,9.0000,1,0,NULL,NULL,0,NULL,NULL),(2,7,'2021-12-27 03:02:09','2021-12-27 03:02:09',NULL,1,0,0,0,0.0000,0,0.0000,0.0000,'USD','USD','USD',0.0000,0.0000,NULL,2,NULL,1,'agency2@gmail.com',NULL,'agency2',NULL,'dev',NULL,NULL,NULL,1,0,'14.229.40.246',NULL,NULL,NULL,NULL,'USD',1.0000,1.0000,NULL,NULL,0.0000,0.0000,0.0000,0.0000,1,0,NULL,NULL,0,NULL,NULL),(3,7,'2021-12-27 03:09:47','2021-12-27 03:09:47',NULL,1,0,0,0,0.0000,0,0.0000,0.0000,'USD','USD','USD',0.0000,0.0000,NULL,1,NULL,3,'agency1@gmail.com',NULL,'agency1',NULL,'dev',NULL,NULL,NULL,1,0,'14.229.40.246',NULL,NULL,NULL,NULL,'USD',1.0000,1.0000,NULL,'0',0.0000,0.0000,0.0000,0.0000,1,0,NULL,NULL,0,NULL,NULL),(4,7,'2021-12-28 13:38:09','2021-12-28 13:38:31',NULL,1,0,0,0,0.0000,0,0.0000,0.0000,'USD','USD','USD',25.0000,25.0000,NULL,NULL,3,0,NULL,NULL,NULL,NULL,NULL,NULL,NULL,NULL,1,1,'106.198.7.104',NULL,NULL,NULL,NULL,'USD',1.0000,1.0000,NULL,NULL,20.0000,20.0000,20.0000,20.0000,1,0,NULL,NULL,0,NULL,NULL),(5,1,'2021-12-28 14:11:47','2021-12-28 15:23:38',NULL,1,0,0,1,1.0000,0,0.0000,0.0000,'USD','USD','USD',570.0000,570.0000,NULL,NULL,3,0,NULL,NULL,NULL,NULL,NULL,NULL,NULL,NULL,1,1,'116.87.42.88',NULL,NULL,NULL,NULL,'USD',1.0000,1.0000,NULL,NULL,560.0000,560.0000,560.0000,560.0000,1,0,NULL,NULL,0,NULL,NULL),(6,7,'2021-12-30 14:18:59','2021-12-30 14:20:08',NULL,1,0,0,3,8.0000,0,0.0000,0.0000,'USD','USD','USD',225.0000,225.0000,NULL,NULL,3,0,NULL,NULL,NULL,NULL,NULL,NULL,NULL,NULL,1,1,'116.87.42.88',NULL,NULL,NULL,NULL,'USD',1.0000,1.0000,NULL,NULL,180.0000,180.0000,180.0000,180.0000,1,0,NULL,NULL,0,NULL,NULL),(7,1,'2022-01-01 16:45:09','2022-01-01 16:45:09',NULL,1,1,0,1,1.0000,0,0.0000,0.0000,'USD','USD','USD',60.0000,60.0000,NULL,NULL,3,0,NULL,NULL,NULL,NULL,NULL,NULL,NULL,NULL,1,1,'119.74.164.56',NULL,NULL,NULL,NULL,'USD',1.0000,1.0000,NULL,NULL,60.0000,60.0000,60.0000,60.0000,1,0,NULL,NULL,0,NULL,NULL),(8,1,'2022-01-05 04:01:39','2022-01-05 05:02:40',NULL,1,1,0,1,3.0000,0,0.0000,0.0000,'USD','USD','USD',180.0000,180.0000,NULL,NULL,3,0,NULL,NULL,NULL,NULL,NULL,NULL,NULL,NULL,1,1,'119.74.164.56',NULL,NULL,NULL,NULL,'USD',1.0000,1.0000,NULL,NULL,180.0000,180.0000,180.0000,180.0000,1,0,NULL,NULL,0,NULL,NULL),(9,1,'2022-01-05 05:04:33','2022-01-05 05:04:33',NULL,1,0,0,0,0.0000,0,0.0000,0.0000,'USD','USD','USD',0.0000,0.0000,NULL,NULL,NULL,0,NULL,NULL,NULL,NULL,NULL,NULL,NULL,NULL,1,1,'3.87.223.156',NULL,NULL,NULL,NULL,'USD',1.0000,1.0000,NULL,NULL,0.0000,0.0000,0.0000,0.0000,1,0,NULL,NULL,0,NULL,NULL),(10,1,'2022-01-05 05:11:48','2022-01-05 05:11:48',NULL,1,0,0,0,0.0000,0,0.0000,0.0000,'USD','USD','USD',0.0000,0.0000,NULL,NULL,NULL,0,NULL,NULL,NULL,NULL,NULL,NULL,NULL,NULL,1,1,'18.237.182.242',NULL,NULL,NULL,NULL,'USD',1.0000,1.0000,NULL,NULL,0.0000,0.0000,0.0000,0.0000,1,0,NULL,NULL,0,NULL,NULL),(11,1,'2022-01-05 07:01:17','2022-01-05 07:01:17',NULL,1,1,0,1,1.0000,0,0.0000,0.0000,'USD','USD','USD',58.0000,58.0000,NULL,NULL,3,0,NULL,NULL,NULL,NULL,NULL,NULL,NULL,NULL,1,1,'119.74.164.56',NULL,NULL,NULL,NULL,'USD',1.0000,1.0000,NULL,NULL,58.0000,58.0000,58.0000,58.0000,1,0,NULL,NULL,0,NULL,NULL),(12,2,'2022-01-05 08:56:58','2022-01-05 09:44:28',NULL,1,1,0,4,4.0000,0,0.0000,0.0000,'USD','USD','GBP',117.7500,157.0000,NULL,NULL,3,0,NULL,NULL,NULL,NULL,NULL,NULL,NULL,NULL,1,1,'116.87.42.88',NULL,NULL,NULL,NULL,'USD',1.0000,0.7500,NULL,NULL,117.7500,157.0000,117.7500,157.0000,1,0,NULL,NULL,0,NULL,NULL),(13,2,'2022-01-05 11:11:25','2022-01-05 11:12:27',NULL,1,1,0,2,5.0000,0,0.0000,0.0000,'USD','USD','USD',296.0000,296.0000,NULL,NULL,3,0,NULL,NULL,NULL,NULL,NULL,NULL,NULL,NULL,1,1,'116.87.42.88',NULL,NULL,NULL,NULL,'USD',1.0000,1.0000,NULL,NULL,296.0000,296.0000,296.0000,296.0000,1,0,NULL,NULL,0,NULL,NULL),(14,2,'2022-01-05 11:55:36','2022-01-05 11:56:10',NULL,1,1,0,1,3.0000,0,0.0000,0.0000,'USD','USD','USD',174.0000,174.0000,NULL,NULL,3,0,NULL,NULL,NULL,NULL,NULL,NULL,NULL,NULL,1,1,'119.74.164.56',NULL,NULL,NULL,NULL,'USD',1.0000,1.0000,NULL,NULL,174.0000,174.0000,174.0000,174.0000,1,0,NULL,NULL,0,NULL,NULL),(15,2,'2022-01-05 12:14:14','2022-01-05 12:16:27',NULL,0,1,0,1,3.0000,0,0.0000,0.0000,'USD','USD','USD',174.0000,174.0000,'guest',NULL,3,0,'venkind.venkatesh@gmail.com',NULL,'Venkat',NULL,'test',NULL,NULL,NULL,1,1,'119.74.164.56',NULL,'2000000001',NULL,NULL,'USD',1.0000,1.0000,NULL,NULL,174.0000,174.0000,174.0000,174.0000,1,0,NULL,NULL,0,NULL,NULL),(16,2,'2022-01-05 12:16:30','2022-01-05 12:24:46',NULL,1,1,0,3,3.0000,0,0.0000,0.0000,'USD','USD','USD',173.0000,173.0000,NULL,3,3,1,'venkind.venkatesh@gmail.com',NULL,'Venkat',NULL,'test',NULL,NULL,NULL,1,0,'119.74.164.56',NULL,NULL,NULL,NULL,'USD',1.0000,1.0000,NULL,NULL,173.0000,173.0000,173.0000,173.0000,1,0,NULL,NULL,0,NULL,NULL),(17,2,'2022-01-05 12:35:54','2022-01-05 12:35:54',NULL,1,0,0,0,0.0000,0,0.0000,0.0000,'USD','USD','USD',0.0000,0.0000,NULL,NULL,NULL,0,NULL,NULL,NULL,NULL,NULL,NULL,NULL,NULL,1,1,'3.82.215.11',NULL,NULL,NULL,NULL,'USD',1.0000,1.0000,NULL,NULL,0.0000,0.0000,0.0000,0.0000,1,0,NULL,NULL,0,NULL,NULL),(18,2,'2022-01-06 14:37:51','2022-01-06 14:38:05',NULL,1,0,0,0,0.0000,0,0.0000,0.0000,'USD','USD','USD',0.0000,0.0000,NULL,NULL,3,0,NULL,NULL,NULL,NULL,NULL,NULL,NULL,NULL,1,1,'116.87.42.88',NULL,NULL,NULL,NULL,'USD',1.0000,1.0000,NULL,NULL,0.0000,0.0000,0.0000,0.0000,1,0,NULL,NULL,0,NULL,NULL),(19,2,'2022-01-06 14:45:54','2022-01-06 14:45:54',NULL,1,1,0,1,1.0000,0,0.0000,0.0000,'USD','USD','USD',90.0000,90.0000,NULL,NULL,3,0,NULL,NULL,NULL,NULL,NULL,NULL,NULL,NULL,1,1,'116.87.42.88',NULL,NULL,NULL,NULL,'USD',1.0000,1.0000,NULL,NULL,90.0000,90.0000,90.0000,90.0000,1,0,NULL,NULL,0,NULL,NULL),(20,2,'2022-01-06 14:46:00','2022-01-06 14:46:00',NULL,1,1,0,1,5.0000,0,0.0000,0.0000,'USD','USD','USD',450.0000,450.0000,NULL,NULL,3,0,NULL,NULL,NULL,NULL,NULL,NULL,NULL,NULL,1,1,'116.87.42.88',NULL,NULL,NULL,NULL,'USD',1.0000,1.0000,NULL,NULL,450.0000,450.0000,450.0000,450.0000,1,0,NULL,NULL,0,NULL,NULL),(21,2,'2022-01-06 14:46:02','2022-01-06 14:46:02',NULL,1,0,0,0,0.0000,0,0.0000,0.0000,'USD','USD','USD',0.0000,0.0000,NULL,NULL,NULL,0,NULL,NULL,NULL,NULL,NULL,NULL,NULL,NULL,1,1,'116.87.42.88',NULL,NULL,NULL,NULL,'USD',1.0000,1.0000,NULL,NULL,0.0000,0.0000,0.0000,0.0000,1,0,NULL,NULL,0,NULL,NULL),(22,2,'2022-01-06 14:46:03','2022-01-06 14:46:03',NULL,1,0,0,0,0.0000,0,0.0000,0.0000,'USD','USD','USD',0.0000,0.0000,NULL,NULL,NULL,0,NULL,NULL,NULL,NULL,NULL,NULL,NULL,NULL,1,1,'116.87.42.88',NULL,NULL,NULL,NULL,'USD',1.0000,1.0000,NULL,NULL,0.0000,0.0000,0.0000,0.0000,1,0,NULL,NULL,0,NULL,NULL),(23,2,'2022-01-06 19:38:24','2022-01-06 19:38:24',NULL,1,0,0,0,0.0000,0,0.0000,0.0000,'USD','USD','USD',0.0000,0.0000,NULL,NULL,NULL,0,NULL,NULL,NULL,NULL,NULL,NULL,NULL,NULL,1,1,'34.138.136.19',NULL,NULL,NULL,NULL,'USD',1.0000,1.0000,NULL,NULL,0.0000,0.0000,0.0000,0.0000,1,0,NULL,NULL,0,NULL,NULL),(24,2,'2022-01-06 22:31:50','2022-01-06 22:31:50',NULL,1,0,0,0,0.0000,0,0.0000,0.0000,'USD','USD','USD',0.0000,0.0000,NULL,NULL,NULL,0,NULL,NULL,NULL,NULL,NULL,NULL,NULL,NULL,1,1,'35.231.48.40',NULL,NULL,NULL,NULL,'USD',1.0000,1.0000,NULL,NULL,0.0000,0.0000,0.0000,0.0000,1,0,NULL,NULL,0,NULL,NULL),(25,2,'2022-01-07 15:05:47','2022-01-07 15:05:47',NULL,1,0,0,0,0.0000,0,0.0000,0.0000,'USD','USD','USD',0.0000,0.0000,NULL,NULL,NULL,0,NULL,NULL,NULL,NULL,NULL,NULL,NULL,NULL,1,1,'51.222.253.9',NULL,NULL,NULL,NULL,'USD',1.0000,1.0000,NULL,NULL,0.0000,0.0000,0.0000,0.0000,1,0,NULL,NULL,0,NULL,NULL),(26,2,'2022-01-07 22:28:08','2022-01-07 22:28:08',NULL,1,0,0,0,0.0000,0,0.0000,0.0000,'USD','USD','USD',0.0000,0.0000,NULL,NULL,NULL,0,NULL,NULL,NULL,NULL,NULL,NULL,NULL,NULL,1,1,'185.119.81.109',NULL,NULL,NULL,NULL,'USD',1.0000,1.0000,NULL,NULL,0.0000,0.0000,0.0000,0.0000,1,0,NULL,NULL,0,NULL,NULL),(27,2,'2022-01-08 04:45:19','2022-01-08 04:45:19',NULL,1,1,0,1,1.0000,0,0.0000,0.0000,'USD','USD','USD',90.0000,90.0000,NULL,NULL,3,0,NULL,NULL,NULL,NULL,NULL,NULL,NULL,NULL,1,1,'116.87.42.88',NULL,NULL,NULL,NULL,'USD',1.0000,1.0000,NULL,NULL,90.0000,90.0000,90.0000,90.0000,1,0,NULL,NULL,0,NULL,NULL),(28,2,'2022-01-08 04:45:26','2022-01-08 04:45:26',NULL,1,1,0,1,1.0000,0,0.0000,0.0000,'USD','USD','USD',60.0000,60.0000,NULL,NULL,3,0,NULL,NULL,NULL,NULL,NULL,NULL,NULL,NULL,1,1,'116.87.42.88',NULL,NULL,NULL,NULL,'USD',1.0000,1.0000,NULL,NULL,60.0000,60.0000,60.0000,60.0000,1,0,NULL,NULL,0,NULL,NULL),(29,2,'2022-01-08 04:45:28','2022-01-08 04:45:28',NULL,1,0,0,0,0.0000,0,0.0000,0.0000,'USD','USD','USD',0.0000,0.0000,NULL,NULL,NULL,0,NULL,NULL,NULL,NULL,NULL,NULL,NULL,NULL,1,1,'116.87.42.88',NULL,NULL,NULL,NULL,'USD',1.0000,1.0000,NULL,NULL,0.0000,0.0000,0.0000,0.0000,1,0,NULL,NULL,0,NULL,NULL),(30,2,'2022-01-08 04:45:30','2022-01-08 04:45:30',NULL,1,0,0,0,0.0000,0,0.0000,0.0000,'USD','USD','USD',0.0000,0.0000,NULL,NULL,NULL,0,NULL,NULL,NULL,NULL,NULL,NULL,NULL,NULL,1,1,'116.87.42.88',NULL,NULL,NULL,NULL,'USD',1.0000,1.0000,NULL,NULL,0.0000,0.0000,0.0000,0.0000,1,0,NULL,NULL,0,NULL,NULL),(31,2,'2022-01-08 04:45:44','2022-01-08 04:45:44',NULL,1,1,0,1,1.0000,0,0.0000,0.0000,'USD','USD','USD',90.0000,90.0000,NULL,NULL,3,0,NULL,NULL,NULL,NULL,NULL,NULL,NULL,NULL,1,1,'116.87.42.88',NULL,NULL,NULL,NULL,'USD',1.0000,1.0000,NULL,NULL,90.0000,90.0000,90.0000,90.0000,1,0,NULL,NULL,0,NULL,NULL),(32,2,'2022-01-08 04:45:46','2022-01-08 04:45:46',NULL,1,0,0,0,0.0000,0,0.0000,0.0000,'USD','USD','USD',0.0000,0.0000,NULL,NULL,NULL,0,NULL,NULL,NULL,NULL,NULL,NULL,NULL,NULL,1,1,'116.87.42.88',NULL,NULL,NULL,NULL,'USD',1.0000,1.0000,NULL,NULL,0.0000,0.0000,0.0000,0.0000,1,0,NULL,NULL,0,NULL,NULL),(33,2,'2022-01-08 04:45:47','2022-01-08 04:45:47',NULL,1,0,0,0,0.0000,0,0.0000,0.0000,'USD','USD','USD',0.0000,0.0000,NULL,NULL,NULL,0,NULL,NULL,NULL,NULL,NULL,NULL,NULL,NULL,1,1,'116.87.42.88',NULL,NULL,NULL,NULL,'USD',1.0000,1.0000,NULL,NULL,0.0000,0.0000,0.0000,0.0000,1,0,NULL,NULL,0,NULL,NULL),(34,2,'2022-01-08 04:52:26','2022-01-08 04:52:26',NULL,1,1,0,1,1.0000,0,0.0000,0.0000,'USD','USD','USD',90.0000,90.0000,NULL,NULL,3,0,NULL,NULL,NULL,NULL,NULL,NULL,NULL,NULL,1,1,'116.87.42.88',NULL,NULL,NULL,NULL,'USD',1.0000,1.0000,NULL,NULL,90.0000,90.0000,90.0000,90.0000,1,0,NULL,NULL,0,NULL,NULL),(35,2,'2022-01-08 04:52:27','2022-01-08 04:52:27',NULL,1,0,0,0,0.0000,0,0.0000,0.0000,'USD','USD','USD',0.0000,0.0000,NULL,NULL,NULL,0,NULL,NULL,NULL,NULL,NULL,NULL,NULL,NULL,1,1,'116.87.42.88',NULL,NULL,NULL,NULL,'USD',1.0000,1.0000,NULL,NULL,0.0000,0.0000,0.0000,0.0000,1,0,NULL,NULL,0,NULL,NULL),(36,2,'2022-01-08 04:52:28','2022-01-08 04:52:28',NULL,1,0,0,0,0.0000,0,0.0000,0.0000,'USD','USD','USD',0.0000,0.0000,NULL,NULL,NULL,0,NULL,NULL,NULL,NULL,NULL,NULL,NULL,NULL,1,1,'116.87.42.88',NULL,NULL,NULL,NULL,'USD',1.0000,1.0000,NULL,NULL,0.0000,0.0000,0.0000,0.0000,1,0,NULL,NULL,0,NULL,NULL),(37,2,'2022-01-08 04:52:50','2022-01-08 05:06:02',NULL,1,1,0,1,1.0000,0,0.0000,0.0000,'USD','USD','GBP',43.5000,58.0000,NULL,NULL,3,0,NULL,NULL,NULL,NULL,NULL,NULL,NULL,NULL,1,1,'119.74.164.56',NULL,NULL,NULL,NULL,'USD',1.0000,0.7500,NULL,NULL,43.5000,58.0000,43.5000,58.0000,1,0,NULL,NULL,0,NULL,NULL),(38,2,'2022-01-08 05:04:09','2022-01-08 05:04:09',NULL,1,1,0,1,1.0000,0,0.0000,0.0000,'USD','USD','USD',90.0000,90.0000,NULL,NULL,3,0,NULL,NULL,NULL,NULL,NULL,NULL,NULL,NULL,1,1,'116.87.42.88',NULL,NULL,NULL,NULL,'USD',1.0000,1.0000,NULL,NULL,90.0000,90.0000,90.0000,90.0000,1,0,NULL,NULL,0,NULL,NULL),(39,2,'2022-01-08 05:05:04','2022-01-08 05:05:04',NULL,1,1,0,1,1.0000,0,0.0000,0.0000,'USD','USD','USD',90.0000,90.0000,NULL,NULL,3,0,NULL,NULL,NULL,NULL,NULL,NULL,NULL,NULL,1,1,'116.87.42.88',NULL,NULL,NULL,NULL,'USD',1.0000,1.0000,NULL,NULL,90.0000,90.0000,90.0000,90.0000,1,0,NULL,NULL,0,NULL,NULL),(40,2,'2022-01-08 05:05:05','2022-01-08 05:05:05',NULL,1,0,0,0,0.0000,0,0.0000,0.0000,'USD','USD','USD',0.0000,0.0000,NULL,NULL,NULL,0,NULL,NULL,NULL,NULL,NULL,NULL,NULL,NULL,1,1,'116.87.42.88',NULL,NULL,NULL,NULL,'USD',1.0000,1.0000,NULL,NULL,0.0000,0.0000,0.0000,0.0000,1,0,NULL,NULL,0,NULL,NULL),(41,2,'2022-01-08 05:05:06','2022-01-08 05:05:06',NULL,1,0,0,0,0.0000,0,0.0000,0.0000,'USD','USD','USD',0.0000,0.0000,NULL,NULL,NULL,0,NULL,NULL,NULL,NULL,NULL,NULL,NULL,NULL,1,1,'116.87.42.88',NULL,NULL,NULL,NULL,'USD',1.0000,1.0000,NULL,NULL,0.0000,0.0000,0.0000,0.0000,1,0,NULL,NULL,0,NULL,NULL),(42,2,'2022-01-08 05:05:41','2022-01-08 05:05:41',NULL,1,1,0,1,1.0000,0,0.0000,0.0000,'USD','USD','USD',90.0000,90.0000,NULL,NULL,3,0,NULL,NULL,NULL,NULL,NULL,NULL,NULL,NULL,1,1,'116.87.42.88',NULL,NULL,NULL,NULL,'USD',1.0000,1.0000,NULL,NULL,90.0000,90.0000,90.0000,90.0000,1,0,NULL,NULL,0,NULL,NULL),(43,2,'2022-01-08 05:05:44','2022-01-08 05:05:44',NULL,1,0,0,0,0.0000,0,0.0000,0.0000,'USD','USD','USD',0.0000,0.0000,NULL,NULL,NULL,0,NULL,NULL,NULL,NULL,NULL,NULL,NULL,NULL,1,1,'116.87.42.88',NULL,NULL,NULL,NULL,'USD',1.0000,1.0000,NULL,NULL,0.0000,0.0000,0.0000,0.0000,1,0,NULL,NULL,0,NULL,NULL),(44,2,'2022-01-08 05:05:45','2022-01-08 05:05:45',NULL,1,0,0,0,0.0000,0,0.0000,0.0000,'USD','USD','USD',0.0000,0.0000,NULL,NULL,NULL,0,NULL,NULL,NULL,NULL,NULL,NULL,NULL,NULL,1,1,'116.87.42.88',NULL,NULL,NULL,NULL,'USD',1.0000,1.0000,NULL,NULL,0.0000,0.0000,0.0000,0.0000,1,0,NULL,NULL,0,NULL,NULL),(45,2,'2022-01-08 05:06:01','2022-01-08 05:08:05',NULL,0,1,0,1,1.0000,0,0.0000,0.0000,'USD','USD','USD',90.0000,90.0000,'guest',NULL,3,0,'pandees@gmail.com',NULL,'Pandeeswaran',NULL,'Natarajan',NULL,NULL,NULL,1,1,'116.87.42.88',NULL,'2000000002',NULL,NULL,'USD',1.0000,1.0000,NULL,NULL,90.0000,90.0000,90.0000,90.0000,1,0,NULL,NULL,0,NULL,NULL),(46,2,'2022-01-08 05:06:31','2022-01-08 05:06:31',NULL,1,1,0,1,1.0000,0,0.0000,0.0000,'USD','USD','USD',60.0000,60.0000,NULL,NULL,3,0,NULL,NULL,NULL,NULL,NULL,NULL,NULL,NULL,1,1,'165.225.112.163',NULL,NULL,NULL,NULL,'USD',1.0000,1.0000,NULL,NULL,60.0000,60.0000,60.0000,60.0000,1,0,NULL,NULL,0,NULL,NULL),(47,2,'2022-01-08 05:08:07','2022-01-08 05:08:07',NULL,1,0,0,0,0.0000,0,0.0000,0.0000,'USD','USD','USD',0.0000,0.0000,NULL,4,NULL,1,'pandees@gmail.com',NULL,'Pandeeswaran',NULL,'Natarajan',NULL,NULL,NULL,1,0,'116.87.42.88',NULL,NULL,NULL,NULL,'USD',1.0000,1.0000,NULL,NULL,0.0000,0.0000,0.0000,0.0000,1,0,NULL,NULL,0,NULL,NULL),(48,2,'2022-01-08 05:08:26','2022-01-08 05:08:26',NULL,1,0,0,0,0.0000,0,0.0000,0.0000,'USD','USD','USD',0.0000,0.0000,NULL,NULL,NULL,0,NULL,NULL,NULL,NULL,NULL,NULL,NULL,NULL,1,1,'54.82.65.204',NULL,NULL,NULL,NULL,'USD',1.0000,1.0000,NULL,NULL,0.0000,0.0000,0.0000,0.0000,1,0,NULL,NULL,0,NULL,NULL),(49,2,'2022-01-08 05:10:21','2022-01-08 05:10:21',NULL,1,1,0,1,1.0000,0,0.0000,0.0000,'USD','USD','USD',58.0000,58.0000,NULL,NULL,3,0,NULL,NULL,NULL,NULL,NULL,NULL,NULL,NULL,1,1,'157.49.228.229',NULL,NULL,NULL,NULL,'USD',1.0000,1.0000,NULL,NULL,58.0000,58.0000,58.0000,58.0000,1,0,NULL,NULL,0,NULL,NULL),(50,2,'2022-01-08 10:09:12','2022-01-08 10:09:12',NULL,1,0,0,0,0.0000,0,0.0000,0.0000,'USD','USD','USD',0.0000,0.0000,NULL,NULL,NULL,0,NULL,NULL,NULL,NULL,NULL,NULL,NULL,NULL,1,1,'54.209.60.63',NULL,NULL,NULL,NULL,'USD',1.0000,1.0000,NULL,NULL,0.0000,0.0000,0.0000,0.0000,1,0,NULL,NULL,0,NULL,NULL),(51,2,'2022-01-08 10:21:32','2022-01-08 10:21:32',NULL,1,0,0,0,0.0000,0,0.0000,0.0000,'USD','USD','USD',0.0000,0.0000,NULL,NULL,NULL,0,NULL,NULL,NULL,NULL,NULL,NULL,NULL,NULL,1,1,'54.86.66.252',NULL,NULL,NULL,NULL,'USD',1.0000,1.0000,NULL,NULL,0.0000,0.0000,0.0000,0.0000,1,0,NULL,NULL,0,NULL,NULL),(52,2,'2022-01-09 04:45:44','2022-01-09 04:45:44',NULL,1,0,0,0,0.0000,0,0.0000,0.0000,'USD','USD','USD',0.0000,0.0000,NULL,NULL,NULL,0,NULL,NULL,NULL,NULL,NULL,NULL,NULL,NULL,1,1,'34.74.229.138',NULL,NULL,NULL,NULL,'USD',1.0000,1.0000,NULL,NULL,0.0000,0.0000,0.0000,0.0000,1,0,NULL,NULL,0,NULL,NULL),(53,2,'2022-01-10 02:51:17','2022-01-10 02:51:17',NULL,1,0,0,0,0.0000,0,0.0000,0.0000,'USD','USD','USD',0.0000,0.0000,NULL,NULL,NULL,0,NULL,NULL,NULL,NULL,NULL,NULL,NULL,NULL,1,1,'114.119.135.204',NULL,NULL,NULL,NULL,'USD',1.0000,1.0000,NULL,NULL,0.0000,0.0000,0.0000,0.0000,1,0,NULL,NULL,0,NULL,NULL);

--
-- Table structure for table `quote_address`
--

CREATE TABLE `quote_address` (
  `address_id` int unsigned NOT NULL AUTO_INCREMENT COMMENT 'Address ID',
  `quote_id` int unsigned NOT NULL DEFAULT '0' COMMENT 'Quote ID',
  `created_at` timestamp NOT NULL DEFAULT CURRENT_TIMESTAMP COMMENT 'Created At',
  `updated_at` timestamp NOT NULL DEFAULT CURRENT_TIMESTAMP ON UPDATE CURRENT_TIMESTAMP COMMENT 'Updated At',
  `customer_id` int unsigned DEFAULT NULL COMMENT 'Customer ID',
  `save_in_address_book` smallint DEFAULT '0' COMMENT 'Save In Address Book',
  `customer_address_id` int unsigned DEFAULT NULL COMMENT 'Customer Address ID',
  `address_type` varchar(10) DEFAULT NULL COMMENT 'Address Type',
  `email` varchar(255) DEFAULT NULL COMMENT 'Email',
  `prefix` varchar(40) DEFAULT NULL COMMENT 'Prefix',
  `firstname` varchar(255) DEFAULT NULL,
  `middlename` varchar(40) DEFAULT NULL,
  `lastname` varchar(255) DEFAULT NULL,
  `suffix` varchar(40) DEFAULT NULL COMMENT 'Suffix',
  `company` varchar(255) DEFAULT NULL COMMENT 'Company',
  `street` varchar(255) DEFAULT NULL COMMENT 'Street',
  `city` varchar(255) DEFAULT NULL,
  `region` varchar(255) DEFAULT NULL,
  `region_id` int unsigned DEFAULT NULL COMMENT 'Region ID',
  `postcode` varchar(20) DEFAULT NULL COMMENT 'Postcode',
  `country_id` varchar(30) DEFAULT NULL COMMENT 'Country ID',
  `telephone` varchar(255) DEFAULT NULL,
  `fax` varchar(255) DEFAULT NULL,
  `same_as_billing` smallint unsigned NOT NULL DEFAULT '0' COMMENT 'Same As Billing',
  `collect_shipping_rates` smallint unsigned NOT NULL DEFAULT '0' COMMENT 'Collect Shipping Rates',
  `shipping_method` varchar(120) DEFAULT NULL,
  `shipping_description` varchar(255) DEFAULT NULL COMMENT 'Shipping Description',
  `weight` decimal(12,4) NOT NULL DEFAULT '0.0000' COMMENT 'Weight',
  `subtotal` decimal(20,4) NOT NULL DEFAULT '0.0000' COMMENT 'Subtotal',
  `base_subtotal` decimal(20,4) NOT NULL DEFAULT '0.0000' COMMENT 'Base Subtotal',
  `subtotal_with_discount` decimal(20,4) NOT NULL DEFAULT '0.0000' COMMENT 'Subtotal With Discount',
  `base_subtotal_with_discount` decimal(20,4) NOT NULL DEFAULT '0.0000' COMMENT 'Base Subtotal With Discount',
  `tax_amount` decimal(20,4) NOT NULL DEFAULT '0.0000' COMMENT 'Tax Amount',
  `base_tax_amount` decimal(20,4) NOT NULL DEFAULT '0.0000' COMMENT 'Base Tax Amount',
  `shipping_amount` decimal(20,4) NOT NULL DEFAULT '0.0000' COMMENT 'Shipping Amount',
  `base_shipping_amount` decimal(20,4) NOT NULL DEFAULT '0.0000' COMMENT 'Base Shipping Amount',
  `shipping_tax_amount` decimal(20,4) DEFAULT NULL COMMENT 'Shipping Tax Amount',
  `base_shipping_tax_amount` decimal(20,4) DEFAULT NULL COMMENT 'Base Shipping Tax Amount',
  `discount_amount` decimal(20,4) NOT NULL DEFAULT '0.0000' COMMENT 'Discount Amount',
  `base_discount_amount` decimal(20,4) NOT NULL DEFAULT '0.0000' COMMENT 'Base Discount Amount',
  `grand_total` decimal(20,4) NOT NULL DEFAULT '0.0000' COMMENT 'Grand Total',
  `base_grand_total` decimal(20,4) NOT NULL DEFAULT '0.0000' COMMENT 'Base Grand Total',
  `customer_notes` text COMMENT 'Customer Notes',
  `applied_taxes` text COMMENT 'Applied Taxes',
  `discount_description` varchar(255) DEFAULT NULL COMMENT 'Discount Description',
  `shipping_discount_amount` decimal(20,4) DEFAULT NULL COMMENT 'Shipping Discount Amount',
  `base_shipping_discount_amount` decimal(20,4) DEFAULT NULL COMMENT 'Base Shipping Discount Amount',
  `subtotal_incl_tax` decimal(20,4) DEFAULT NULL COMMENT 'Subtotal Incl Tax',
  `base_subtotal_total_incl_tax` decimal(20,4) DEFAULT NULL COMMENT 'Base Subtotal Total Incl Tax',
  `discount_tax_compensation_amount` decimal(20,4) DEFAULT NULL COMMENT 'Discount Tax Compensation Amount',
  `base_discount_tax_compensation_amount` decimal(20,4) DEFAULT NULL COMMENT 'Base Discount Tax Compensation Amount',
  `shipping_discount_tax_compensation_amount` decimal(20,4) DEFAULT NULL COMMENT 'Shipping Discount Tax Compensation Amount',
  `base_shipping_discount_tax_compensation_amnt` decimal(20,4) DEFAULT NULL COMMENT 'Base Shipping Discount Tax Compensation Amount',
  `shipping_incl_tax` decimal(20,4) DEFAULT NULL COMMENT 'Shipping Incl Tax',
  `base_shipping_incl_tax` decimal(20,4) DEFAULT NULL COMMENT 'Base Shipping Incl Tax',
  `vat_id` text COMMENT 'Vat ID',
  `vat_is_valid` smallint DEFAULT NULL COMMENT 'Vat Is Valid',
  `vat_request_id` text COMMENT 'Vat Request ID',
  `vat_request_date` text COMMENT 'Vat Request Date',
  `vat_request_success` smallint DEFAULT NULL COMMENT 'Vat Request Success',
  `validated_country_code` text COMMENT 'Validated Country Code',
  `validated_vat_number` text COMMENT 'Validated Vat Number',
  `gift_message_id` int DEFAULT NULL COMMENT 'Gift Message ID',
  `free_shipping` smallint unsigned NOT NULL DEFAULT '0' COMMENT 'Free Shipping',
  PRIMARY KEY (`address_id`),
  KEY `QUOTE_ADDRESS_QUOTE_ID` (`quote_id`),
  CONSTRAINT `QUOTE_ADDRESS_QUOTE_ID_QUOTE_ENTITY_ID` FOREIGN KEY (`quote_id`) REFERENCES `quote` (`entity_id`) ON DELETE CASCADE
) ENGINE=InnoDB AUTO_INCREMENT=87 DEFAULT CHARSET=utf8mb3 COMMENT='Sales Flat Quote Address';

--
-- Dumping data for table `quote_address`
--

INSERT INTO `quote_address` VALUES (2,1,'2021-12-27 01:57:43','2021-12-27 03:01:10',1,1,1,'shipping','agency1@gmail.com',NULL,'agency1',NULL,'dev',NULL,'dev','dev\ndev',NULL,'Federated States Of Micronesia',17,'12345','US','dev',NULL,0,0,'flatrate_flatrate','Flat Rate - Fixed',0.3000,9.0000,9.0000,9.0000,9.0000,0.0000,0.0000,5.0000,5.0000,0.0000,0.0000,0.0000,0.0000,14.0000,14.0000,NULL,'[]',NULL,0.0000,0.0000,9.0000,9.0000,0.0000,0.0000,0.0000,NULL,5.0000,5.0000,NULL,NULL,NULL,NULL,NULL,NULL,NULL,NULL,0),(3,1,'2021-12-27 03:01:11','2021-12-27 03:01:11',1,NULL,NULL,'billing','agency1@gmail.com',NULL,'agency1',NULL,'dev',NULL,'dev','dev\ndev',NULL,'Federated States Of Micronesia',17,'12345','US','dev',NULL,0,0,NULL,NULL,0.0000,0.0000,0.0000,0.0000,0.0000,0.0000,0.0000,0.0000,0.0000,0.0000,0.0000,0.0000,0.0000,0.0000,0.0000,NULL,'null',NULL,0.0000,0.0000,0.0000,NULL,0.0000,0.0000,0.0000,NULL,0.0000,0.0000,NULL,NULL,NULL,NULL,NULL,NULL,NULL,NULL,0),(4,2,'2021-12-27 03:02:09','2021-12-27 03:02:09',2,0,NULL,'billing','agency2@gmail.com',NULL,NULL,NULL,NULL,NULL,NULL,NULL,NULL,NULL,NULL,NULL,NULL,NULL,NULL,0,0,NULL,NULL,0.0000,0.0000,0.0000,0.0000,0.0000,0.0000,0.0000,0.0000,0.0000,0.0000,0.0000,0.0000,0.0000,0.0000,0.0000,NULL,'null',NULL,0.0000,0.0000,0.0000,NULL,0.0000,0.0000,0.0000,NULL,0.0000,0.0000,NULL,NULL,NULL,NULL,NULL,NULL,NULL,NULL,0),(5,2,'2021-12-27 03:02:09','2021-12-27 03:02:09',2,0,NULL,'shipping','agency2@gmail.com',NULL,NULL,NULL,NULL,NULL,NULL,NULL,NULL,NULL,NULL,NULL,NULL,NULL,NULL,1,0,NULL,NULL,0.0000,0.0000,0.0000,0.0000,0.0000,0.0000,0.0000,0.0000,0.0000,0.0000,0.0000,0.0000,0.0000,0.0000,0.0000,NULL,'null',NULL,0.0000,0.0000,0.0000,NULL,0.0000,0.0000,0.0000,NULL,0.0000,0.0000,NULL,NULL,NULL,NULL,NULL,NULL,NULL,NULL,0),(6,3,'2021-12-27 03:09:47','2021-12-27 03:09:47',1,0,NULL,'billing','agency1@gmail.com',NULL,NULL,NULL,NULL,NULL,NULL,NULL,NULL,NULL,NULL,NULL,NULL,NULL,NULL,0,0,NULL,NULL,0.0000,0.0000,0.0000,0.0000,0.0000,0.0000,0.0000,0.0000,0.0000,0.0000,0.0000,0.0000,0.0000,0.0000,0.0000,NULL,'null',NULL,0.0000,0.0000,0.0000,NULL,0.0000,0.0000,0.0000,NULL,0.0000,0.0000,NULL,NULL,NULL,NULL,NULL,NULL,NULL,NULL,0),(7,3,'2021-12-27 03:09:47','2021-12-27 03:09:47',1,0,NULL,'shipping','agency1@gmail.com',NULL,NULL,NULL,NULL,NULL,NULL,NULL,NULL,NULL,NULL,NULL,NULL,NULL,NULL,1,0,NULL,NULL,0.0000,0.0000,0.0000,0.0000,0.0000,0.0000,0.0000,0.0000,0.0000,0.0000,0.0000,0.0000,0.0000,0.0000,0.0000,NULL,'null',NULL,0.0000,0.0000,0.0000,NULL,0.0000,0.0000,0.0000,NULL,0.0000,0.0000,NULL,NULL,NULL,NULL,NULL,NULL,NULL,NULL,0),(8,4,'2021-12-28 13:38:09','2021-12-28 13:38:09',NULL,0,NULL,'billing',NULL,NULL,NULL,NULL,NULL,NULL,NULL,NULL,NULL,NULL,NULL,NULL,'US',NULL,NULL,0,0,NULL,NULL,0.0000,0.0000,0.0000,0.0000,0.0000,0.0000,0.0000,0.0000,0.0000,0.0000,0.0000,0.0000,0.0000,0.0000,0.0000,NULL,'null',NULL,0.0000,0.0000,0.0000,NULL,0.0000,0.0000,0.0000,NULL,0.0000,0.0000,NULL,NULL,NULL,NULL,NULL,NULL,NULL,NULL,0),(9,4,'2021-12-28 13:38:09','2021-12-28 13:38:31',NULL,0,NULL,'shipping',NULL,NULL,NULL,NULL,NULL,NULL,NULL,NULL,NULL,NULL,NULL,NULL,'US',NULL,NULL,0,0,'flatrate_flatrate','Flat Rate - Fixed',0.3000,20.0000,20.0000,20.0000,20.0000,0.0000,0.0000,5.0000,5.0000,0.0000,0.0000,0.0000,0.0000,25.0000,25.0000,NULL,'[]',NULL,0.0000,0.0000,20.0000,20.0000,0.0000,0.0000,0.0000,NULL,5.0000,5.0000,NULL,NULL,NULL,NULL,NULL,NULL,NULL,NULL,0),(10,5,'2021-12-28 14:11:47','2021-12-28 14:11:47',NULL,0,NULL,'billing',NULL,NULL,NULL,NULL,NULL,NULL,NULL,NULL,NULL,NULL,NULL,NULL,'US',NULL,NULL,0,0,NULL,NULL,0.0000,0.0000,0.0000,0.0000,0.0000,0.0000,0.0000,0.0000,0.0000,0.0000,0.0000,0.0000,0.0000,0.0000,0.0000,NULL,'null',NULL,0.0000,0.0000,0.0000,NULL,0.0000,0.0000,0.0000,NULL,0.0000,0.0000,NULL,NULL,NULL,NULL,NULL,NULL,NULL,NULL,0),(11,5,'2021-12-28 14:11:47','2021-12-28 15:23:39',NULL,0,NULL,'shipping',NULL,NULL,NULL,NULL,NULL,NULL,NULL,NULL,NULL,NULL,NULL,NULL,'US',NULL,NULL,0,0,'flatrate_flatrate','Flat Rate - Fixed',0.3000,560.0000,560.0000,560.0000,560.0000,0.0000,0.0000,10.0000,10.0000,0.0000,0.0000,0.0000,0.0000,570.0000,570.0000,NULL,'[]',NULL,0.0000,0.0000,560.0000,560.0000,0.0000,0.0000,0.0000,NULL,10.0000,10.0000,NULL,NULL,NULL,NULL,NULL,NULL,NULL,NULL,0),(12,6,'2021-12-30 14:18:59','2021-12-30 14:18:59',NULL,0,NULL,'billing',NULL,NULL,NULL,NULL,NULL,NULL,NULL,NULL,NULL,NULL,NULL,NULL,'US',NULL,NULL,0,0,NULL,NULL,0.0000,0.0000,0.0000,0.0000,0.0000,0.0000,0.0000,0.0000,0.0000,0.0000,0.0000,0.0000,0.0000,0.0000,0.0000,NULL,'null',NULL,0.0000,0.0000,0.0000,NULL,0.0000,0.0000,0.0000,NULL,0.0000,0.0000,NULL,NULL,NULL,NULL,NULL,NULL,NULL,NULL,0),(13,6,'2021-12-30 14:18:59','2021-12-30 14:20:31',NULL,0,NULL,'shipping',NULL,NULL,NULL,NULL,NULL,NULL,NULL,NULL,NULL,NULL,NULL,NULL,'US',NULL,NULL,0,0,'flatrate_flatrate','Flat Rate - Fixed',2.7000,180.0000,180.0000,180.0000,180.0000,0.0000,0.0000,45.0000,45.0000,0.0000,0.0000,0.0000,0.0000,225.0000,225.0000,NULL,'[]',NULL,0.0000,0.0000,180.0000,180.0000,0.0000,0.0000,0.0000,NULL,45.0000,45.0000,NULL,NULL,NULL,NULL,NULL,NULL,NULL,NULL,0),(14,7,'2022-01-01 16:45:09','2022-01-01 16:45:09',NULL,0,NULL,'billing',NULL,NULL,NULL,NULL,NULL,NULL,NULL,NULL,NULL,NULL,NULL,NULL,NULL,NULL,NULL,0,0,NULL,NULL,0.0000,60.0000,60.0000,60.0000,60.0000,0.0000,0.0000,0.0000,0.0000,0.0000,0.0000,0.0000,0.0000,60.0000,60.0000,NULL,'[]',NULL,0.0000,0.0000,60.0000,60.0000,0.0000,0.0000,0.0000,NULL,0.0000,0.0000,NULL,NULL,NULL,NULL,NULL,NULL,NULL,NULL,0),(15,7,'2022-01-01 16:45:09','2022-01-01 16:45:09',NULL,0,NULL,'shipping',NULL,NULL,NULL,NULL,NULL,NULL,NULL,NULL,NULL,NULL,NULL,NULL,NULL,NULL,NULL,1,1,NULL,NULL,0.0000,0.0000,0.0000,0.0000,0.0000,0.0000,0.0000,0.0000,0.0000,0.0000,0.0000,0.0000,0.0000,0.0000,0.0000,NULL,'null',NULL,0.0000,0.0000,0.0000,NULL,0.0000,0.0000,0.0000,NULL,0.0000,0.0000,NULL,NULL,NULL,NULL,NULL,NULL,NULL,NULL,0),(16,8,'2022-01-05 04:01:39','2022-01-05 04:01:39',NULL,0,NULL,'billing',NULL,NULL,NULL,NULL,NULL,NULL,NULL,NULL,NULL,NULL,NULL,NULL,NULL,NULL,NULL,0,0,NULL,NULL,0.0000,180.0000,180.0000,180.0000,180.0000,0.0000,0.0000,0.0000,0.0000,0.0000,0.0000,0.0000,0.0000,180.0000,180.0000,NULL,'[]',NULL,0.0000,0.0000,180.0000,180.0000,0.0000,0.0000,0.0000,NULL,0.0000,0.0000,NULL,NULL,NULL,NULL,NULL,NULL,NULL,NULL,0),(17,8,'2022-01-05 04:01:39','2022-01-05 04:01:39',NULL,0,NULL,'shipping',NULL,NULL,NULL,NULL,NULL,NULL,NULL,NULL,NULL,NULL,NULL,NULL,NULL,NULL,NULL,1,1,NULL,NULL,0.0000,0.0000,0.0000,0.0000,0.0000,0.0000,0.0000,0.0000,0.0000,0.0000,0.0000,0.0000,0.0000,0.0000,0.0000,NULL,'null',NULL,0.0000,0.0000,0.0000,NULL,0.0000,0.0000,0.0000,NULL,0.0000,0.0000,NULL,NULL,NULL,NULL,NULL,NULL,NULL,NULL,0),(18,9,'2022-01-05 05:04:33','2022-01-05 05:04:33',NULL,0,NULL,'shipping',NULL,NULL,NULL,NULL,NULL,NULL,NULL,NULL,NULL,NULL,NULL,NULL,NULL,NULL,NULL,1,0,NULL,NULL,0.0000,0.0000,0.0000,0.0000,0.0000,0.0000,0.0000,0.0000,0.0000,NULL,NULL,0.0000,0.0000,0.0000,0.0000,NULL,NULL,NULL,NULL,NULL,NULL,NULL,NULL,NULL,NULL,NULL,NULL,NULL,NULL,NULL,NULL,NULL,NULL,NULL,NULL,NULL,0),(19,10,'2022-01-05 05:11:48','2022-01-05 05:11:48',NULL,0,NULL,'shipping',NULL,NULL,NULL,NULL,NULL,NULL,NULL,NULL,NULL,NULL,NULL,NULL,NULL,NULL,NULL,1,0,NULL,NULL,0.0000,0.0000,0.0000,0.0000,0.0000,0.0000,0.0000,0.0000,0.0000,NULL,NULL,0.0000,0.0000,0.0000,0.0000,NULL,NULL,NULL,NULL,NULL,NULL,NULL,NULL,NULL,NULL,NULL,NULL,NULL,NULL,NULL,NULL,NULL,NULL,NULL,NULL,NULL,0),(20,11,'2022-01-05 07:01:17','2022-01-05 07:01:17',NULL,0,NULL,'billing',NULL,NULL,NULL,NULL,NULL,NULL,NULL,NULL,NULL,NULL,NULL,NULL,NULL,NULL,NULL,0,0,NULL,NULL,0.0000,58.0000,58.0000,58.0000,58.0000,0.0000,0.0000,0.0000,0.0000,0.0000,0.0000,0.0000,0.0000,58.0000,58.0000,NULL,'[]',NULL,0.0000,0.0000,58.0000,58.0000,0.0000,0.0000,0.0000,NULL,0.0000,0.0000,NULL,NULL,NULL,NULL,NULL,NULL,NULL,NULL,0),(21,11,'2022-01-05 07:01:17','2022-01-05 07:01:17',NULL,0,NULL,'shipping',NULL,NULL,NULL,NULL,NULL,NULL,NULL,NULL,NULL,NULL,NULL,NULL,NULL,NULL,NULL,1,1,NULL,NULL,0.0000,0.0000,0.0000,0.0000,0.0000,0.0000,0.0000,0.0000,0.0000,0.0000,0.0000,0.0000,0.0000,0.0000,0.0000,NULL,'null',NULL,0.0000,0.0000,0.0000,NULL,0.0000,0.0000,0.0000,NULL,0.0000,0.0000,NULL,NULL,NULL,NULL,NULL,NULL,NULL,NULL,0),(22,12,'2022-01-05 08:56:58','2022-01-05 08:56:58',NULL,0,NULL,'billing',NULL,NULL,NULL,NULL,NULL,NULL,NULL,NULL,NULL,NULL,NULL,NULL,NULL,NULL,NULL,0,0,NULL,NULL,0.0000,117.7500,157.0000,117.7500,157.0000,0.0000,0.0000,0.0000,0.0000,0.0000,0.0000,0.0000,0.0000,117.7500,157.0000,NULL,'[]',NULL,0.0000,0.0000,117.7500,157.0000,0.0000,0.0000,0.0000,NULL,0.0000,0.0000,NULL,NULL,NULL,NULL,NULL,NULL,NULL,NULL,0),(23,12,'2022-01-05 08:56:58','2022-01-05 08:56:58',NULL,0,NULL,'shipping',NULL,NULL,NULL,NULL,NULL,NULL,NULL,NULL,NULL,NULL,NULL,NULL,NULL,NULL,NULL,1,1,NULL,NULL,0.0000,0.0000,0.0000,0.0000,0.0000,0.0000,0.0000,0.0000,0.0000,0.0000,0.0000,0.0000,0.0000,0.0000,0.0000,NULL,'null',NULL,0.0000,0.0000,0.0000,NULL,0.0000,0.0000,0.0000,NULL,0.0000,0.0000,NULL,NULL,NULL,NULL,NULL,NULL,NULL,NULL,0),(24,13,'2022-01-05 11:11:25','2022-01-05 11:11:25',NULL,0,NULL,'billing',NULL,NULL,NULL,NULL,NULL,NULL,NULL,NULL,NULL,NULL,NULL,NULL,NULL,NULL,NULL,0,0,NULL,NULL,0.0000,296.0000,296.0000,296.0000,296.0000,0.0000,0.0000,0.0000,0.0000,0.0000,0.0000,0.0000,0.0000,296.0000,296.0000,NULL,'[]',NULL,0.0000,0.0000,296.0000,296.0000,0.0000,0.0000,0.0000,NULL,0.0000,0.0000,NULL,NULL,NULL,NULL,NULL,NULL,NULL,NULL,0),(25,13,'2022-01-05 11:11:25','2022-01-05 11:11:25',NULL,0,NULL,'shipping',NULL,NULL,NULL,NULL,NULL,NULL,NULL,NULL,NULL,NULL,NULL,NULL,NULL,NULL,NULL,1,1,NULL,NULL,0.0000,0.0000,0.0000,0.0000,0.0000,0.0000,0.0000,0.0000,0.0000,0.0000,0.0000,0.0000,0.0000,0.0000,0.0000,NULL,'null',NULL,0.0000,0.0000,0.0000,NULL,0.0000,0.0000,0.0000,NULL,0.0000,0.0000,NULL,NULL,NULL,NULL,NULL,NULL,NULL,NULL,0),(26,14,'2022-01-05 11:55:36','2022-01-05 11:55:36',NULL,0,NULL,'billing',NULL,NULL,NULL,NULL,NULL,NULL,NULL,NULL,NULL,NULL,NULL,NULL,NULL,NULL,NULL,0,0,NULL,NULL,0.0000,174.0000,174.0000,174.0000,174.0000,0.0000,0.0000,0.0000,0.0000,0.0000,0.0000,0.0000,0.0000,174.0000,174.0000,NULL,'[]',NULL,0.0000,0.0000,174.0000,174.0000,0.0000,0.0000,0.0000,NULL,0.0000,0.0000,NULL,NULL,NULL,NULL,NULL,NULL,NULL,NULL,0),(27,14,'2022-01-05 11:55:36','2022-01-05 11:55:36',NULL,0,NULL,'shipping',NULL,NULL,NULL,NULL,NULL,NULL,NULL,NULL,NULL,NULL,NULL,NULL,NULL,NULL,NULL,1,1,NULL,NULL,0.0000,0.0000,0.0000,0.0000,0.0000,0.0000,0.0000,0.0000,0.0000,0.0000,0.0000,0.0000,0.0000,0.0000,0.0000,NULL,'null',NULL,0.0000,0.0000,0.0000,NULL,0.0000,0.0000,0.0000,NULL,0.0000,0.0000,NULL,NULL,NULL,NULL,NULL,NULL,NULL,NULL,0),(29,15,'2022-01-05 12:14:14','2022-01-05 12:14:14',NULL,0,NULL,'shipping',NULL,NULL,NULL,NULL,NULL,NULL,NULL,NULL,NULL,NULL,NULL,NULL,NULL,NULL,NULL,0,1,NULL,NULL,0.0000,0.0000,0.0000,0.0000,0.0000,0.0000,0.0000,0.0000,0.0000,0.0000,0.0000,0.0000,0.0000,0.0000,0.0000,NULL,'null',NULL,0.0000,0.0000,0.0000,NULL,0.0000,0.0000,0.0000,NULL,0.0000,0.0000,NULL,NULL,NULL,NULL,NULL,NULL,NULL,NULL,0),(31,15,'2022-01-05 12:16:23','2022-01-05 12:16:23',NULL,1,NULL,'billing','venkind.venkatesh@gmail.com',NULL,'Venkat',NULL,'test',NULL,NULL,'Test address',NULL,'Singapore',NULL,'123456','SG','98123122',NULL,0,0,NULL,NULL,0.0000,174.0000,174.0000,174.0000,174.0000,0.0000,0.0000,0.0000,0.0000,0.0000,0.0000,0.0000,0.0000,174.0000,174.0000,NULL,'[]',NULL,0.0000,0.0000,174.0000,174.0000,0.0000,0.0000,0.0000,NULL,0.0000,0.0000,NULL,NULL,NULL,NULL,NULL,NULL,NULL,NULL,0),(32,16,'2022-01-05 12:16:30','2022-01-05 12:16:30',3,0,NULL,'shipping','venkind.venkatesh@gmail.com',NULL,NULL,NULL,NULL,NULL,NULL,NULL,NULL,NULL,NULL,NULL,NULL,NULL,NULL,1,1,NULL,NULL,0.0000,0.0000,0.0000,0.0000,0.0000,0.0000,0.0000,0.0000,0.0000,0.0000,0.0000,0.0000,0.0000,0.0000,0.0000,NULL,'null',NULL,0.0000,0.0000,0.0000,NULL,0.0000,0.0000,0.0000,NULL,0.0000,0.0000,NULL,NULL,NULL,NULL,NULL,NULL,NULL,NULL,0),(33,16,'2022-01-05 12:23:44','2022-01-05 12:23:44',3,0,NULL,'billing','venkind.venkatesh@gmail.com',NULL,NULL,NULL,NULL,NULL,NULL,NULL,NULL,NULL,NULL,NULL,NULL,NULL,NULL,0,0,NULL,NULL,0.0000,173.0000,173.0000,173.0000,173.0000,0.0000,0.0000,0.0000,0.0000,0.0000,0.0000,0.0000,0.0000,173.0000,173.0000,NULL,'[]',NULL,0.0000,0.0000,173.0000,173.0000,0.0000,0.0000,0.0000,NULL,0.0000,0.0000,NULL,NULL,NULL,NULL,NULL,NULL,NULL,NULL,0),(34,17,'2022-01-05 12:35:54','2022-01-05 12:35:54',NULL,0,NULL,'shipping',NULL,NULL,NULL,NULL,NULL,NULL,NULL,NULL,NULL,NULL,NULL,NULL,NULL,NULL,NULL,1,0,NULL,NULL,0.0000,0.0000,0.0000,0.0000,0.0000,0.0000,0.0000,0.0000,0.0000,NULL,NULL,0.0000,0.0000,0.0000,0.0000,NULL,NULL,NULL,NULL,NULL,NULL,NULL,NULL,NULL,NULL,NULL,NULL,NULL,NULL,NULL,NULL,NULL,NULL,NULL,NULL,NULL,0),(35,18,'2022-01-06 14:37:51','2022-01-06 14:37:51',NULL,0,NULL,'billing',NULL,NULL,NULL,NULL,NULL,NULL,NULL,NULL,NULL,NULL,NULL,NULL,NULL,NULL,NULL,0,0,NULL,NULL,0.0000,0.0000,0.0000,0.0000,0.0000,0.0000,0.0000,0.0000,0.0000,0.0000,0.0000,0.0000,0.0000,0.0000,0.0000,NULL,'null',NULL,0.0000,0.0000,0.0000,90.0000,0.0000,0.0000,0.0000,NULL,0.0000,0.0000,NULL,NULL,NULL,NULL,NULL,NULL,NULL,NULL,0),(36,18,'2022-01-06 14:37:51','2022-01-06 14:37:51',NULL,0,NULL,'shipping',NULL,NULL,NULL,NULL,NULL,NULL,NULL,NULL,NULL,NULL,NULL,NULL,NULL,NULL,NULL,1,1,NULL,NULL,0.0000,0.0000,0.0000,0.0000,0.0000,0.0000,0.0000,0.0000,0.0000,0.0000,0.0000,0.0000,0.0000,0.0000,0.0000,NULL,'null',NULL,0.0000,0.0000,0.0000,NULL,0.0000,0.0000,0.0000,NULL,0.0000,0.0000,NULL,NULL,NULL,NULL,NULL,NULL,NULL,NULL,0),(37,19,'2022-01-06 14:45:54','2022-01-06 14:45:54',NULL,0,NULL,'billing',NULL,NULL,NULL,NULL,NULL,NULL,NULL,NULL,NULL,NULL,NULL,NULL,NULL,NULL,NULL,0,0,NULL,NULL,0.0000,90.0000,90.0000,90.0000,90.0000,0.0000,0.0000,0.0000,0.0000,0.0000,0.0000,0.0000,0.0000,90.0000,90.0000,NULL,'[]',NULL,0.0000,0.0000,90.0000,90.0000,0.0000,0.0000,0.0000,NULL,0.0000,0.0000,NULL,NULL,NULL,NULL,NULL,NULL,NULL,NULL,0),(38,19,'2022-01-06 14:45:54','2022-01-06 14:45:54',NULL,0,NULL,'shipping',NULL,NULL,NULL,NULL,NULL,NULL,NULL,NULL,NULL,NULL,NULL,NULL,NULL,NULL,NULL,1,1,NULL,NULL,0.0000,0.0000,0.0000,0.0000,0.0000,0.0000,0.0000,0.0000,0.0000,0.0000,0.0000,0.0000,0.0000,0.0000,0.0000,NULL,'null',NULL,0.0000,0.0000,0.0000,NULL,0.0000,0.0000,0.0000,NULL,0.0000,0.0000,NULL,NULL,NULL,NULL,NULL,NULL,NULL,NULL,0),(39,20,'2022-01-06 14:46:00','2022-01-06 14:46:00',NULL,0,NULL,'billing',NULL,NULL,NULL,NULL,NULL,NULL,NULL,NULL,NULL,NULL,NULL,NULL,NULL,NULL,NULL,0,0,NULL,NULL,0.0000,450.0000,450.0000,450.0000,450.0000,0.0000,0.0000,0.0000,0.0000,0.0000,0.0000,0.0000,0.0000,450.0000,450.0000,NULL,'[]',NULL,0.0000,0.0000,450.0000,450.0000,0.0000,0.0000,0.0000,NULL,0.0000,0.0000,NULL,NULL,NULL,NULL,NULL,NULL,NULL,NULL,0),(40,20,'2022-01-06 14:46:00','2022-01-06 14:46:00',NULL,0,NULL,'shipping',NULL,NULL,NULL,NULL,NULL,NULL,NULL,NULL,NULL,NULL,NULL,NULL,NULL,NULL,NULL,1,1,NULL,NULL,0.0000,0.0000,0.0000,0.0000,0.0000,0.0000,0.0000,0.0000,0.0000,0.0000,0.0000,0.0000,0.0000,0.0000,0.0000,NULL,'null',NULL,0.0000,0.0000,0.0000,NULL,0.0000,0.0000,0.0000,NULL,0.0000,0.0000,NULL,NULL,NULL,NULL,NULL,NULL,NULL,NULL,0),(41,21,'2022-01-06 14:46:02','2022-01-06 14:46:02',NULL,0,NULL,'shipping',NULL,NULL,NULL,NULL,NULL,NULL,NULL,NULL,NULL,NULL,NULL,NULL,NULL,NULL,NULL,1,0,NULL,NULL,0.0000,0.0000,0.0000,0.0000,0.0000,0.0000,0.0000,0.0000,0.0000,NULL,NULL,0.0000,0.0000,0.0000,0.0000,NULL,NULL,NULL,NULL,NULL,NULL,NULL,NULL,NULL,NULL,NULL,NULL,NULL,NULL,NULL,NULL,NULL,NULL,NULL,NULL,NULL,0),(42,22,'2022-01-06 14:46:03','2022-01-06 14:46:03',NULL,0,NULL,'shipping',NULL,NULL,NULL,NULL,NULL,NULL,NULL,NULL,NULL,NULL,NULL,NULL,NULL,NULL,NULL,1,0,NULL,NULL,0.0000,0.0000,0.0000,0.0000,0.0000,0.0000,0.0000,0.0000,0.0000,NULL,NULL,0.0000,0.0000,0.0000,0.0000,NULL,NULL,NULL,NULL,NULL,NULL,NULL,NULL,NULL,NULL,NULL,NULL,NULL,NULL,NULL,NULL,NULL,NULL,NULL,NULL,NULL,0),(43,23,'2022-01-06 19:38:24','2022-01-06 19:38:24',NULL,0,NULL,'shipping',NULL,NULL,NULL,NULL,NULL,NULL,NULL,NULL,NULL,NULL,NULL,NULL,NULL,NULL,NULL,1,0,NULL,NULL,0.0000,0.0000,0.0000,0.0000,0.0000,0.0000,0.0000,0.0000,0.0000,NULL,NULL,0.0000,0.0000,0.0000,0.0000,NULL,NULL,NULL,NULL,NULL,NULL,NULL,NULL,NULL,NULL,NULL,NULL,NULL,NULL,NULL,NULL,NULL,NULL,NULL,NULL,NULL,0),(44,24,'2022-01-06 22:31:50','2022-01-06 22:31:50',NULL,0,NULL,'shipping',NULL,NULL,NULL,NULL,NULL,NULL,NULL,NULL,NULL,NULL,NULL,NULL,NULL,NULL,NULL,1,0,NULL,NULL,0.0000,0.0000,0.0000,0.0000,0.0000,0.0000,0.0000,0.0000,0.0000,NULL,NULL,0.0000,0.0000,0.0000,0.0000,NULL,NULL,NULL,NULL,NULL,NULL,NULL,NULL,NULL,NULL,NULL,NULL,NULL,NULL,NULL,NULL,NULL,NULL,NULL,NULL,NULL,0),(45,25,'2022-01-07 15:05:47','2022-01-07 15:05:47',NULL,0,NULL,'shipping',NULL,NULL,NULL,NULL,NULL,NULL,NULL,NULL,NULL,NULL,NULL,NULL,NULL,NULL,NULL,1,0,NULL,NULL,0.0000,0.0000,0.0000,0.0000,0.0000,0.0000,0.0000,0.0000,0.0000,NULL,NULL,0.0000,0.0000,0.0000,0.0000,NULL,NULL,NULL,NULL,NULL,NULL,NULL,NULL,NULL,NULL,NULL,NULL,NULL,NULL,NULL,NULL,NULL,NULL,NULL,NULL,NULL,0),(46,26,'2022-01-07 22:28:08','2022-01-07 22:28:08',NULL,0,NULL,'shipping',NULL,NULL,NULL,NULL,NULL,NULL,NULL,NULL,NULL,NULL,NULL,NULL,NULL,NULL,NULL,1,0,NULL,NULL,0.0000,0.0000,0.0000,0.0000,0.0000,0.0000,0.0000,0.0000,0.0000,NULL,NULL,0.0000,0.0000,0.0000,0.0000,NULL,NULL,NULL,NULL,NULL,NULL,NULL,NULL,NULL,NULL,NULL,NULL,NULL,NULL,NULL,NULL,NULL,NULL,NULL,NULL,NULL,0),(47,27,'2022-01-08 04:45:19','2022-01-08 04:45:19',NULL,0,NULL,'billing',NULL,NULL,NULL,NULL,NULL,NULL,NULL,NULL,NULL,NULL,NULL,NULL,NULL,NULL,NULL,0,0,NULL,NULL,0.0000,90.0000,90.0000,90.0000,90.0000,0.0000,0.0000,0.0000,0.0000,0.0000,0.0000,0.0000,0.0000,90.0000,90.0000,NULL,'[]',NULL,0.0000,0.0000,90.0000,90.0000,0.0000,0.0000,0.0000,NULL,0.0000,0.0000,NULL,NULL,NULL,NULL,NULL,NULL,NULL,NULL,0),(48,27,'2022-01-08 04:45:19','2022-01-08 04:45:19',NULL,0,NULL,'shipping',NULL,NULL,NULL,NULL,NULL,NULL,NULL,NULL,NULL,NULL,NULL,NULL,NULL,NULL,NULL,1,1,NULL,NULL,0.0000,0.0000,0.0000,0.0000,0.0000,0.0000,0.0000,0.0000,0.0000,0.0000,0.0000,0.0000,0.0000,0.0000,0.0000,NULL,'null',NULL,0.0000,0.0000,0.0000,NULL,0.0000,0.0000,0.0000,NULL,0.0000,0.0000,NULL,NULL,NULL,NULL,NULL,NULL,NULL,NULL,0),(49,28,'2022-01-08 04:45:26','2022-01-08 04:45:26',NULL,0,NULL,'billing',NULL,NULL,NULL,NULL,NULL,NULL,NULL,NULL,NULL,NULL,NULL,NULL,NULL,NULL,NULL,0,0,NULL,NULL,0.0000,60.0000,60.0000,60.0000,60.0000,0.0000,0.0000,0.0000,0.0000,0.0000,0.0000,0.0000,0.0000,60.0000,60.0000,NULL,'[]',NULL,0.0000,0.0000,60.0000,60.0000,0.0000,0.0000,0.0000,NULL,0.0000,0.0000,NULL,NULL,NULL,NULL,NULL,NULL,NULL,NULL,0),(50,28,'2022-01-08 04:45:26','2022-01-08 04:45:26',NULL,0,NULL,'shipping',NULL,NULL,NULL,NULL,NULL,NULL,NULL,NULL,NULL,NULL,NULL,NULL,NULL,NULL,NULL,1,1,NULL,NULL,0.0000,0.0000,0.0000,0.0000,0.0000,0.0000,0.0000,0.0000,0.0000,0.0000,0.0000,0.0000,0.0000,0.0000,0.0000,NULL,'null',NULL,0.0000,0.0000,0.0000,NULL,0.0000,0.0000,0.0000,NULL,0.0000,0.0000,NULL,NULL,NULL,NULL,NULL,NULL,NULL,NULL,0),(51,29,'2022-01-08 04:45:28','2022-01-08 04:45:28',NULL,0,NULL,'shipping',NULL,NULL,NULL,NULL,NULL,NULL,NULL,NULL,NULL,NULL,NULL,NULL,NULL,NULL,NULL,1,0,NULL,NULL,0.0000,0.0000,0.0000,0.0000,0.0000,0.0000,0.0000,0.0000,0.0000,NULL,NULL,0.0000,0.0000,0.0000,0.0000,NULL,NULL,NULL,NULL,NULL,NULL,NULL,NULL,NULL,NULL,NULL,NULL,NULL,NULL,NULL,NULL,NULL,NULL,NULL,NULL,NULL,0),(52,30,'2022-01-08 04:45:30','2022-01-08 04:45:30',NULL,0,NULL,'shipping',NULL,NULL,NULL,NULL,NULL,NULL,NULL,NULL,NULL,NULL,NULL,NULL,NULL,NULL,NULL,1,0,NULL,NULL,0.0000,0.0000,0.0000,0.0000,0.0000,0.0000,0.0000,0.0000,0.0000,NULL,NULL,0.0000,0.0000,0.0000,0.0000,NULL,NULL,NULL,NULL,NULL,NULL,NULL,NULL,NULL,NULL,NULL,NULL,NULL,NULL,NULL,NULL,NULL,NULL,NULL,NULL,NULL,0),(53,31,'2022-01-08 04:45:44','2022-01-08 04:45:44',NULL,0,NULL,'billing',NULL,NULL,NULL,NULL,NULL,NULL,NULL,NULL,NULL,NULL,NULL,NULL,NULL,NULL,NULL,0,0,NULL,NULL,0.0000,90.0000,90.0000,90.0000,90.0000,0.0000,0.0000,0.0000,0.0000,0.0000,0.0000,0.0000,0.0000,90.0000,90.0000,NULL,'[]',NULL,0.0000,0.0000,90.0000,90.0000,0.0000,0.0000,0.0000,NULL,0.0000,0.0000,NULL,NULL,NULL,NULL,NULL,NULL,NULL,NULL,0),(54,31,'2022-01-08 04:45:44','2022-01-08 04:45:44',NULL,0,NULL,'shipping',NULL,NULL,NULL,NULL,NULL,NULL,NULL,NULL,NULL,NULL,NULL,NULL,NULL,NULL,NULL,1,1,NULL,NULL,0.0000,0.0000,0.0000,0.0000,0.0000,0.0000,0.0000,0.0000,0.0000,0.0000,0.0000,0.0000,0.0000,0.0000,0.0000,NULL,'null',NULL,0.0000,0.0000,0.0000,NULL,0.0000,0.0000,0.0000,NULL,0.0000,0.0000,NULL,NULL,NULL,NULL,NULL,NULL,NULL,NULL,0),(55,32,'2022-01-08 04:45:46','2022-01-08 04:45:46',NULL,0,NULL,'shipping',NULL,NULL,NULL,NULL,NULL,NULL,NULL,NULL,NULL,NULL,NULL,NULL,NULL,NULL,NULL,1,0,NULL,NULL,0.0000,0.0000,0.0000,0.0000,0.0000,0.0000,0.0000,0.0000,0.0000,NULL,NULL,0.0000,0.0000,0.0000,0.0000,NULL,NULL,NULL,NULL,NULL,NULL,NULL,NULL,NULL,NULL,NULL,NULL,NULL,NULL,NULL,NULL,NULL,NULL,NULL,NULL,NULL,0),(56,33,'2022-01-08 04:45:47','2022-01-08 04:45:47',NULL,0,NULL,'shipping',NULL,NULL,NULL,NULL,NULL,NULL,NULL,NULL,NULL,NULL,NULL,NULL,NULL,NULL,NULL,1,0,NULL,NULL,0.0000,0.0000,0.0000,0.0000,0.0000,0.0000,0.0000,0.0000,0.0000,NULL,NULL,0.0000,0.0000,0.0000,0.0000,NULL,NULL,NULL,NULL,NULL,NULL,NULL,NULL,NULL,NULL,NULL,NULL,NULL,NULL,NULL,NULL,NULL,NULL,NULL,NULL,NULL,0),(57,34,'2022-01-08 04:52:26','2022-01-08 04:52:26',NULL,0,NULL,'billing',NULL,NULL,NULL,NULL,NULL,NULL,NULL,NULL,NULL,NULL,NULL,NULL,NULL,NULL,NULL,0,0,NULL,NULL,0.0000,90.0000,90.0000,90.0000,90.0000,0.0000,0.0000,0.0000,0.0000,0.0000,0.0000,0.0000,0.0000,90.0000,90.0000,NULL,'[]',NULL,0.0000,0.0000,90.0000,90.0000,0.0000,0.0000,0.0000,NULL,0.0000,0.0000,NULL,NULL,NULL,NULL,NULL,NULL,NULL,NULL,0),(58,34,'2022-01-08 04:52:26','2022-01-08 04:52:26',NULL,0,NULL,'shipping',NULL,NULL,NULL,NULL,NULL,NULL,NULL,NULL,NULL,NULL,NULL,NULL,NULL,NULL,NULL,1,1,NULL,NULL,0.0000,0.0000,0.0000,0.0000,0.0000,0.0000,0.0000,0.0000,0.0000,0.0000,0.0000,0.0000,0.0000,0.0000,0.0000,NULL,'null',NULL,0.0000,0.0000,0.0000,NULL,0.0000,0.0000,0.0000,NULL,0.0000,0.0000,NULL,NULL,NULL,NULL,NULL,NULL,NULL,NULL,0),(59,35,'2022-01-08 04:52:27','2022-01-08 04:52:27',NULL,0,NULL,'shipping',NULL,NULL,NULL,NULL,NULL,NULL,NULL,NULL,NULL,NULL,NULL,NULL,NULL,NULL,NULL,1,0,NULL,NULL,0.0000,0.0000,0.0000,0.0000,0.0000,0.0000,0.0000,0.0000,0.0000,NULL,NULL,0.0000,0.0000,0.0000,0.0000,NULL,NULL,NULL,NULL,NULL,NULL,NULL,NULL,NULL,NULL,NULL,NULL,NULL,NULL,NULL,NULL,NULL,NULL,NULL,NULL,NULL,0),(60,36,'2022-01-08 04:52:28','2022-01-08 04:52:28',NULL,0,NULL,'shipping',NULL,NULL,NULL,NULL,NULL,NULL,NULL,NULL,NULL,NULL,NULL,NULL,NULL,NULL,NULL,1,0,NULL,NULL,0.0000,0.0000,0.0000,0.0000,0.0000,0.0000,0.0000,0.0000,0.0000,NULL,NULL,0.0000,0.0000,0.0000,0.0000,NULL,NULL,NULL,NULL,NULL,NULL,NULL,NULL,NULL,NULL,NULL,NULL,NULL,NULL,NULL,NULL,NULL,NULL,NULL,NULL,NULL,0),(61,37,'2022-01-08 04:52:50','2022-01-08 04:52:50',NULL,0,NULL,'billing',NULL,NULL,NULL,NULL,NULL,NULL,NULL,NULL,NULL,NULL,NULL,NULL,NULL,NULL,NULL,0,0,NULL,NULL,0.0000,43.5000,58.0000,43.5000,58.0000,0.0000,0.0000,0.0000,0.0000,0.0000,0.0000,0.0000,0.0000,43.5000,58.0000,NULL,'[]',NULL,0.0000,0.0000,43.5000,58.0000,0.0000,0.0000,0.0000,NULL,0.0000,0.0000,NULL,NULL,NULL,NULL,NULL,NULL,NULL,NULL,0),(62,37,'2022-01-08 04:52:50','2022-01-08 04:52:50',NULL,0,NULL,'shipping',NULL,NULL,NULL,NULL,NULL,NULL,NULL,NULL,NULL,NULL,NULL,NULL,NULL,NULL,NULL,1,1,NULL,NULL,0.0000,0.0000,0.0000,0.0000,0.0000,0.0000,0.0000,0.0000,0.0000,0.0000,0.0000,0.0000,0.0000,0.0000,0.0000,NULL,'null',NULL,0.0000,0.0000,0.0000,NULL,0.0000,0.0000,0.0000,NULL,0.0000,0.0000,NULL,NULL,NULL,NULL,NULL,NULL,NULL,NULL,0),(63,38,'2022-01-08 05:04:09','2022-01-08 05:04:09',NULL,0,NULL,'billing',NULL,NULL,NULL,NULL,NULL,NULL,NULL,NULL,NULL,NULL,NULL,NULL,NULL,NULL,NULL,0,0,NULL,NULL,0.0000,90.0000,90.0000,90.0000,90.0000,0.0000,0.0000,0.0000,0.0000,0.0000,0.0000,0.0000,0.0000,90.0000,90.0000,NULL,'[]',NULL,0.0000,0.0000,90.0000,90.0000,0.0000,0.0000,0.0000,NULL,0.0000,0.0000,NULL,NULL,NULL,NULL,NULL,NULL,NULL,NULL,0),(64,38,'2022-01-08 05:04:09','2022-01-08 05:04:09',NULL,0,NULL,'shipping',NULL,NULL,NULL,NULL,NULL,NULL,NULL,NULL,NULL,NULL,NULL,NULL,NULL,NULL,NULL,1,1,NULL,NULL,0.0000,0.0000,0.0000,0.0000,0.0000,0.0000,0.0000,0.0000,0.0000,0.0000,0.0000,0.0000,0.0000,0.0000,0.0000,NULL,'null',NULL,0.0000,0.0000,0.0000,NULL,0.0000,0.0000,0.0000,NULL,0.0000,0.0000,NULL,NULL,NULL,NULL,NULL,NULL,NULL,NULL,0),(65,39,'2022-01-08 05:05:04','2022-01-08 05:05:04',NULL,0,NULL,'billing',NULL,NULL,NULL,NULL,NULL,NULL,NULL,NULL,NULL,NULL,NULL,NULL,NULL,NULL,NULL,0,0,NULL,NULL,0.0000,90.0000,90.0000,90.0000,90.0000,0.0000,0.0000,0.0000,0.0000,0.0000,0.0000,0.0000,0.0000,90.0000,90.0000,NULL,'[]',NULL,0.0000,0.0000,90.0000,90.0000,0.0000,0.0000,0.0000,NULL,0.0000,0.0000,NULL,NULL,NULL,NULL,NULL,NULL,NULL,NULL,0),(66,39,'2022-01-08 05:05:04','2022-01-08 05:05:04',NULL,0,NULL,'shipping',NULL,NULL,NULL,NULL,NULL,NULL,NULL,NULL,NULL,NULL,NULL,NULL,NULL,NULL,NULL,1,1,NULL,NULL,0.0000,0.0000,0.0000,0.0000,0.0000,0.0000,0.0000,0.0000,0.0000,0.0000,0.0000,0.0000,0.0000,0.0000,0.0000,NULL,'null',NULL,0.0000,0.0000,0.0000,NULL,0.0000,0.0000,0.0000,NULL,0.0000,0.0000,NULL,NULL,NULL,NULL,NULL,NULL,NULL,NULL,0),(67,40,'2022-01-08 05:05:05','2022-01-08 05:05:05',NULL,0,NULL,'shipping',NULL,NULL,NULL,NULL,NULL,NULL,NULL,NULL,NULL,NULL,NULL,NULL,NULL,NULL,NULL,1,0,NULL,NULL,0.0000,0.0000,0.0000,0.0000,0.0000,0.0000,0.0000,0.0000,0.0000,NULL,NULL,0.0000,0.0000,0.0000,0.0000,NULL,NULL,NULL,NULL,NULL,NULL,NULL,NULL,NULL,NULL,NULL,NULL,NULL,NULL,NULL,NULL,NULL,NULL,NULL,NULL,NULL,0),(68,41,'2022-01-08 05:05:06','2022-01-08 05:05:06',NULL,0,NULL,'shipping',NULL,NULL,NULL,NULL,NULL,NULL,NULL,NULL,NULL,NULL,NULL,NULL,NULL,NULL,NULL,1,0,NULL,NULL,0.0000,0.0000,0.0000,0.0000,0.0000,0.0000,0.0000,0.0000,0.0000,NULL,NULL,0.0000,0.0000,0.0000,0.0000,NULL,NULL,NULL,NULL,NULL,NULL,NULL,NULL,NULL,NULL,NULL,NULL,NULL,NULL,NULL,NULL,NULL,NULL,NULL,NULL,NULL,0),(69,42,'2022-01-08 05:05:41','2022-01-08 05:05:41',NULL,0,NULL,'billing',NULL,NULL,NULL,NULL,NULL,NULL,NULL,NULL,NULL,NULL,NULL,NULL,NULL,NULL,NULL,0,0,NULL,NULL,0.0000,90.0000,90.0000,90.0000,90.0000,0.0000,0.0000,0.0000,0.0000,0.0000,0.0000,0.0000,0.0000,90.0000,90.0000,NULL,'[]',NULL,0.0000,0.0000,90.0000,90.0000,0.0000,0.0000,0.0000,NULL,0.0000,0.0000,NULL,NULL,NULL,NULL,NULL,NULL,NULL,NULL,0),(70,42,'2022-01-08 05:05:41','2022-01-08 05:05:41',NULL,0,NULL,'shipping',NULL,NULL,NULL,NULL,NULL,NULL,NULL,NULL,NULL,NULL,NULL,NULL,NULL,NULL,NULL,1,1,NULL,NULL,0.0000,0.0000,0.0000,0.0000,0.0000,0.0000,0.0000,0.0000,0.0000,0.0000,0.0000,0.0000,0.0000,0.0000,0.0000,NULL,'null',NULL,0.0000,0.0000,0.0000,NULL,0.0000,0.0000,0.0000,NULL,0.0000,0.0000,NULL,NULL,NULL,NULL,NULL,NULL,NULL,NULL,0),(71,43,'2022-01-08 05:05:44','2022-01-08 05:05:44',NULL,0,NULL,'shipping',NULL,NULL,NULL,NULL,NULL,NULL,NULL,NULL,NULL,NULL,NULL,NULL,NULL,NULL,NULL,1,0,NULL,NULL,0.0000,0.0000,0.0000,0.0000,0.0000,0.0000,0.0000,0.0000,0.0000,NULL,NULL,0.0000,0.0000,0.0000,0.0000,NULL,NULL,NULL,NULL,NULL,NULL,NULL,NULL,NULL,NULL,NULL,NULL,NULL,NULL,NULL,NULL,NULL,NULL,NULL,NULL,NULL,0),(72,44,'2022-01-08 05:05:45','2022-01-08 05:05:45',NULL,0,NULL,'shipping',NULL,NULL,NULL,NULL,NULL,NULL,NULL,NULL,NULL,NULL,NULL,NULL,NULL,NULL,NULL,1,0,NULL,NULL,0.0000,0.0000,0.0000,0.0000,0.0000,0.0000,0.0000,0.0000,0.0000,NULL,NULL,0.0000,0.0000,0.0000,0.0000,NULL,NULL,NULL,NULL,NULL,NULL,NULL,NULL,NULL,NULL,NULL,NULL,NULL,NULL,NULL,NULL,NULL,NULL,NULL,NULL,NULL,0),(74,45,'2022-01-08 05:06:01','2022-01-08 05:06:01',NULL,0,NULL,'shipping',NULL,NULL,NULL,NULL,NULL,NULL,NULL,NULL,NULL,NULL,NULL,NULL,NULL,NULL,NULL,0,1,NULL,NULL,0.0000,0.0000,0.0000,0.0000,0.0000,0.0000,0.0000,0.0000,0.0000,0.0000,0.0000,0.0000,0.0000,0.0000,0.0000,NULL,'null',NULL,0.0000,0.0000,0.0000,NULL,0.0000,0.0000,0.0000,NULL,0.0000,0.0000,NULL,NULL,NULL,NULL,NULL,NULL,NULL,NULL,0),(75,46,'2022-01-08 05:06:31','2022-01-08 05:06:31',NULL,0,NULL,'billing',NULL,NULL,NULL,NULL,NULL,NULL,NULL,NULL,NULL,NULL,NULL,NULL,NULL,NULL,NULL,0,0,NULL,NULL,0.0000,60.0000,60.0000,60.0000,60.0000,0.0000,0.0000,0.0000,0.0000,0.0000,0.0000,0.0000,0.0000,60.0000,60.0000,NULL,'[]',NULL,0.0000,0.0000,60.0000,60.0000,0.0000,0.0000,0.0000,NULL,0.0000,0.0000,NULL,NULL,NULL,NULL,NULL,NULL,NULL,NULL,0),(76,46,'2022-01-08 05:06:31','2022-01-08 05:06:31',NULL,0,NULL,'shipping',NULL,NULL,NULL,NULL,NULL,NULL,NULL,NULL,NULL,NULL,NULL,NULL,NULL,NULL,NULL,1,1,NULL,NULL,0.0000,0.0000,0.0000,0.0000,0.0000,0.0000,0.0000,0.0000,0.0000,0.0000,0.0000,0.0000,0.0000,0.0000,0.0000,NULL,'null',NULL,0.0000,0.0000,0.0000,NULL,0.0000,0.0000,0.0000,NULL,0.0000,0.0000,NULL,NULL,NULL,NULL,NULL,NULL,NULL,NULL,0),(78,45,'2022-01-08 05:08:01','2022-01-08 05:08:01',NULL,1,NULL,'billing','pandees@gmail.com',NULL,'Pandeeswaran',NULL,'Natarajan',NULL,NULL,'260C,#14-460\nSengkang East way','Singapore',NULL,NULL,'5436260','SG','9100 7415',NULL,0,0,NULL,NULL,0.0000,90.0000,90.0000,90.0000,90.0000,0.0000,0.0000,0.0000,0.0000,0.0000,0.0000,0.0000,0.0000,90.0000,90.0000,NULL,'[]',NULL,0.0000,0.0000,90.0000,90.0000,0.0000,0.0000,0.0000,NULL,0.0000,0.0000,NULL,NULL,NULL,NULL,NULL,NULL,NULL,NULL,0),(79,47,'2022-01-08 05:08:07','2022-01-08 05:08:07',4,0,NULL,'shipping','pandees@gmail.com',NULL,NULL,NULL,NULL,NULL,NULL,NULL,NULL,NULL,NULL,NULL,NULL,NULL,NULL,1,0,NULL,NULL,0.0000,0.0000,0.0000,0.0000,0.0000,0.0000,0.0000,0.0000,0.0000,NULL,NULL,0.0000,0.0000,0.0000,0.0000,NULL,NULL,NULL,NULL,NULL,NULL,NULL,NULL,NULL,NULL,NULL,NULL,NULL,NULL,NULL,NULL,NULL,NULL,NULL,NULL,NULL,0),(80,48,'2022-01-08 05:08:26','2022-01-08 05:08:26',NULL,0,NULL,'shipping',NULL,NULL,NULL,NULL,NULL,NULL,NULL,NULL,NULL,NULL,NULL,NULL,NULL,NULL,NULL,1,0,NULL,NULL,0.0000,0.0000,0.0000,0.0000,0.0000,0.0000,0.0000,0.0000,0.0000,NULL,NULL,0.0000,0.0000,0.0000,0.0000,NULL,NULL,NULL,NULL,NULL,NULL,NULL,NULL,NULL,NULL,NULL,NULL,NULL,NULL,NULL,NULL,NULL,NULL,NULL,NULL,NULL,0),(81,49,'2022-01-08 05:10:21','2022-01-08 05:10:21',NULL,0,NULL,'billing',NULL,NULL,NULL,NULL,NULL,NULL,NULL,NULL,NULL,NULL,NULL,NULL,NULL,NULL,NULL,0,0,NULL,NULL,0.0000,58.0000,58.0000,58.0000,58.0000,0.0000,0.0000,0.0000,0.0000,0.0000,0.0000,0.0000,0.0000,58.0000,58.0000,NULL,'[]',NULL,0.0000,0.0000,58.0000,58.0000,0.0000,0.0000,0.0000,NULL,0.0000,0.0000,NULL,NULL,NULL,NULL,NULL,NULL,NULL,NULL,0),(82,49,'2022-01-08 05:10:21','2022-01-08 05:10:21',NULL,0,NULL,'shipping',NULL,NULL,NULL,NULL,NULL,NULL,NULL,NULL,NULL,NULL,NULL,NULL,NULL,NULL,NULL,1,1,NULL,NULL,0.0000,0.0000,0.0000,0.0000,0.0000,0.0000,0.0000,0.0000,0.0000,0.0000,0.0000,0.0000,0.0000,0.0000,0.0000,NULL,'null',NULL,0.0000,0.0000,0.0000,NULL,0.0000,0.0000,0.0000,NULL,0.0000,0.0000,NULL,NULL,NULL,NULL,NULL,NULL,NULL,NULL,0),(83,50,'2022-01-08 10:09:12','2022-01-08 10:09:12',NULL,0,NULL,'shipping',NULL,NULL,NULL,NULL,NULL,NULL,NULL,NULL,NULL,NULL,NULL,NULL,NULL,NULL,NULL,1,0,NULL,NULL,0.0000,0.0000,0.0000,0.0000,0.0000,0.0000,0.0000,0.0000,0.0000,NULL,NULL,0.0000,0.0000,0.0000,0.0000,NULL,NULL,NULL,NULL,NULL,NULL,NULL,NULL,NULL,NULL,NULL,NULL,NULL,NULL,NULL,NULL,NULL,NULL,NULL,NULL,NULL,0),(84,51,'2022-01-08 10:21:32','2022-01-08 10:21:32',NULL,0,NULL,'shipping',NULL,NULL,NULL,NULL,NULL,NULL,NULL,NULL,NULL,NULL,NULL,NULL,NULL,NULL,NULL,1,0,NULL,NULL,0.0000,0.0000,0.0000,0.0000,0.0000,0.0000,0.0000,0.0000,0.0000,NULL,NULL,0.0000,0.0000,0.0000,0.0000,NULL,NULL,NULL,NULL,NULL,NULL,NULL,NULL,NULL,NULL,NULL,NULL,NULL,NULL,NULL,NULL,NULL,NULL,NULL,NULL,NULL,0),(85,52,'2022-01-09 04:45:44','2022-01-09 04:45:44',NULL,0,NULL,'shipping',NULL,NULL,NULL,NULL,NULL,NULL,NULL,NULL,NULL,NULL,NULL,NULL,NULL,NULL,NULL,1,0,NULL,NULL,0.0000,0.0000,0.0000,0.0000,0.0000,0.0000,0.0000,0.0000,0.0000,NULL,NULL,0.0000,0.0000,0.0000,0.0000,NULL,NULL,NULL,NULL,NULL,NULL,NULL,NULL,NULL,NULL,NULL,NULL,NULL,NULL,NULL,NULL,NULL,NULL,NULL,NULL,NULL,0),(86,53,'2022-01-10 02:51:17','2022-01-10 02:51:17',NULL,0,NULL,'shipping',NULL,NULL,NULL,NULL,NULL,NULL,NULL,NULL,NULL,NULL,NULL,NULL,NULL,NULL,NULL,1,0,NULL,NULL,0.0000,0.0000,0.0000,0.0000,0.0000,0.0000,0.0000,0.0000,0.0000,NULL,NULL,0.0000,0.0000,0.0000,0.0000,NULL,NULL,NULL,NULL,NULL,NULL,NULL,NULL,NULL,NULL,NULL,NULL,NULL,NULL,NULL,NULL,NULL,NULL,NULL,NULL,NULL,0);

--
